-- phpMyAdmin SQL Dump
-- version 4.6.6
-- https://www.phpmyadmin.net/
--
-- Host: 127.0.0.1:57102
-- Generation Time: Dec 20, 2018 at 08:49 AM
-- Server version: 5.7.9
-- PHP Version: 5.6.38

SET SQL_MODE = "NO_AUTO_VALUE_ON_ZERO";
SET time_zone = "+00:00";


/*!40101 SET @OLD_CHARACTER_SET_CLIENT=@@CHARACTER_SET_CLIENT */;
/*!40101 SET @OLD_CHARACTER_SET_RESULTS=@@CHARACTER_SET_RESULTS */;
/*!40101 SET @OLD_COLLATION_CONNECTION=@@COLLATION_CONNECTION */;
/*!40101 SET NAMES utf8mb4 */;

--
-- Database: `localdb`
--

-- --------------------------------------------------------

--
-- Table structure for table `feed`
--

CREATE TABLE `feed` (
  `id` bigint(20) NOT NULL COMMENT 'ID de noticia',
  `title` text CHARACTER SET utf8 COLLATE utf8_spanish_ci NOT NULL,
  `body` text CHARACTER SET utf8 COLLATE utf8_spanish_ci NOT NULL
) ENGINE=MyISAM DEFAULT CHARSET=utf8 COLLATE=utf8_unicode_ci COMMENT='Tabla del feed de noticias';

--
-- Dumping data for table `feed`
--

INSERT INTO `feed` (`id`, `title`, `body`) VALUES
(29, 'Lea poemas...', 'Lea poemas,\r<br/>mas sean poemas buenos,\r<br/>no bonitos ni cantados;\r<br/>sean cortos de oro,\r<br/>no alargados plateados.\r<br/>Léanse en voz baja, íntima,\r<br/>para que sean disfrutados,\r<br/>no por un gran público vacío,\r<br/>sino por un corazón bien cultivado.'),
(28, 'Rezo', 'Dios, hoy yo a ti te pido,\r<br/>tú, que de corazón estás henchido,\r<br/>hazme ser lo que un día he sido,\r<br/>pues yo ya lo he dado por perdido...'),
(27, 'Desesperación', 'Lágrimas de cordura\r<br/>resbalan por mi cabeza.\r<br/>A Cronos le pido: \"¡Retrocede!\",\r<br/>Mas él por mi ya no reza,\r<br/>han sido ya muchas veces,\r<br/>a él ya le da pereza...\r<br/>Sólo veo dos salidas:\r<br/>espada y puñal sobre la mesa...'),
(24, 'Recuerdo parásito', 'Retorna a mi oh,\r<br/>horrible ente desdichada.\r<br/>Qué eres sinó,\r<br/>una terrible maraña,\r<br/>que se engendró,\r<br/>de recuerdos de mi amada...'),
(25, 'Auroras', 'Dulces auroras de invierno,\r<br/>recuerdos de gran durar...\r<br/>Ya todo lo he olvidado,\r<br/>al igual que aquel mirar,\r<br/>que esa, mi amada perdida,\r<br/>un día me pudo dar.'),
(15, 'Principio de sustitución de Liskov', 'En programación orientada a objetos:\r<br/>\r<br/><i>Si una clase T deriva de una clase padre K, entonces los objetos K pueden ser sustituidos por T, sin alterar las propiedades del programa.</i>\r<br/>\r<br/><a href=\"http://es.wikipedia.org/wiki/Principio_de_sustitución_de_Liskov\">#Concepto</a>'),
(30, 'Soledad', 'Soledad, un vacío de incertidumbre,\r<br/>hogar del regocijo interno del hombre,\r<br/>alegando pensamiento y bien interno,\r<br/>mas deseando que no sea algo eterno.'),
(31, '#Regla filosófica#', '<i>No veles por el bien del mundo, sino por el bien de la humanidad.</i>'),
(23, 'El cuervo (Edgar Allan Poe)', '<b>\"¡Profeta! -grité-, ser malvado, profeta eres, diablo alado!\r<br/>¿Del Tentador enviado o acaso una tempestad\r<br/>trajo tu torvo plumaje hasta este yermo paraje,\r<br/>a esta morada espectral? ¡Mas te imploro, dime ya,\r<br/>dime, te imploro, si existe algún bálsamo en Galaad!\"\r<br/>Dijo el cuervo: \"Nunca más\".</b>'),
(33, '#Regla filosófica# (Máxima prioridad)', '<i>No veles por el bien de la humanidad, sino por el tuyo propio.</i>'),
(34, 'Variedades #1', 'Viajan las llamas del sol,\r\n<br/>siempre están ojo avizor,\r\n<br/>para mostrarnos su ardor,\r\n<br/>acabando así su rol.'),
(35, 'Variedades #2', 'Brota sangre de su herida,\r<br/>brota sangre cual manguera,\r<br/>dando paso a nueva era,\r<br/>nueva era sin su vida.'),
(36, 'Variedades #3', 'Vienes tras mi con arrojo,\r\n<br/>buscas vertir algo rojo,\r\n<br/>para saciar al fin tu enojo;\r\n<br/>mas yo sé tus intenciones,\r\n<br/>las detienen mis acciones,\r\n<br/>y te despojo de tus pocos dones.'),
(37, 'Variedades #4', 'Verdes árboles, de robusta madera;\r<br/>madera que ha dado paso ya\r<br/>a muchas de innumerables eras.'),
(38, 'Variedades #5', 'Deuda eterna sin pagar,\r<br/>día del juicio del ser;\r<br/>pues siempre debe haber\r<br/>muerte, para terminar.'),
(39, 'Variedades #6', 'Adoro el oro como tesoro,\r<br/>soy como un pirata y lo devoro,\r<br/>mas si lo pierdo no dudo ni lloro,\r<br/>busco, y arrollo como un toro.'),
(40, 'Variedades #7', 'En el mundo debes ser valiente,\r<br/>lo digo sinceramente,\r<br/>nunca hagas lo que te diga la gente,\r<br/>solo asiente,\r<br/>porque la gente miente.\r<br/>Haz siempre lo que tengas en mente.'),
(41, 'Variedades #8', 'Si alguien te roba la patente,\r<br/>se paciente,\r<br/>no será condenado a muerte,\r<br/>pero sus deudas pendientes,\r<br/>las pagará con sus dientes.'),
(42, 'Variedades #9', 'Coge la lanza,\r\n<br/>yo pongo el filo\r\n<br/>de la espada\r\n<br/>que te alza\r\n<br/>\r\n<br/>en la victoria\r\n<br/>mas si perdemos...\r\n<br/>¡Eso da igual,\r\n<br/>esto es una noria!\r\n<br/>\r\n<br/>Aquí nadie gana\r\n<br/>y quien lo hace se queda\r\n<br/>con la mente insana.\r\n<br/>\r\n<br/>Pero si no estás en la cima\r\n<br/>créeme, quedarás peor,\r\n<br/>carente de autoestima.'),
(43, 'Variedades #10', '¡Yo soy un pirata!\r<br/>¡El que te coge, te droga y te mata,\r<br/>el que a tu hermana la maltrata!\r<br/>\r<br/>¡Yo soy un pirata!\r<br/>¡El que de tu sangre saca plata,\r<br/>quien al robar oro no comete ninguna errata!\r<br/>\r<br/>¡Yo soy un pirata!\r<br/>¡El que al retenerte no te ata!\r<br/>Quien tiene la profesión más insensata...\r<br/>\r<br/>¡Yo soy un pirata!'),
(44, 'Rescates #1', 'Corre, escapa, y tira la toalla,\r<br/>rimo más rápido que los vuelos de la abeja Maya.\r<br/>Ten algo presente:\r<br/>-Aquí soy yo el único que da la talla.-'),
(45, 'Rescates #2', 'Entre diente y diente,\r<br/>yo no quería poder verte.\r<br/>Ahora no te vas de mi mente...\r<br/>Ahora solo deseo tenerte...\r<br/>\r<br/>----\r<br/>En recuerdo a la fugacidad de la vida,\r<br/>pues apenas una vida basta\r<br/>para alimentar el día\r<br/>de los depredadores que de ella pastan.'),
(46, 'Rescates #3', 'Tu método falla,\r<br/>no funciona, tiene fallas\r<br/>que ni tú mismo hallas,\r<br/>y que predijeron hasta los mayas.'),
(47, 'Rescates #4', 'I like the broken dreams\r<br/>because what they do\r<br/>is make you look for your thoughts\r<br/>and do your might greats.\r<br/>\r<br/>- Desconozco su validez en inglés.'),
(48, 'Rescates #5', 'Te hago correr,<br>me río cuando te veo caer,<br>mas soy yo quien acaba de perder,<br>al olvidar quién solía ser...\r\n<br>Ahora solo deseo perecer...'),
(49, 'Romance de la jura de Santa Gadea (Fragmento)', '... nunca hubo rey traidor ni un papa excomulgado.'),
(50, 'Trastornos #1', 'No hay cosa más hermosa, que la poesía en prosa.'),
(51, 'Trastornos #2', 'Qué río pedregoso,<br/>\r\ncuán ardua es esta vida...<br/>\r\nQué futuro dudoso,<br/>\r\ny que poco este me anima...'),
(52, 'De mi estancia en Polonia', 'Ya por tonto o por bellaco,\r<br/>fui a decirle al CEO,\r<br/>que por este con el que meo,\r<br/>aquí no se habla más Polaco.\r<br/>\r<br/>Y el CEO me contestó,\r<br/>que, hablando de ese tema,\r<br/>de idioma no tendrán problema\r<br/>cuando no estuviera yo.');

-- --------------------------------------------------------

--
-- Table structure for table `imasi_payments`
--

CREATE TABLE `imasi_payments` (
  `id` bigint(20) NOT NULL,
  `projectid` bigint(20) NOT NULL,
  `amount` double NOT NULL,
  `info` text COLLATE utf8_unicode_ci NOT NULL,
  `time` bigint(20) NOT NULL
) ENGINE=MyISAM DEFAULT CHARSET=utf8 COLLATE=utf8_unicode_ci;

--
-- Dumping data for table `imasi_payments`
--

INSERT INTO `imasi_payments` (`id`, `projectid`, `amount`, `info`, `time`) VALUES
(2, 2, 80, 'Pago completo', 1414713000),
(1, 1, 29.7, 'Total hasta el momento', 1414712913),
(8, 1, -10, '# Mensualidad #', 1414792035),
(9, 1, 10, '# Pago de mensualidad #', 1414792036),
(10, 1, 2, 'Sergio Gimeno (Paypal)', 1414878225),
(11, 1, 2, 'Sergio Gimeno (Paypal)', 1415038550),
(12, 1, 20, 'Jose Cruz Pacheco (Paypal)', 1415553572),
(14, 1, 20, '	 Inmaculada Rodriguez Calle (Paypal)', 1415557020),
(17, 1, -13.7, 'Reembolsado', 1421230767),
(18, 2, -50, 'Deuda', 1485948441);

-- --------------------------------------------------------

--
-- Table structure for table `imasi_projects`
--

CREATE TABLE `imasi_projects` (
  `id` bigint(20) NOT NULL,
  `name` text COLLATE utf8_unicode_ci NOT NULL,
  `price` double NOT NULL,
  `month` double NOT NULL
) ENGINE=MyISAM DEFAULT CHARSET=utf8 COLLATE=utf8_unicode_ci COMMENT='Tabla para proyectos de Imasi';

--
-- Dumping data for table `imasi_projects`
--

INSERT INTO `imasi_projects` (`id`, `name`, `price`, `month`) VALUES
(1, 'TwitterDecks', 60, 0),
(2, 'ElReyDeInternet', 80, 0);

-- --------------------------------------------------------

--
-- Table structure for table `tasks`
--

CREATE TABLE `tasks` (
  `id` int(11) NOT NULL,
  `name` varchar(50) COLLATE utf8mb4_unicode_ci NOT NULL,
  `last_time_done` date DEFAULT NULL,
  `reactivate_days` int(11) DEFAULT NULL
) ENGINE=MyISAM DEFAULT CHARSET=utf8mb4 COLLATE=utf8mb4_unicode_ci;

--
-- Dumping data for table `tasks`
--

INSERT INTO `tasks` (`id`, `name`, `last_time_done`, `reactivate_days`) VALUES
(1, 'Lavar toallas y alfombra del baño', '2018-09-08', 14),
(2, 'Mudar cama', '2018-09-09', 60),
(3, 'Limpieza polvo general', NULL, 30),
(4, 'Limpieza baño', '2018-09-11', 30),
(5, 'Lavar almohadas', NULL, 90),
(6, 'Lavar robot aspirador', NULL, 60);

-- --------------------------------------------------------

--
-- Table structure for table `tbanswers`
--

CREATE TABLE `tbanswers` (
  `id` int(11) NOT NULL,
  `questionId` int(11) NOT NULL,
  `answer` text COLLATE utf8_unicode_ci NOT NULL,
  `isCorrect` tinyint(1) NOT NULL
) ENGINE=MyISAM DEFAULT CHARSET=utf8 COLLATE=utf8_unicode_ci;

--
-- Dumping data for table `tbanswers`
--

INSERT INTO `tbanswers` (`id`, `questionId`, `answer`, `isCorrect`) VALUES
(1, 1, 'QXJtYSBkZSBmdWVnbyBzZW1pYXV0b23hdGljYQ==', 0),
(2, 1, 'QXJtYSBkZSBmdWVnbyBkZSByZXBldGljafNu', 0),
(3, 1, 'QXJtYSBkZSBmdWVnbyBhdXRvbeF0aWNh', 1),
(4, 2, 'QXJtYSBkZSBmdWVnbyBzZW1pYXV0b23hdGljYQ==', 1),
(5, 2, 'QXJtYSBkZSBmdWVnbyBkZSByZXBldGljafNu', 0),
(6, 2, 'QXJtYSBkZSBmdWVnbyBhdXRvbeF0aWNh', 0),
(7, 3, 'QXJtYSBkZSBmdWVnbyBzZW1pYXV0b23hdGljYQ==', 0),
(8, 3, 'QXJtYSBkZSBmdWVnbyBkZSByZXBldGljafNu', 1),
(9, 3, 'QXJtYSBkZSBmdWVnbyBhdXRvbeF0aWNh', 0),
(10, 4, 'QXJtYSBkZSB1biBzb2xvIHRpcm8=', 1),
(11, 4, 'QXJtYSBkZSBmdWVnbyBhdXRvbeF0aWNh', 0),
(12, 4, 'QXJtYSBkZSBmdWVnbyBzZW1pYXV0b23hdGljYQ==', 0),
(13, 5, 'RWwgZGlzcGFyYWRvcg==', 0),
(14, 5, 'RWwgY2Hx824=', 1),
(15, 5, 'RWwgZXN0YWJpbGl6YWRvcg==', 0),
(16, 6, 'SW5zdGFsYXIgZW4gZWxsYSBlbCBwdW50byBkZSBtaXJh', 0),
(17, 6, 'QXBveWFyIGVsIGFybWEgc29icmUgZWwgaG9tYnJvIHBhcmEgZWZlY3R1YXIgZWwgZGlzcGFybw==', 1),
(18, 6, 'TGFzIGFybWFzIG5vIHRpZW5lbiBjdWxhdGE=', 0),
(19, 7, 'RXN0cmlhZGFz', 0),
(20, 7, 'TGlzYXMgbyBlc3RyaWFkYXM=', 1),
(21, 7, 'Q29uIHJheWFzIHBhcmFsZWxhcw==', 0),
(22, 8, 'TGlzYXM=', 0),
(23, 8, 'RXN0cmlhZGFz', 1),
(24, 8, 'RXN0cmlhZGFzIG8gbGlzYXMsIGRlcGVuZGllbmRvIGRlbCBmYWJyaWNhbnRl', 0),
(25, 9, 'Q2Vycm9qbw==', 1),
(26, 9, 'Q3VsYXRh', 0),
(27, 9, 'Q2Fq824gZGUgbG9zIG1lY2FuaXNtb3M=', 0),
(28, 10, 'TGEgYmllbGEgeSBlbCBmaWFkb3I=', 0),
(29, 10, 'RWwgZGlzcGFyYWRvcg==', 1),
(30, 10, 'RXMgbWFjaXpv', 0),
(31, 11, 'TWFudGVuZXIgcHJlc2nzbiBlbiBsb3MgY2FydHVjaG9z', 0),
(32, 11, 'RXhwdWxzYXIgbGEgdmFpbmEgY3VhbmRvIHNlIHByb2R1Y2UgZWwgZGlzcGFybw==', 0),
(33, 11, 'RWxldmFyIGVsIGNhcnR1Y2hvIHkgY29sb2NhcmxvIGZyZW50ZSBhIGxhIHJlY+FtYXJh', 1),
(34, 12, 'RWwgY2llcnJl', 1),
(35, 12, 'RWwgbXVlbGxlIGVsZXZhZG9y', 0),
(36, 12, 'TGEgYmllbGE=', 0),
(37, 13, 'UmVmcmlnZXJhciBsb3MgY2Hxb25lcw==', 0),
(38, 13, 'QW1vcnRpZ3VhciBlbCBlZmVjdG8gZGUgbG9zIHZpZW50b3MgbGF0ZXJhbGVz', 0),
(39, 13, 'TGFzIGRvcyBhbnRlcmlvcmVz', 1),
(40, 14, 'TWVjYW5pc21vIGRlIHBlcmN1c2nzbg==', 1),
(41, 14, 'TWVjYW5pc21vIGRlIGRpc3Bhcm8=', 0),
(42, 14, 'TWVjYW5pc21vIGRlIGV4cHVsc2nzbg==', 0),
(43, 15, 'UGVyY3V0b3IgeSBtdWVsbGUgZGVsIHBlcmN1dG9y', 1),
(44, 15, 'UGVyY3V0b3IgeSBjYWJlemEgZGVsIGNpZXJyZQ==', 0),
(45, 15, 'Q2FiZXphIHkgcHVudGEgZGVsIHBlcmN1dG9y', 0),
(46, 16, 'RWwgY2Vycm9qbw==', 1),
(47, 16, 'RWwgZWxldmFkb3I=', 0),
(48, 16, 'RWwgcGVyY3V0b3I=', 0),
(49, 17, 'Q2Vycm9qbw==', 0),
(50, 17, 'VG9wZSBkZSBjZXJyb2pv', 0),
(51, 17, 'VfFhIGV4dHJhY3RvcmE=', 1),
(52, 18, 'Tm8gaGF5IHBpZXphLCBlcyBsYSBwcm9waWEgbWFubyBkZWwgdGlyYWRvcg==', 0),
(53, 18, 'RWwgbXVlbGxlIGRlIHJlY3VwZXJhY2nzbg==', 0),
(54, 18, 'RWwgZXh0cmFjdG9y', 1),
(55, 19, 'RWwgZXN0cmlhZG8gZGUgbGEgYm9jYSBkZSBmdWVnbw==', 0),
(56, 19, 'UmVkdWNjafNuIGRlIGxhIGJvY2EgZGUgcmVj4W1hcmE=', 0),
(57, 19, 'RXN0cmFuZ3VsYW1pZW50byBkZSBsYSBib2NhIGRlIGZ1ZWdv', 1),
(58, 20, 'RWwgZXN0cmlhZG8gZGUgbGEgYm9jYSBkZSBmdWVnbw==', 0),
(59, 20, 'UmVkdWNjafNuIGRlIGxhIGJvY2EgZGUgZnVlZ28=', 0),
(60, 20, 'Q2FyZWNlbiBkZSBjaG9rZQ==', 1),
(61, 21, 'RG9zIHXxYXMgcXVlIHNpcnZlbiBwYXJhIGRlc2Fsb2phciBsb3MgY2FydHVjaG9zIGRlIHN1IHJlY+FtYXJh', 1),
(62, 21, 'QSBzZW5kYXMgYmllbGFzIHF1ZSBjb25lY3RhbiBlbCBkaXNwYXJhZG9yIGNvbiBsYXMgYWd1amFzIHBlcmN1dG9yYXM=', 0),
(63, 21, 'RG9zIG11ZWxsZXMgcGxhbm9zIGRlIGFjY2nzbiBoZWxpY29pZGFs', 0),
(64, 22, 'TGEgZGVsIHByb3llY3RpbA==', 0),
(65, 22, 'TGEgZGUgbGEgdmFpbmE=', 0),
(66, 22, 'TGEgZGVsIGNhcnR1Y2hv', 1),
(67, 23, 'UGVyY3VzafNuIGNlbnRyYWw=', 1),
(68, 23, 'UGVyY3VzafNuIGFkZWxhbnRhZGE=', 0),
(69, 23, 'U2lzdGVtYSCTRmxvYmVydJQ=', 0),
(70, 24, 'RWxlbWVudG9zIGRlIFB1bnRlcu1h', 0),
(71, 24, 'TmFkYQ==', 0),
(72, 24, 'U2VndXJvIG1hbnVhbA==', 1),
(73, 25, 'Qm9jYQ==', 1),
(74, 25, 'Q+FtYXJh', 0),
(75, 25, 'UmVj4W1hcmE=', 0),
(76, 26, 'Q3VhbmRvIGVzdGEgcHJlcGFyYWRhIHBhcmEgaGFjZXIgZnVlZ28=', 1),
(77, 26, 'UXVlIGVzdOEgdG90YWxtZW50ZSBlbnNhbWJsYWRh', 0),
(78, 26, 'U2VyIHBvcnRhZGEgcG9yIGVsIHRpcmFkb3I=', 0),
(79, 27, 'VGllbmUgbGEgbXVuaWNp824gYWxvamFkYSBlbiBlbCBtZWNhbmlzbW8gZGUgYWxpbWVudGFjafNu', 1),
(80, 27, 'WWEgaGEgZWZlY3R1YWRvIGVsIGRpc3Bhcm8=', 0),
(81, 27, 'Tm8gdGllbmUgbXVuaWNp824gZW4gZWwgbWVjYW5pc21vIGRlIGFsaW1lbnRhY2nzbg==', 0),
(82, 28, 'RWwgbWVjYW5pc21vIGRlIGRpc3Bhcm8geSBwZXJjdXNp824gc2UgZW5jdWVudHJhIGVuIGRpc3Bvc2ljafNuIGRlIGZ1bmNpb25hbWllbnRv', 1),
(83, 28, 'RXN04SBlbnNhbWJsYWRhIHkgcGF2b25hZGE=', 0),
(84, 28, 'RXN04SBlbnNhbWJsYWRhIHBlcm8gbm8gcGF2b25hZGE=', 0),
(85, 29, 'RW4gZWwgY2FyZ2Fkb3I=', 0),
(86, 29, 'RW4gbGEgcmVj4W1hcmE=', 1),
(87, 29, 'RW4gbGEgY2FuYW5h', 0),
(88, 30, 'UG9yIGxhIHZlbnRhbmEgdHJhc2VyYSBkZWwgYXJtYQ==', 0),
(89, 30, 'UG9yIGxhIHZlbnRhbmEgZGUgdmVudGlsYWNp824=', 0),
(90, 30, 'UG9yIGxhIHZlbnRhbmEgZGUgZXhwdWxzafNu', 1),
(91, 31, 'SW50cm9kdWNpciBsb3MgY2FydHVjaG9zIGVuIGxhIHJlY+FtYXJh', 0),
(92, 31, 'Q29sb2NhciBsb3MgY2FydHVjaG9zIGVuIGVsIGRlcPNzaXRv', 1),
(93, 31, 'TW9udGFyIGVsIGFybWE=', 0),
(94, 32, 'Q2FyZ2FyIGVzIG1vbnRhcmxhIHBhcmEgZGlzcGFyYXIsIGFsaW1lbnRhcmxhIGludHJvZHVjaXIgY2FydHVjaG9zIGVuIGVsIGRlcPNzaXRv', 1),
(95, 32, 'Q2FyZ2FyIGVzIGludHJvZHVjaXIgY2FydHVjaG9zIGVuIGVsIGRlcG9zaXRvLCBhbGltZW50YXJsYSBlcyBtb250YXJsYSBwYXJhIGRpc3BhcmFy', 0),
(96, 32, 'Tm8gZXhpc3RlIGRpZmVyZW5jaWE=', 0),
(97, 33, 'VG9kYXM=', 0),
(98, 33, 'TmluZ3VuYQ==', 0),
(99, 33, 'QWxndW5vcyBtb2RlbG9z', 1),
(100, 34, 'QSB0cmF26XMgZGVsIG1lY2FuaXNtbyBkZSBwdW50ZXLtYQ==', 1),
(101, 34, 'Q29uIHVuIGJ1ZW4gZW1wdfFhbWllbnRv', 0),
(102, 34, 'Q29uIHVuYSBidWVuYSBzdWplY2nzbiBkZWwgYXJtYQ==', 0),
(103, 35, 'RWwgYWx6YQ==', 1),
(104, 35, 'RWwgcHVudG8gZGUgbWlyYQ==', 0),
(105, 35, 'TGEgbG9uZ2l0dWQgZGVsIGNh8fNu', 0),
(106, 36, 'RWwgYWx6YQ==', 0),
(107, 36, 'RWwgcHVudG8gZGUgbWlyYQ==', 1),
(108, 36, 'TGEgbG9uZ2l0dWQgZGVsIGNh8fNu', 0),
(109, 37, 'TGEgYmllbGE=', 1),
(110, 37, 'RWwgZWxldmFkb3I=', 0),
(111, 37, 'RWwgZmlhZG9y', 0),
(112, 38, 'TWFudWFsbWVudGUgYSB2b2x1bnRhZCBkZWwgdGlyYWRvcg==', 0),
(113, 38, 'QXByb3ZlY2hhbmRvIGxhIGZ1ZXJ6YSBkZSByZXRyb2Nlc28gcGFyYSBkZXNwbGF6YXIgZWwgY2llcnJl', 1),
(114, 38, 'Q29tbyBjb25zZWN1ZW5jaWEgZGUgdW4gbWVjYW5pc21vIGFkeWFjZW50ZSBhbCBjaWVycmUgcXVlIHNlIGFjY2lvbmEgY2FkYSB2ZXogcXVlIHNlIHByZXNpb25hIGVsIGRpc3BhcmFkb3I=', 0),
(115, 39, 'TGliZXJhciBsYSBhZ3VqYSBwZXJjdXRvcmEgeSBxdWUgYXNvbWU=', 0),
(116, 39, 'VmVyIHNpIGhheSBjYXJ0dWNobyBlbiBsYSByZWPhbWFyYQ==', 0),
(117, 39, 'U2FsaWRhIGRlIGdhc2VzIGVuIGNhc28gZGUgcm90dXJhIGRlbCBjYXJ0dWNobw==', 1),
(118, 40, 'RWwgR3VhcmRhbWFubw==', 0),
(119, 40, 'RWwgR3VhcmRhbW9udGU=', 1),
(120, 40, 'TGEgY3VsYXRh', 0),
(121, 41, 'U2k=', 1),
(122, 41, 'Tm8=', 0),
(123, 41, 'RGVwZW5kZSBkZSBzdSBlc3RydWN0dXJh', 0),
(124, 42, 'U2k=', 1),
(125, 42, 'Tm8=', 0),
(126, 42, 'RGVwZW5kZSBkZSBzdSBlc3RydWN0dXJh', 0),
(127, 43, 'U2k=', 0),
(128, 43, 'Tm8=', 1),
(129, 43, 'RGVwZW5kZSBkZSBzdSBlc3RydWN0dXJh', 0),
(130, 44, 'U2k=', 0),
(131, 44, 'Tm8=', 1),
(132, 44, 'VmllbmUgZGV0ZXJtaW5hZGEgcG9yIGxhIHBvc2ljafNuIGRlIGxvcyBtaXNtb3M=', 0),
(133, 45, 'Q3VsYXRhIHkgY2Hx824=', 0),
(134, 45, 'Q2llcnJlLCBjYfHzbiB5IGN1bGF0YQ==', 0),
(135, 45, 'QuFzY3VsYSB5IGNh8fNu', 1),
(136, 46, 'Q2Vycm9qbywgY2Hx824geSBjdWxhdGE=', 0),
(137, 46, 'Q2Vycm9qbyB5IGNh8fNu', 1),
(138, 46, 'Q3VsYXRhIGNh8fNuIHkgZWxlbWVudG9zIGRlIHB1bnRlcu1h', 0),
(139, 47, 'UGFyYSBldml0YXIgZWwgZGlzcGFybywgYXVuIGVzdGFuZG8gZWwgYXJtYSBtb250YWRh', 1),
(140, 47, 'UGFyYSBxdWUgbm8gc2UgY2FpZ2EgZWwgY2FyZ2Fkb3IgZGVsIGFybWEgYWNjaWRlbnRhbG1lbnRl', 0),
(141, 47, 'UGFyYSBhc2VndXJhciBlbCBibGFuY28geSBlZmVjdHVhciB1biBkaXNwYXJvIGNlcnRlcm8=', 0),
(142, 48, 'RWwgdG9wZSBkZWwgY2Vycm9qbw==', 0),
(143, 48, 'RWwgcGVyY3V0b3I=', 1),
(144, 48, 'TGEgdfFhIGRlIGV4dHJhY2Np824=', 0),
(145, 49, 'RW5jYXNxdWlsbGFtaWVudG8gZGVsIGNpZXJyZQ==', 0),
(146, 49, 'QmxvcXVlbyBkZWwgZWxldmFkb3IgZGUgY2FydHVjaG8=', 0),
(147, 49, 'Um90dXJhIGRlIGxhIGFndWphIHBlcmN1dG9yYQ==', 1),
(148, 50, 'RXZpdGFyIHF1ZSBzZSBwcm9kdXpjYSB1biBkaXNwYXJvIGludm9sdW50YXJpbw==', 1),
(149, 50, 'RXZpdGFyIHF1ZSBzZSBjYXJndWUgZWwgYXJtYQ==', 0),
(150, 50, 'RXZpdGFyIHF1ZSBzZSBkZXNjYXJndWUgZWwgYXJtYQ==', 0),
(151, 51, 'RGVwZW5kZSBkZWwgYfFvIGRlIGZhYnJpY2FjafNu', 0),
(152, 51, 'U2k=', 1),
(153, 51, 'TGFzIGVzY29wZXRhcyBzZW1pYXV0b23hdGljYXMgbm8gdGllbmVuIHNlZ3VybyBhdXRvbeF0aWNv', 0),
(154, 52, 'U2k=', 0),
(155, 52, 'Tm8=', 1),
(156, 52, 'U2ksIHNpIGVzdOEgYWxpbWVudGFkYSB5IG1vbnRhZGE=', 0),
(157, 53, 'RXNjb2JpbGxh', 0),
(158, 53, 'QmFxdWV0YQ==', 1),
(159, 53, 'UGx1bWVybw==', 0),
(160, 54, 'Q29uIGFndWEgeSBqYWLzbg==', 0),
(161, 54, 'Q29uIGdhc29saW5hIG8gZ2Fz82xlbw==', 0),
(162, 54, 'Q29uIGFjZWl0ZSBkZSBsaW5hemE=', 1),
(163, 55, 'TGltcGlhciB5IGVuZ3Jhc2FyIGVsIGFybWEgYSBsYSBtYXlvciBicmV2ZWRhZCBwYXJhIHF1ZSBubyBzZSBveGlkZQ==', 1),
(164, 55, 'Tm8gZXMgbmVjZXNhcmlvIGxpbXBpYXIgZWwgYXJtYQ==', 0),
(165, 55, 'QmFzdGEgY29uIHBhc2FybGUgdW4gdHJhcG8gcGFyYSBzZWNhcmxh', 0),
(166, 56, 'RW4gZWwgcHJvcGlvIGRvbWljaWxpbywgeSBlbiB1biBhcm1lcm8gaG9tb2xvZ2Fkbw==', 1),
(167, 56, 'RW4gbGEgZnVuZGEgZGVudHJvIGRlIHVuIGFybWFyaW8gcm9wZXJv', 0),
(168, 56, 'RW4gY3VhbHF1aWVyIGx1Z2FyIGRlbCBkb21pY2lsaW8=', 0),
(169, 57, 'RW4gbGEgY2FqYSBmdWVydGUgZGUgbGEgb2ZpY2luYQ==', 0),
(170, 57, 'RW4gZWwgZG9taWNpbGlvIGZ1ZXJhIGRlIGxhIHZpc3RhIHkgYWxjYW5jZSBkZSBsb3Mgbmnxb3M=', 0),
(171, 57, 'RW4gZW1wcmVzYXMgZXNwZWNpYWxpemFkYXMgZW4gbGEgY3VzdG9kaWEgZGUgYXJtYXMsIGRlYmlkYW1lbnRlIGF1dG9yaXphZGFzIHBvciBsYSBEaXJlY2Np824gR2VuZXJhbCBkZSBsYSBHdWFyZGlhIENpdmls', 1),
(172, 58, 'U+0sIHNpZW1wcmUgcXVlIGVsIG1hbGV0ZXJvIHNlIGVuY3VlbnRyZSBwZXJmZWN0YW1lbnRlIGNlcnJhZG8=', 0),
(173, 58, 'U+0sIHNpZW1wcmUgcXVlIGVsIHZlaO1jdWxvIHNlIGVuY3VlbnRyZSBlc3RhY2lvbmFkbyBjZXJjYSBkZWwgZG9taWNpbGlvIGRlbCB0aXR1bGFyIGRlbCBhcm1h', 0),
(174, 58, 'Tm8sIG51bmNh', 1),
(175, 59, 'Q2FyZ2FkYXM=', 0),
(176, 59, 'RGlzcHVlc3RhcyBwYXJhIGRpc3BhcmFyIHNpIG5vcyBlbmNvbnRyYW1vcyBlbiDpcG9jYSBo4WJpbCBkZSBjYXph', 0),
(177, 59, 'RGVzY2FyZ2FkYXM=', 1),
(178, 60, 'Q2FyZ2FkYXMgeSBkaXNwdWVzdGFzIHBhcmEgc3UgdXNv', 0),
(179, 60, 'TG9zIHJpZmxlcyBzZXBhcmFkb3MgZGUgbGFzIGVzY29wZXRhcw==', 0),
(180, 60, 'RGVzY2FyZ2FkYXMgeSBzaW4gYWxpbWVudGFy', 1),
(181, 61, 'RnVlcmEgZGVsIGFsY2FuY2UgZGUgY3VhbHF1aWVyIHBlcnNvbmEgeSBlc3BlY2lhbG1lbnRlIGRlIGxvcyBuafFvcw==', 1),
(182, 61, 'RGViYWpvIGRlIGxhIGNhbWE=', 0),
(183, 61, 'RW4gY3VhbHF1aWVyIHBhcnRlIGRlbCBkb21pY2lsaW8=', 0),
(184, 62, 'Q29tbyBzaSBlc3R1dmllcmEgc2llbXByZSBjYXJnYWRh', 1),
(185, 62, 'Q29uIGVsIHNlZ3VybyBwdWVzdG8=', 0),
(186, 62, 'Q29tbyBzaSBlc3R1dmllcmEgZGVzY2FyZ2FkYQ==', 0),
(187, 63, 'UXVlIHRlbmdhIGVsIHNlZ3VybyBwdWVzdG8=', 0),
(188, 63, 'UXVlIGVzdOEgZGVzY2FyZ2FkYQ==', 1),
(189, 63, 'UXVlIGVzdOkgbGltcGlh', 0),
(190, 64, 'VW5hIGhhYml0YWNp824gZG9uZGUgc2UgZXN06SBzb2xv', 1),
(191, 64, 'RWwgbHVnYXIgZGUgcmV1bmnzbiBkZSBsYSBmYW1pbGlhLCBwdWVzIGVuIGVsIGNhc28gZGUgdW4gYWNjaWRlbnRlLCBzaWVtcHJlIHNlIG9idGVuZHLhIGF5dWRhIGlubWVkaWF0YSBkZSBhbGf6biBmYW1pbGlhcg==', 0),
(192, 64, 'RW4gbGEgcHVlcnRhIGRlIGxhIGNhbGxlLCBwdWVzIGVuIGVsIGNhc28gZGUgcHJvZHVjaXJzZSB1biBkaXNwYXJvIGZvcnR1aXRvLCBzYWxkcu1hIGVsIHByb3llY3RpbCBhbCBhaXJl', 0),
(193, 65, 'RGVzbW9udGFybGEgZW4gZXZpdGFjafNuIGRlIHF1ZSBzZSBwcm9kdXpjYSB1biBkaXNwYXJv', 0),
(194, 65, 'TWFuaXB1bGFybGE=', 1),
(195, 65, 'R3VhcmRhcmxhIGVuIHN1IGZ1bmRh', 0),
(196, 66, 'UXVlIHNlIHByb2R1emNhbiBkaXNwYXJvcyBmb3J0dWl0b3MgeSBwb3IgdGFudG8gY2F1c2FyIGRh8W9zIGlycmVwYXJhYmxlcw==', 1),
(197, 66, 'U2VyIHNhbmNpb25hZG8gcG9yIGxhIEF1dG9yaWRhZCBtdW5pY2lwYWw=', 0),
(198, 66, 'UXVlIGVsIGFybWEgc2UgZGV0ZXJpb3Jl', 0),
(199, 67, 'Q29nZXJsYSBzaW4gcG9uZXIgZWwgZGVkbyBlbiBlbCBkaXNwYXJhZG9yIChnYXRpbGxvKQ==', 1),
(200, 67, 'UXVlIHNlIGVuY3VlbnRyZSBiaWVuIGVuZ3Jhc2FkYQ==', 0),
(201, 67, 'Q29tcHJvYmFyIHF1ZSBubyBlc3ThIGNhcmdhZGEgYXByZXRhbmRvIGVsIGdhdGlsbG8=', 0),
(202, 68, 'Q29uIGhhYmlsaWRhZA==', 0),
(203, 68, 'Q29uIGRlc3RyZXph', 0),
(204, 68, 'RGVzY2FyZ2FuZG8gZWwgYXJtYQ==', 1),
(205, 69, 'SGFjaWEgYXJyaWJh', 0),
(206, 69, 'SGFjaWEgbGEgaG9yaXpvbnRhbA==', 0),
(207, 69, 'SGFjaWEgZWwgc3VlbG8=', 1),
(208, 70, 'VmlzdWFsaXphciBsYSB6b25hIGRlIGltcGFjdG8gZGVsIHByb3llY3RpbA==', 1),
(209, 70, 'UXVlIGVsIHByb3llY3RpbCBzZWd1aXLhIHVuYSB0cmF5ZWN0b3JpYSBob3Jpem9udGFs', 0),
(210, 70, 'UXVlIGxhIGNhcmdhIGRlbCBjYXJ0dWNobyBlcyBsYSBhZGVjdWFkYSBwYXJhIGFsY2FuemFyIGxhIHBpZXph', 0),
(211, 71, 'U3UgZ3JhZG8gZGUgcGVsaWdyb3NpZGFk', 0),
(212, 71, 'U3VzIGNhcmFjdGVy7XN0aWNhcywgZGVzdGlubyBvIHV0aWxpZGFkIHkgYSB2ZWNlcyBwb3IgbGEgbGljZW5jaWEgcXVlIGxhIGFtcGFyZQ==', 0),
(213, 71, 'QW1iYXMgcmVzcHVlc3RhcyBzb24gY29ycmVjdGFz', 1),
(214, 72, 'U+0=', 0),
(215, 72, 'RG9jdW1lbnRhcmxhcyBjb21vIGRlIGxhIDOqLjEgY2F0ZWdvcu1h', 0),
(216, 72, 'Tm8=', 1),
(217, 73, 'Tm8=', 1),
(218, 73, 'U29sbyBhIGxvcyBwZXJmZWNjaW9uYWRvcw==', 0),
(219, 73, 'U+0uIFBvciBlc3RhciBpbmNsdWlkb3MgZW4gbGEgY2F0ZWdvcu1hIDeq', 0),
(220, 74, 'TG9zIGVzcGVjaWFsbWVudGUgcGVsaWdyb3NvcyBwYXJhIGxhIGludGVncmlkYWQgZu1zaWNhIGRlIGxhcyBwZXJzb25hcw==', 1),
(221, 74, 'TG9zIHF1ZSB0ZW5nYW4gcHVudGFzIGRlIGZsZWNoYQ==', 0),
(222, 74, 'QW1iYXMgcmVzcHVlc3RhcyBzb24gdmVyZGFkZXJhcw==', 0),
(223, 75, 'QXF1ZWxsYSBjdXlvIGNh8fNuIG5vIGV4Y2VkYSBkZSAyMCBjZW507W1ldHJvcyBvIGN1eWEgbG9uZ2l0dWQgdG90YWwgbm8gZXhjZWRhIGRlIDYwIGNlbnTtbWV0cm9z', 0),
(224, 75, 'QXF1ZWxsYSBjdXlvIGNh8fNuIG5vIGV4Y2VkYSBkZSAzMCBjZW507W1ldHJvcyBvIGN1eWEgbG9uZ2l0dWQgdG90YWwgbm8gZXhjZWRhIGRlIDYwIGNlbnTtbWV0cm9z', 1),
(225, 75, 'QXF1ZWxsYSBjdXlvIGNh8fNuIG5vIGV4Y2VkYSBkZSAzMCBjZW507W1ldHJvcyBvIGN1eWEgbG9uZ2l0dWQgdG90YWwgbm8gZXhjZWRhIGRlIDgwIGNlbnTtbWV0cm9z', 0),
(226, 76, 'Q3VhbHF1aWVyIGFybWEgZGUgZnVlZ28gcXVlIG5vIHNlYSBjb3J0YQ==', 1),
(227, 76, 'RWwgYXJtYSBkZSBt4XMgZGUgMzAgY20uIGRlIGxvbmdpdHVkIHRvdGFs', 0),
(228, 76, 'RWwgYXJtYSBxdWUgbm8gZXhjZWRlIHN1IGNh8fNuIGRlIDMwIGNt', 0),
(229, 77, 'QXJtYSBkZSBmdWVnbyBjb3J0YQ==', 1),
(230, 77, 'QXJtYSBkZSBmdWVnbyBsYXJnYQ==', 0),
(231, 77, 'TmluZ3VuYSBkZSBsYXMgZG9z', 0),
(232, 78, 'QXJtYSBkZSBmdWVnbyBjb3J0YQ==', 1),
(233, 78, 'QXJtYSBkZSBmdWVnbyBsYXJnYQ==', 0),
(234, 78, 'TmluZ3VuYSBkZSBsYXMgZG9z', 0),
(235, 79, 'RGVwZW5kZSBkZSBsYSBsaWNlbmNpYSBkZSBhcm1hcyBxdWUgbGEgYW1wYXJh', 0),
(236, 79, 'U+0uIFBvciBlc3RhciBpbmNsdWlkYSBlbiBsYSBjYXRlZ29y7WEgMqouMg==', 0),
(237, 79, 'Tm8=', 1),
(238, 80, 'U+0=', 1),
(239, 80, 'Tm8sIHBvciBzZXIgdW4gYXJtYSBjbGFzaWZpY2FkYSBlbiBsYSAxqiBjYXRlZ29y7WE=', 0),
(240, 80, 'RGVwZW5kZSBkZWwgcHJveWVjdGls', 0),
(241, 81, 'U+0=', 0),
(242, 81, 'Tm8sIHBvciBzZXIgdW4gYXJtYSBjbGFzaWZpY2FkYSBlbiBsYSAzqiBjYXRlZ29y7WE=', 1),
(243, 81, 'RGVwZW5kZSBkZWwgcHJveWVjdGls', 0),
(244, 82, 'U2lldGUgY2F0ZWdvcu1hcw==', 1),
(245, 82, 'U2VpcyBjYXRlZ29y7WFz', 0),
(246, 82, 'T2NobyBjYXRlZ29y7WFz', 0),
(247, 83, 'RW4gbGEgM6o=', 0),
(248, 83, 'RW4gbGEgMqos', 0),
(249, 83, 'RW4gbGEgMao=', 1),
(250, 84, 'NKo=', 0),
(251, 84, 'Mao=', 1),
(252, 84, 'Nqo=', 0),
(253, 85, 'Tm8gZXhpc3RlIGVzZSB0aXBvIGRlIGFybWE=', 0),
(254, 85, 'QSBsYSAxqiBjYXRlZ29y7WE=', 1),
(255, 85, 'QSBsYSAyqiBjYXRlZ29y7WE=', 0),
(256, 86, 'RW4gbGEgMaogY2F0ZWdvcu1h', 0),
(257, 86, 'RW4gbGEgMqogY2F0ZWdvcu1h', 1),
(258, 86, 'RW4gbGEgM6ogY2F0ZWdvcu1h', 0),
(259, 87, 'TGFzIHBpc3RvbGFz', 0),
(260, 87, 'TGFzIGJhbGxlc3Rhcw==', 0),
(261, 87, 'TG9zIGNh8W9uZXMgZXN0cmlhZG9zIGFkYXB0YWJsZXMgYSBlc2NvcGV0YXMgZGUgY2F6YSBjb24gcmVj4W1hcmEgcGFyYSBjYXJ0dWNob3MgbWV04WxpY29z', 1),
(262, 88, 'TGFzIGFybWFzIGRlIGZ1ZWdvIGxhcmdhcyByYXlhZGFzIHV0aWxpemFibGVzIHBhcmEgY2F6YSBtYXlvcg==', 1),
(263, 88, 'TGFzIHBpc3RvbGFz', 0),
(264, 88, 'TGFzIGJhbGxlc3Rhcw==', 0),
(265, 89, 'RW4gbGEgMqogY2F0ZWdvcu1h', 1),
(266, 89, 'RW4gbGEgM6ogY2F0ZWdvcu1h', 0),
(267, 89, 'RW4gbGEgNKogY2F0ZWdvcu1h', 0),
(268, 90, 'Q2F0ZWdvcu1hIDOqLjE=', 0),
(269, 90, 'Q2F0ZWdvcu1hIDOqLjI=', 1),
(270, 90, 'Q2F0ZWdvcu1hIDKqLjI=', 0),
(271, 91, 'TGFzIGFybWFzIGRlIGZ1ZWdvIGxhcmdhcyByYXlhZGFzIHV0aWxpemFkYXMgcGFyYSBjYXphIG1heW9y', 0),
(272, 91, 'TGFzIGFybWFzIGRlIGZ1ZWdvIGxhcmdhcyBwYXJhIHZpZ2lsYW5jaWEgeSBndWFyZGVy7WE=', 0),
(273, 91, 'TGFzIGRvcyBhbnRlcmlvcmVzIHNvbiBjb3JyZWN0YXM=', 1),
(274, 92, 'TGFzIGVzY29wZXRhcw==', 0),
(275, 92, 'QXJtYXMgbGFyZ2FzIHJheWFkYXMgZGVsIGNhbGlicmUgNbQ2IG1pbO1tZXRyb3MgcGFyYSB0aXJvIGRlcG9ydGl2bw==', 0),
(276, 92, 'TGFzIGRvcyBhbnRlcmlvcmVzIHNvbiBjb3JyZWN0YXM=', 1),
(277, 93, 'TGFzIGVzY29wZXRhcw==', 0),
(278, 93, 'TGFzIGJhbGxlc3Rhcw==', 0),
(279, 93, 'QXJtYXMgbGFyZ2FzIHJheWFkYXM=', 1),
(280, 94, 'QSBsYSAzqiBjYXRlZ29y7WE=', 1),
(281, 94, 'QSBsYSA0qiBjYXRlZ29y7WE=', 0),
(282, 94, 'QSBsYSA1qiBjYXRlZ29y7WE=', 0),
(283, 95, 'TGFzIGVzY29wZXRhcw==', 1),
(284, 95, 'TG9zIHJldvNsdmVyZXM=', 0),
(285, 95, 'TG9zIGFyY29z', 0),
(286, 96, 'RW4gbGEgNKouMQ==', 0),
(287, 96, 'Tm8gZXN04SBjbGFzaWZpY2FkYSBlbiBuaW5ndW5hIGNhdGVnb3LtYQ==', 0),
(288, 96, 'RW4gbGEgM6ouMw==', 1),
(289, 97, 'M6ogY2F0ZWdvcu1h', 1),
(290, 97, 'NKogY2F0ZWdvcu1h', 0),
(291, 97, 'MqogY2F0ZWdvcu1h', 0),
(292, 98, 'RW4gbGEgNKouMQ==', 1),
(293, 98, 'RW4gbGEgMao=', 0),
(294, 98, 'RW4gbGEgM6ouMw==', 0),
(295, 99, 'QSBsYSAzqi4y', 0),
(296, 99, 'QSBsYSA0qi4y', 1),
(297, 99, 'QSBsYSA1qi4y', 0),
(298, 100, 'RW4gbGEgM6ouMg==', 0),
(299, 100, 'RW4gbGEgNKouMg==', 1),
(300, 100, 'RW4gbGEgNaouMg==', 0),
(301, 101, 'RW4gbGEgNKouMQ==', 1),
(302, 101, 'Tm8gZXN04SBjbGFzaWZpY2FkYSBlbiBuaW5ndW5hIGNhdGVnb3LtYQ==', 0),
(303, 101, 'RW4gbGEgM6ouMw==', 0),
(304, 102, 'RW4gbGEgNao=', 1),
(305, 102, 'RW4gbGEgNqo=', 0),
(306, 102, 'RW4gbGEgN6o=', 0),
(307, 103, 'Tm8=', 1),
(308, 103, 'U+0=', 0),
(309, 103, 'U+0sIHNpZW1wcmUgcXVlIHNlIHV0aWxpY2UgcGFyYSBjYXphcg==', 0),
(310, 104, 'Q2F0ZWdvcu1hIDWqLjI=', 0),
(311, 104, 'Q2F0ZWdvcu1hIDeqLjI=', 1),
(312, 104, 'Q2F0ZWdvcu1hIDSqLjI=', 0),
(313, 105, 'RW4gbGEgMaogY2F0ZWdvcu1h', 0),
(314, 105, 'RW4gbGEgY2F0ZWdvcu1hIDKqLjE=', 1),
(315, 105, 'RW4gbGEgY2F0ZWdvcu1hIDKqLjI=', 0),
(316, 106, 'QSBsYSAxqiBjYXRlZ29y7WE=', 0),
(317, 106, 'QSBsYSAyqiBjYXRlZ29y7WE=', 0),
(318, 106, 'QSBsYSAzqiBjYXRlZ29y7WE=', 1),
(319, 107, 'Q2F0ZWdvcu1hIDOqLjM=', 0),
(320, 107, 'Q2F0ZWdvcu1hIDWqLjI=', 0),
(321, 107, 'Q2F0ZWdvcu1hIDKq', 1),
(322, 108, 'QXV0b23hdGljbw==', 0),
(323, 108, 'U2VtaWF1dG9t4XRpY28=', 1),
(324, 108, 'RGUgcmVwZXRpY2nzbg==', 0),
(325, 109, 'Tm8=', 0),
(326, 109, 'U+0sIHB1ZXMgc3UgY2FwYWNpZGFkIGRlIGNhcmdhIHN1cGVyYSBsb3MgY2luY28gY2FydHVjaG9z', 1),
(327, 109, 'U+0sIHNpZW1wcmUgcXVlIHNlIHV0aWxpY2UgcGFyYSBjYXphcg==', 0),
(328, 110, 'VW5hIGVzY29wZXRhIGNhbGlicmUgMjAgbW0uIHBlcnRlbmVjZSBhIGxhIGNhdGVnb3LtYSAzqi4y', 0),
(329, 110, 'VW5hIGVzY29wZXRhIGNhbGlicmUgMjAgbW0uIGVzIHVuIGFybWEgcHJvaGliaWRh', 0),
(330, 110, 'VW5hIGVzY29wZXRhIGNhbGlicmUgMjAgbW0uIGVzIHVuIGFybWEgZGUgZ3VlcnJh', 1),
(331, 111, 'U3UgYWRxdWlzaWNp824sIHRlbmVuY2lhIHkgdXNv', 1),
(332, 111, 'Tm8gbGVzIGVzdOFuIHByb2hpYmlkYXM=', 0),
(333, 111, 'TGFzIGRvcyByZXNwdWVzdGFzIHNvbiBmYWxzYXM=', 0),
(334, 112, 'QXJtYXMgZGUgZ3VlcnJh', 1),
(335, 112, 'QXJtYXMgZGUgbGEgMaogY2F0ZWdvcu1h', 0),
(336, 112, 'QW1iYXMgcmVzcHVlc3RhcyBzb24gZmFsc2Fz', 0),
(337, 113, 'Tm8gcHVlZGUgbGVnYWxpemFyc2U=', 1),
(338, 113, 'TWluaXN0cm8gZGUgRGVmZW5zYQ==', 0),
(339, 113, 'TWluaXN0cm8gZGVsIEludGVyaW9y', 0),
(340, 114, 'Tm8gc2UgcHVlZGVuIHV0aWxpemFyIHBvciBzZXIgY2FsaWJyZSBkZSBndWVycmE=', 0),
(341, 114, 'U2UgcG9kcuFuIHV0aWxpemFyIGNvbiBiYWxhIGV4cGFuc2l2YSB5IHJpZmxlIGRlIHJlcGV0aWNp824=', 1),
(342, 114, 'U2UgcG9kcuFuIHV0aWxpemFyIGNvbiBhdXRvcml6YWNp824gZXNwZWNpYWwgZGVsIE1pbmlzdGVyaW8gZGUgRGVmZW5zYQ==', 0),
(343, 115, 'TGFzIGFybWFzIGRlIGZ1ZWdvIGNvbiBzaWxlbmNpYWRvciBwYXJhIG5vIGVzcGFudGFyIGxhIGNhemE=', 0),
(344, 115, 'TG9zIHB18WFsZXM=', 0),
(345, 115, 'TGFzIHJlc3B1ZXN0YXMgYW50ZXJpb3JlcyAoQSB5IEIpIHNvbiBhcm1hcyBwcm9oaWJpZGFz', 1),
(346, 116, 'TGFzIGFybWFzIGRlIGZ1ZWdvIHF1ZSBzZWFuIHJlc3VsdGFkbyBkZSBtb2RpZmljYXIgc3VzdGFuY2lhbG1lbnRlIGxhcyBjYXJhY3Rlcu1zdGljYXMgZGUgZmFicmljYWNp824gdSBvcmlnZW4gZGUgb3RyYXMgYXJtYXMsIHNpbiBsYSByZWdsYW1lbnRhcmlhIGF1dG9yaXphY2nzbiBkZSBtb2RlbG8gbyBwcm90b3RpcG8=', 0),
(347, 116, 'QXJtYXMgY29uIGN1bGF0YSBwbGVnYWJsZSBwYXJhIGZhY2lsaXRhciBsb3MgbW92aW1pZW50b3MgZGVsIGNhemFkb3IgZW4gdGVycmVub3MgYWJydXB0b3M=', 0),
(348, 116, 'TGFzIHJlc3B1ZXN0YXMgYW50ZXJpb3JlcyAoQSB5IEIpIHNvbiBhcm1hcyBwcm9oaWJpZGFz', 1),
(349, 117, 'UmVnbGFtZW50YWRhcw==', 0),
(350, 117, 'UHJvaGliaWRhcyBhIHBhcnRpY3VsYXJlcw==', 0),
(351, 117, 'UHJvaGliaWRhcw==', 1),
(352, 118, 'TGFzIGFybWFzIGRlIGZ1ZWdvIGxhcmdhcyBjb24gY2Hxb25lcyByZWNvcnRhZG9z', 1),
(353, 118, 'TG9zIGN1Y2hpbGxvcyBkZSBob2phIHN1cGVyaW9yIGEgMTEgY2VudO1tZXRyb3MgZGUgbG9uZ2l0dWQ=', 0),
(354, 118, 'TGFzIGNlcmJhdGFuYXM=', 0),
(355, 119, 'QXJtYXMgcHJvaGliaWRhcw==', 1),
(356, 119, 'QXJtYXMgcmVnbGFtZW50YWRhcw==', 0),
(357, 119, 'QXJtYXMgcHJvaGliaWRhcyBhIHBhcnRpY3VsYXJlcw==', 0),
(358, 120, 'VW4gYXJtYSBwcm9oaWJpZGE=', 1),
(359, 120, 'VW4gYXJtYSBwcm9oaWJpZGEgYSBwYXJ0aWN1bGFyZXM=', 0),
(360, 120, 'VW4gYXJtYSByZWdsYW1lbnRhZGE=', 0),
(361, 121, 'TG9zIHB18WFsZXM=', 0),
(362, 121, 'TG9zIG1hY2hldGVzIGRlbCBFamVyY2l0byBwYXJhIGRlc29sbGFyIGxhIGNhemE=', 0),
(363, 121, 'TGFzIGRvcyBhbnRlcmlvcmVz', 1),
(364, 122, 'U2k=', 1),
(365, 122, 'Tm8=', 0),
(366, 122, 'RXN04SBwcm9oaWJpZG8=', 0),
(367, 123, 'U2k=', 1),
(368, 123, 'Tm8=', 0),
(369, 123, 'RXN04SBwcm9oaWJpZG8=', 0),
(370, 124, 'VW4gYXJtYSBwcm9oaWJpZGE=', 1),
(371, 124, 'VW4gYXJtYSBjb21iaW5hZGE=', 0),
(372, 124, 'VW4gYXJtYSByZWdsYW1lbnRhZGE=', 0),
(373, 125, 'TG9zIHB18WFsZXM=', 1),
(374, 125, 'TmF2YWphcyBkZSBob2phIGluZmVyaW9yIGEgMTEgY2VudO1tZXRyb3M=', 0),
(375, 125, 'RXNwYWRhcw==', 0),
(376, 126, 'VW4gYXJtYSBkZSBsYSA0qiBjYXRlZ29y7WE=', 0),
(377, 126, 'VW4gYXJtYSBibGFuY2EgcGVybWl0aWRh', 1),
(378, 126, 'VW4gYXJtYSBwcm9oaWJpZGE=', 0),
(379, 127, 'TmF2YWphcyBhdXRvbeF0aWNhcw==', 1),
(380, 127, 'TmF2YWphcyBkZSBtZW5vcyBkZSAxMSBjZW507W1ldHJvcyBkZSBsb25naXR1ZCBkZSBob2ph', 0),
(381, 127, 'Q3VjaGlsbG9zIGRlIG1vbnRlIGRlIGRvYmxlIGZpbG8gY29uIGhvamEgZGUgMTMgY2VudO1tZXRyb3MgZGUgbG9uZ2l0dWQ=', 0),
(382, 128, 'U+0=', 0),
(383, 128, 'U+0uIENvbiBhdXRvcml6YWNp824=', 0),
(384, 128, 'Tm8sIHlhIHF1ZSBzZSB0cmF0YSBkZSBhcm1hIHByb2hpYmlkYQ==', 1),
(385, 129, 'RXMgdW4gYXJtYSBwcm9oaWJpZGE=', 1),
(386, 129, 'QSBsYSAyqi4y', 0),
(387, 129, 'QSBsYSAzqi4y', 0),
(388, 130, 'VW5vIHBhcmEgY2FkYSBhcm1hIHF1ZSBzZSBwb3NlYQ==', 0),
(389, 130, 'VW5vIHNvbG8sIGluZGVwZW5kaWVudGVtZW50ZSBkZWwgbvptZXJvIGRlIGFybWFzIHF1ZSBzZSBwb3NlYQ==', 0),
(390, 130, 'TmluZ3VubywgZXN04SBwcm9oaWJpZG8=', 1),
(391, 131, 'Tm87IHPzbG8gZXN04SBwZXJtaXRpZG8gYSBmdW5jaW9uYXJpb3MgZXNwZWNpYWxtZW50ZSBoYWJpbGl0YWRvcw==', 1),
(392, 131, 'U+0uIFNpIGRpc3BvbmUgZGUgYXV0b3JpemFjafNu', 0),
(393, 131, 'U+0uIFNpIGxhIHV0aWxpemEgc29sYW1lbnRlIHBhcmEgY2F6YXI=', 0),
(394, 132, 'Tm8=', 0),
(395, 132, 'U+0=', 1),
(396, 132, 'RGVwZW5kZSBkZWwgdGlwbyBkZSBhcm1hIGJsYW5jYSBkZSBxdWUgc2UgdHJhdGU=', 0),
(397, 133, 'U2ksIGNvbiBhdXRvcml6YWNp824gZnJhbmNlc2E=', 0),
(398, 133, 'Tm8sIHBvciBzZXIgdW4gYXJtYSBwcm9oaWJpZGE=', 1),
(399, 133, 'U2ksIGVuIHRvZG9zIGxvcyBjYXNvcw==', 0),
(400, 134, 'Tm8sIHBvciBzZXIgdW4gYXJtYSBwcm9oaWJpZGE=', 1),
(401, 134, 'U2ksIGNvbiBhdXRvcml6YWNp824gZnJhbmNlc2E=', 0),
(402, 134, 'U2ksIGVuIHRvZG9zIGxvcyBjYXNvcw==', 0),
(403, 135, 'TGEgbXVuaWNp824gbWV04WxpY2EgYmxpbmRhZGE=', 0),
(404, 135, 'TGEgY2FydHVjaGVy7WEgY29uIGJhbGEgZXhwYW5zaXZh', 0),
(405, 135, 'TGEgY2FydHVjaGVy7WEgY29uIGJhbGFzIHBlcmZvcmFudGVzLCBleHBsb3NpdmFzIG8gaW5jZW5kaWFyaWFz', 1),
(406, 136, 'R3XtYSBkZSBjaXJjdWxhY2nzbg==', 1),
(407, 136, 'R3XtYSBkZSB0cmFuc3BvcnRl', 0),
(408, 136, 'QWxiYXLhbiBkZSBjaXJjdWxhY2nzbg==', 0),
(409, 137, 'TGEgSW50ZXJ2ZW5jafNuIGRlIEFybWFzIGRlIHN1IHJlc2lkZW5jaWE=', 0),
(410, 137, 'TGEgSW50ZXJ2ZW5jafNuIGRlIEFybWFzIGRlbCBsdWdhciBkZSBsYSBjb21wcmE=', 1),
(411, 137, 'TGFzIGRvcyBhbnRlcmlvcmVzIHB1ZWRlbiBzZXIgduFsaWRhcw==', 0),
(412, 138, 'Tm8gZW4gdG9kb3MgbG9zIGNhc29z', 0),
(413, 138, 'U2llbXByZSBxdWUgZWwgdHJhbnNwb3J0ZSBzZSByZWFsaWNlIGRlbnRybyBkZSBsYSBwcm92aW5jaWE=', 0),
(414, 138, 'U2k=', 1),
(415, 139, 'RWwgQ29tYW5kYW50ZSBkZSBQdWVzdG8gZGUgbGEgR3VhcmRpYSBDaXZpbA==', 0),
(416, 139, 'TGEgSW50ZXJ2ZW5jafNuIGRlIEFybWFzIHkgRXhwbG9zaXZvcw==', 1),
(417, 139, 'RWwgVGVuaWVudGUgQ29yb25lbCBKZWZlIGRlIGxhIENvbWFuZGFuY2lhIGRlIGxhIEd1YXJkaWEgQ2l2aWw=', 0),
(418, 140, 'UG9yIHNlciB1bmEgcGllemEgZnVuZGFtZW50YWw=', 1),
(419, 140, 'Tm8gZXMgbmVjZXNhcmlv', 0),
(420, 140, 'RXN0YSBwcm9oaWJpZG8=', 0),
(421, 141, 'TGEgYXV0b3JpemFjafNuIGRlbCBhcm1lcm8=', 0),
(422, 141, 'RWwgcGVybWlzbyBkZWwgQXl1bnRhbWllbnRv', 0),
(423, 141, 'TGEgZ3XtYSBkZSBjaXJjdWxhY2nzbg==', 1),
(424, 142, 'TGFzIGRlIGxhIDOqIGNhdGVnb3LtYQ==', 0),
(425, 142, 'TGFzIGRlIGxhIDKqIGNhdGVnb3LtYQ==', 0),
(426, 142, 'TGFzIGRvcyBhbnRlcmlvcmVzIHNvbiBjaWVydGFz', 1),
(427, 143, 'RW4gdG9kb3MgbG9zIGNhc29z', 0),
(428, 143, 'TnVuY2E=', 0),
(429, 143, 'U2kgc2UgdHJhdGEgZGUgdW5hIGNhcmFiaW5hIGN1eWEgZW5lcmftYSBjaW7pdGljYSBkZWwgcHJveWVjdGlsIGVuIGJvY2EgZXhjZWRhIGRlIDI0LDIgSnVsaW9z', 1),
(430, 144, 'TGFzIGVzY29wZXRhcw==', 0),
(431, 144, 'TGFzIGFybWFzIGRlIGZ1ZWdvIGxhcmdhcyByYXlhZGFz', 0),
(432, 144, 'TGFzIGRvcyBhbnRlcmlvcmVzIHNvbiBmYWxzYXM=', 1),
(433, 145, 'TGFzIGVzY29wZXRhcw==', 0),
(434, 145, 'TGFzIGFybWFzIGRlIGZ1ZWdvIGxhcmdhcyByYXlhZGFz', 0),
(435, 145, 'TGFzIGRvcyBhbnRlcmlvcmVzIHNvbiBjaWVydGFz', 1),
(436, 146, 'TGEgZ3XtYSBkZSBwZXJ0ZW5lbmNpYQ==', 0),
(437, 146, 'QXV0b3JpemFjafNuIGVzY3JpdGEgcG9yIGVsIHRpdHVsYXI=', 0),
(438, 146, 'TmluZ/puIG90cm8gZG9jdW1lbnRv', 1),
(439, 147, 'Q2llcnRv', 1),
(440, 147, 'RmFsc28=', 0),
(441, 147, 'RGVwZW5kZSBkZWwgdGlwbyBkZSBhcm1hcw==', 0),
(442, 148, 'U+0sIHNpZW1wcmUgcXVlIGVuIGVsIG1pc21vIHBhcXVldGUgbm8gaGF5YSBt4XMgZGUgMjUgYXJtYXMgY29ydGFz', 0),
(443, 148, 'U+0sIHNpZW1wcmUgcXVlIGVuIGVsIG1pc21vIHBhcXVldGUgbm8gaGF5YSBt4XMgZGUgdHJlcyBlc2NvcGV0YXM=', 0),
(444, 148, 'Tm8=', 1),
(445, 149, 'RWwgU2VydmljaW8gUG9zdGFsIGRlIENvcnJlb3M=', 0),
(446, 149, 'SW50ZXJ2ZW5jafNuIGRlIEFybWFzIGRlIGxhIEd1YXJkaWEgQ2l2aWwgbyBBcm1lcm8gYXV0b3JpemFkbw==', 1),
(447, 149, 'TGEgZW1wcmVzYSBjb25zaWduYXRhcmlh', 0),
(448, 150, 'RW4gZW52YXNlcyBkZWJpZGFtZW50ZSBhY29uZGljaW9uYWRvcyBwYXJhIHN1IHNlZ3VyaWRhZCBkdXJhbnRlIGVsIHRyYXNsYWRv', 1),
(449, 150, 'RW4gc3UgZnVuZGEgeSBlbiB1bmEgY2FqYSBkZSBjYXJ0824=', 0),
(450, 150, 'U2kgdmEgZGVzbW9udGFkYSwgZXMgc3VmaWNpZW50ZQ==', 0),
(451, 151, 'U+0sIHB1ZXN0byBxdWUgdmFuIGRlc3RpbmFkb3MgYSBsYSBtaXNtYSBsb2NhbGlkYWQ=', 0),
(452, 151, 'Tm8gcHVlZGVuIHJlbWl0aXJzZSBlbiBlbCBtaXNtbyBlbnZhc2UsIGFsIGNvcnJlc3BvbmRlciBhIGRpc3RpbnRvcyBkZXN0aW5hdGFyaW9z', 1),
(453, 151, 'UHVlZGVuIGlyIGVuIHVubyBvIGRvcyBwYXF1ZXRlcywgcG9yIGVzdGFyIHBlcm1pdGlkbw==', 0),
(454, 152, 'U+0sIHNpIHZhbiBkZXN0aW5hZG9zIGFsIG1pc21vIGFybWVybw==', 0),
(455, 152, 'Tm8sIHB1ZXN0byBxdWUgZWwgbWlzbW8gcGFxdWV0ZSBubyBwdWVkZSBjb250ZW5lciBhcm1hcyBkZSBjYfHzbiBlc3RyaWFkbyBqdW50byBjb24gZXNjb3BldGFzIGRlIGNhemE=', 1),
(456, 152, 'U+0sIHB1ZXN0byBxdWUgZWwgcGFxdWV0ZSBlcyBhZGVjdWFkbyBwYXJhIGFybWFzIGxhcmdhcywgY29tbyBzb24gZWwgcmlmbGUgeSBsYSBlc2NvcGV0YQ==', 0),
(457, 153, 'Tm8gbG8gcHJlY2VwdPph', 0),
(458, 153, 'RW4gZWwgdHJhbnNwb3J0ZSBkZSBhbGd1bmFzIGFybWFz', 0),
(459, 153, 'U+0gZXMgY2llcnRv', 1),
(460, 154, 'Tm8=', 1),
(461, 154, 'Q3VhbmRvIHZheWFuIGRlc21vbnRhZGFz', 0),
(462, 154, 'U+0sIHNpZW1wcmUgcXVlIG5vIHNlIGVudu1lIGNvbmp1bnRhbWVudGUgY29uIG11bmljafNu', 0),
(463, 155, 'U+0sIHNpIHNvbiBjb3J0YXM=', 0),
(464, 155, 'TnVuY2E=', 1),
(465, 155, 'Q29uIGF1dG9yaXphY2nzbiBkZWwgSW50ZXJ2ZW50b3IgZGUgQXJtYXM=', 0),
(466, 156, 'Tm8gaGF5IHBsYXpvIGVzdGFibGVjaWRv', 0),
(467, 156, 'RGlleiBk7WFz', 1),
(468, 156, 'VW4gZO1h', 0),
(469, 157, 'UG9yIGdpcm8gcG9zdGFs', 0),
(470, 157, 'QSB0cmF26XMgZGUgdW5hIGVtcHJlc2EgZGUgdHJhbnNwb3J0ZXM=', 1),
(471, 157, 'UG9yIG1lZGlvIGRlIHVuIGFtaWdvIHBlcnNvbmFs', 0),
(472, 158, 'U+0gc2UgcHVlZGUsIHNpZW1wcmUgcXVlIHRlbmdhIGxpY2VuY2lhIGRlIGFybWFz', 0),
(473, 158, 'U+0sIHNpZW1wcmUgcXVlIGVsIGNvbXByYWRvciBzZSBoYWxsZSBlbiBwb3Nlc2nzbiBkZSBsYSBnde1hIGRlIHBlcnRlbmVuY2lh', 0),
(474, 158, 'Tm8=', 1),
(475, 159, 'QXJtYXMgY2FyZ2FkYXM=', 0),
(476, 159, 'QXJtYXMgY29uIGNhcnR1Y2hlcu1hIGNvcnJlc3BvbmRpZW50ZSBhIGxhcyBtaXNtYXM=', 0),
(477, 159, 'TGEgYSkgeSBsYSBiKSBzb24gY2llcnRhcw==', 1),
(478, 160, 'RW4gbGEgZG9jdW1lbnRhY2nzbiB5IGVuIGVsIG1pc21vIHBhcXVldGUsIGVuIGNhcmFjdGVyZXMgZGUgc3VmaWNpZW50ZSBjbGFyaWRhZA==', 1),
(479, 160, 'Tm8gZGViZSBmaWd1cmFyIGVuIG5pbmf6biBzaXRpbyB2aXNpYmxlLCBwb3IgdHJhdGFyc2UgZGUgYXJtYXMgcXVlIGRlYmVuIHRyYW5zcG9ydGFyc2UgY29uIHRvZGEgcmVzZXJ2YQ==', 0),
(480, 160, 'U29sYW1lbnRlIGRlYmUgZmlndXJhciBlbiBsYSBkb2N1bWVudGFjafNuIChnde1hIGRlIGNpcmN1bGFjafNuKQ==', 0),
(481, 161, 'TG8gcHVlZGUgbGxldmFyIGVsIHRpdHVsYXIgcGVyc29uYWxtZW50ZQ==', 0),
(482, 161, 'UG9yIG1lZGlvIGRlIGVtcHJlc2EgZGUgdHJhbnNwb3J0ZQ==', 1),
(483, 161, 'Q29uIGF1dG9yaXphY2nzbiBkZSBsYSBhcm1lcu1h', 0),
(484, 162, 'UHJlc2VudGFyc2UgZW4gbGEgSW50ZXJ2ZW5jafNuIGRlIEFybWFzIGNvbiBsYSBsaWNlbmNpYSBkZSBjYXph', 0),
(485, 162, 'VHJhc2xhZGFyc2UgYSBsYSBJbnRlcnZlbmNp824gZGUgQXJtYXMgcGFyYSB2ZXIgc2kgbGUgZ3VzdGEgeSBzaSBubyBkZXZvbHZlcmxh', 0),
(486, 162, 'UHJlc2VudGFyc2UgZW4gbGEgSW50ZXJ2ZW5jafNuIGRlIEFybWFzIHByb3Zpc3RvIGRlIGxpY2VuY2lhIG8gZG9jdW1lbnRvIHF1ZSBsZSBhdXRvcmljZSBwYXJhIGFkcXVpcmlybGE=', 1),
(487, 163, 'RmFsc28=', 0),
(488, 163, 'Q2llcnRv', 1),
(489, 163, 'U29sbyBzaSBzZSB0cmF0YSBkZSBlc2NvcGV0YXM=', 0),
(490, 164, 'Q2llcnRv', 1),
(491, 164, 'RmFsc28=', 0),
(492, 164, 'U29sbyBlbiBsYXMgZGUgMqogY2F0ZWdvcu1h', 0),
(493, 165, 'RG9zIGHxb3M=', 0),
(494, 165, 'Q2luY28gYfFvcw==', 1),
(495, 165, 'VG9kb3MgbG9zIGHxb3M=', 0),
(496, 166, 'Q2luY28gYfFvcw==', 1),
(497, 166, 'TnVuY2E=', 0),
(498, 166, 'VHJlcyBh8W9z', 0),
(499, 167, 'U2k=', 1),
(500, 167, 'Tm8=', 0),
(501, 167, 'QWxndW5hIHZleg==', 0),
(502, 168, 'Tm8=', 0),
(503, 168, 'U2k=', 1),
(504, 168, 'RGVwZW5kZSBkZWwgdmFsb3IgaGlzdPNyaWNvIGRlbCBhcm1h', 0),
(505, 169, 'RW4gZWwgbWVzIHF1ZSBzZSBhYnJlIGxhIHZlZGEgZGUgY2F6YQ==', 0),
(506, 169, 'RW4gZWwgbWVzIGRlIGFicmls', 0),
(507, 169, 'RW4gZWwgbWVzIGNvcnJlc3BvbmRpZW50ZSBhIGxhIHJlbm92YWNp824gZGUgbGEgbGljZW5jaWE=', 1),
(508, 170, 'RGVtb3N0cmFyIGxhIHJlbGFjafNuIGRlIHBhcmVudGVzY28gY29uIGVsIHRpdHVsYXIgZGVsIGFybWE=', 0),
(509, 170, 'QXV0b3JpemFjafNuIGVzY3JpdGEgZGVsIHRpdHVsYXIgZGVsIGFybWE=', 1),
(510, 170, 'QXV0b3JpemFjafNuIGVzY3JpdGEgZGVsIERlbGVnYWRvIGRlbCBHb2JpZXJubyBkZSBsYSBDb211bmlkYWQ=', 0),
(511, 171, 'TGEgcOlyZGlkYSBkZSBsYSBwcm9waWVkYWQgZGVsIGFybWE=', 0),
(512, 171, 'QSBsYSBhcGVydHVyYSBkZSB1biBleHBlZGllbnRlIHNhbmNpb25hZG9y', 1),
(513, 171, 'Tm8gcG9kZXIgY2F6YXIgZW4gZWwgdHJhbnNjdXJzbyBkZSB1biBh8W8=', 0),
(514, 172, 'RWwgcHJvcGlvIGludGVyZXNhZG8=', 0),
(515, 172, 'RWwgSW50ZXJ2ZW50b3IgZGUgQXJtYXM=', 1),
(516, 172, 'RWwgSmVmZSBkZSBsYSBDb21hbmRhbmNpYSBkZSBsYSBHdWFyZGlhIENpdmls', 0),
(517, 173, 'TGEgcHJlc2VudGFjafNuIGRlbCBBcm1h', 1),
(518, 173, 'VGllbmUgcXVlIHNlciBwYXNhZGEgcG9yIGVsIHRpdHVsYXIgZGVsIEFybWE=', 0),
(519, 173, 'TGFzIHJlc3B1ZXN0YXMgYSkgeSBiKSBzb24gY2llcnRhcw==', 0),
(520, 174, 'VW5hIGluZnJhY2Np824gQWRtaW5pc3RyYXRpdmE=', 1),
(521, 174, 'VW4gRGVsaXRv', 0),
(522, 174, 'VW5hIGZhbHRhIHBlbmFs', 0),
(523, 175, 'Q2FkYSBh8W8=', 0),
(524, 175, 'Q2FkYSB0cmVzIGHxb3M=', 0),
(525, 175, 'Q2FkYSBjaW5jbyBh8W9z', 1),
(526, 176, 'Q2FkYSB0cmVzIGHxb3M=', 1),
(527, 176, 'Q2FkYSBjaW5jbyBh8W9z', 0),
(528, 176, 'RW4gY2FkYSBjb25jdXJzbw==', 0),
(529, 177, 'TGFzIGJhbGxlc3RhcyBubyBwYXNhbiByZXZpc3RhLCBwb3Igbm8gc2VyIGFybWFzIGRlIGZ1ZWdv', 0),
(530, 177, 'Q2FkYSB0cmVzIGHxb3M=', 0),
(531, 177, 'Q2FkYSBjaW5jbyBh8W9zIGNvbW8gbGFzIGVzY29wZXRhcw==', 1),
(532, 178, 'Tm8sIHRpZW5lIHF1ZSBzZXIgcGVyc29uYWxtZW50ZSBlbCB0aXR1bGFy', 0),
(533, 178, 'U+0sIHNpIGxvIGF1dG9yaXrzIGVsIHRpdHVsYXIgcG9yIGVzY3JpdG8=', 1),
(534, 178, 'U+0sIGFwcm92ZWNoYW5kbyBsYSByZXZpc3RhIGRlIGxhcyBzdXlhcywgc2luIG3hcyB0cuFtaXRl', 0),
(535, 179, 'Q2FkYSBjaW5jbyBh8W9z', 0),
(536, 179, 'Q2FkYSB0cmVzIGHxb3M=', 0),
(537, 179, 'Tm8gdGllbmUgcXVlIHBhc2FyIHJldmlzdGE=', 1),
(538, 180, 'RW4gY2FzbyBkZSBlbmZlcm1lZGFk', 0),
(539, 180, 'Q3VhbmRvIHNlYSBkZSBudWV2YSBhZHF1aXNpY2nzbg==', 0),
(540, 180, 'RW4gbmluZ/puIGNhc28=', 1),
(541, 181, 'NSBh8W9z', 1),
(542, 181, 'MyBh8W9z', 0),
(543, 181, 'Tm8gcGFzYSByZXZpc3Rh', 0),
(544, 182, 'MyBh8W9z', 0),
(545, 182, 'NSBh8W9z', 0),
(546, 182, 'Tm8gbmVjZXNpdGEgcGFzYXIgcmV2aXN0YQ==', 1),
(547, 183, 'U2k=', 1),
(548, 183, 'Tm8=', 0),
(549, 183, 'U/NsbyBzaSBzZSB1c2EgcGFyYSBjYXphcg==', 0),
(550, 184, 'U+0sIHNpZW1wcmUgcXVlIHNlYSBuZWNlc2FyaW8gY29uIGFycmVnbG8gYSBsbyBkaXNwdWVzdG8gZW4gZWwgUmVnbGFtZW50byBkZSBBcm1hcw==', 1),
(551, 184, 'UHVlZGUgZW5hamVuYXJzZSBhIGN1YWxxdWllcmE=', 0),
(552, 184, 'TGFzIGFybWFzIGRlIGZ1ZWdvIG5vIHB1ZWRlbiBlbmFqZW5hcnNl', 0),
(553, 185, 'QWwgYWRxdWlyZW50ZQ==', 0),
(554, 185, 'RW4gbGEgSW50ZXJ2ZW5jafNuIGRlIEFybWFz', 1),
(555, 185, 'RW4gZWwgQXl1bnRhbWllbnRv', 0),
(556, 186, 'U2llbXByZQ==', 1),
(557, 186, 'TnVuY2E=', 0),
(558, 186, '2m5pY2FtZW50ZSBsYXMgYXJtYXMgY29ydGFz', 0),
(559, 187, 'U2UgcGFydGljaXBhIHNpZW1wcmU=', 1),
(560, 187, 'Q3VhbmRvIHNlIGVuYWplbmEgYSB1bmEgYXJtZXLtYQ==', 0),
(561, 187, 'Q3VhbmRvIHNlIHJlZ2FsYSBhIGFsZ3VpZW4sIHNpbiBtZWRpYXIgcHJlY2lv', 0),
(562, 188, 'UXVlIHNlIGhhbGxlIGVuIHBvc2VzafNuIGRlIGxhIGxpY2VuY2lhIHBhcmEgZWwgYXJtYSBxdWUgcHJldGVuZGUgYWRxdWlyaXI=', 1),
(563, 188, 'UXVlIHRlbmdhIGxpY2VuY2lhIGRlIGNhemEgeSBzZWd1cm8gZGVsIGNhemFkb3I=', 0),
(564, 188, 'Tm8gZXMgbmVjZXNhcmlvIHJlcXVpc2l0byBhbGd1bm8=', 0),
(565, 189, 'UmVjaWJvIGRlIGNvbXByYS12ZW50YQ==', 0),
(566, 189, 'RW50cmVnYSBkZWwgYXJtYSBhbCBudWV2byB0aXR1bGFyIGNvbiBzdSBnde1hIGRlIHBlcnRlbmVuY2lh', 0),
(567, 189, 'RXhwZWRpY2nzbiBkZSBudWV2YSBnde1hIGRlIHBlcnRlbmVuY2lh', 1),
(568, 190, 'Q29taXNhcu1hIGRlIFBvbGlj7WE=', 0),
(569, 190, 'RGlyZWNjafNuIEdlbmVyYWwgZGUgbGEgR3VhcmRpYSBDaXZpbA==', 0),
(570, 190, 'SW50ZXJ2ZW5jafNuIGRlIEFybWFzIGNvcnJlc3BvbmRpZW50ZQ==', 1),
(571, 191, 'Q2llcnRv', 1),
(572, 191, 'U29sbyBsYXMgZXNjb3BldGFz', 0),
(573, 191, 'TG9zIGV4dHJhbmplcm9zIHJlc2lkZW50ZXMgbm8gcHVlZGVuIHByZXN0YXIgc3VzIGFybWFz', 0),
(574, 192, 'U2VyIHByb3BpZXRhcmlvIGRlIHVuIGNvdG8gZGUgY2F6YQ==', 0),
(575, 192, 'UG9zZWVyIGxhIGNvcnJlc3BvbmRpZW50ZSBsaWNlbmNpYSBkZSBhcm1hcw==', 1),
(576, 192, 'VGVuZXIgYWZpY2lvbmVzIGNpbmVn6XRpY2Fz', 0),
(577, 193, 'TWllbnRyYXMgc2VhIHRpdHVsYXIgZGUgdW4gY290byBkZSBjYXph', 0),
(578, 193, 'VW4gbWVz', 0),
(579, 193, 'UXVpbmNlIGTtYXMgY29tbyBt4XhpbW8=', 1),
(580, 194, 'UG9yIGVzY3JpdG8sIGZlY2hhZG8geSBmaXJtYWRv', 1),
(581, 194, 'RGUgcGFsYWJyYQ==', 0),
(582, 194, 'UG9yIHRlbOlmb25v', 0),
(583, 195, 'QSBxdWllbiB0ZW5nYSBsaWNlbmNpYSBkZSBjYXph', 0),
(584, 195, 'Tm8gcHVlZGUgcHJlc3Rhcmxh', 0),
(585, 195, 'QSBxdWllbmVzIGVzdOluIHByb3Zpc3RvcyBkZSBsYSBsaWNlbmNpYSBkZSBhcm1hcyBjb3JyZXNwb25kaWVudGUgeSBkZSBsaWNlbmNpYSBkZSBjYXph', 1),
(586, 196, 'QSBuYWRpZQ==', 0),
(587, 196, 'QSBxdWllbmVzIGVzdOluIHByb3Zpc3RvcyBkZSBsYSBsaWNlbmNpYSBkZSBhcm1hcyBjb3JyZXNwb25kaWVudGUgeSBkZSBsaWNlbmNpYSBkZSBjYXph', 1),
(588, 196, 'QSBxdWllbiBlc3TpIHByb3Zpc3RvIGRlIGxpY2VuY2lhIGRlIGNhemE=', 0),
(589, 197, 'Q2llcnRv', 1),
(590, 197, 'RW4gbmluZ/puIGNhc28=', 0),
(591, 197, 'RGVwZW5kZSBkZSBsYSBDb211bmlkYWQgQXV0825vbWE=', 0),
(592, 198, 'Q29uIHN1cyBnde1hcyBkZSBwZXJ0ZW5lbmNpYQ==', 1),
(593, 198, 'Q29uIGxhIGxpY2VuY2lhIGRlIGNhemE=', 0),
(594, 198, 'Q29uIGxhIGd17WEgZGUgY2lyY3VsYWNp824=', 0),
(595, 199, 'Q29uIHN1cyBnde1hcyBkZSBwZXJ0ZW5lbmNpYQ==', 1),
(596, 199, 'Tm8gc2UgcHVlZGVuIHByZXN0YXI=', 0),
(597, 199, 'Q29uIHN1cyBmdW5kYXM=', 0),
(598, 200, 'U+0sIHNpIHF1aWVuIGxhIHZhIGEgdXRpbGl6YXIgZGlzcG9uZSBkZSBmaW5jYSBwYXJ0aWN1bGFyIHBhcmEgZWwgZWplcmNpY2lvIGRlIGxhIGNhemE=', 0),
(599, 200, 'Tm8=', 1),
(600, 200, 'U2ksIHBvciBubyBzZXIgcmVxdWlzaXRvIGZ1bmRhbWVudGFs', 0),
(601, 201, 'U+0=', 0),
(602, 201, 'Tm8gcG9yIHNlciBhcm1hIGRlIGd1ZXJyYSBwcm9oaWJpZGEgYSBwYXJ0aWN1bGFyZXM=', 1),
(603, 201, 'U+0sIHNpIGVtcGxlYSBtdW5pY2nzbiBkZSBjYXph', 0),
(604, 202, 'MTQgYfFvcw==', 0),
(605, 202, 'MTYgYfFvcw==', 0),
(606, 202, 'MTggYfFvcw==', 1),
(607, 203, 'RGVwZW5kZXLhIGRlbCBu+m1lcm8gZGUgYW1hcyBxdWUgc2UgcG9zZWFu', 0),
(608, 203, 'VW5h', 1),
(609, 203, 'RG9z', 0),
(610, 204, 'TGljZW5jaWEgk0SUIHkgZ3XtYSBkZWwgYXJtYSBxdWUgdXRpbGljZQ==', 1),
(611, 204, 'VGFyamV0YSBkZSBhcm1hcw==', 0),
(612, 204, 'U29sbyBsYSBnde1hIGRlIHBlcnRlbmVuY2lh', 0),
(613, 205, 'U+0=', 1),
(614, 205, 'Tm8=', 0),
(615, 205, 'U2ksIHBvciBzZXIgdW4gcGHtcyBkZSBsYSBVLkU=', 0),
(616, 206, 'Tm8sIHBvcnF1ZSBlc3ThIHByb2hpYmlkbyBzdSB1c28=', 1),
(617, 206, 'U2kgcG9ycXVlIGVsIHRpdHVsYXIgZGUgbGEgbGljZW5jaWEgeSBlbCBsaWJyby1yZWdpc3RybyBlcyBsYSBtaXNtYSBwZXJzb25h', 0),
(618, 206, 'Tm8gcG9ycXVlIGVzdOEgcHJvaGliaWRhIHN1IGNpcmN1bGFjafNu', 0),
(619, 207, 'VGFyamV0YSBkZSBhcm1hcw==', 0),
(620, 207, 'VW4gcGVybWlzbyBkZSBhcm1hcw==', 0),
(621, 207, 'TGljZW5jaWEgZGUgYXJtYXMgdGlwbyAiRSI=', 1),
(622, 208, 'TGFzIHB1ZWRlIHRlbmVyIHkgdXNhciBjdWFscXVpZXJhLCBwdWVzIG5vIHNlIHRyYXRhIGRlIHVuIGFybWE=', 0),
(623, 208, 'TmVjZXNpdGFuIHVuYSBhdXRvcml6YWNp824gZXNwZWNpYWwgZGUgbGEgSW50ZXJ2ZW5jafNuIGRlIEFybWFzIGRlIGxhIEd1YXJkaWEgQ2l2aWw=', 0),
(624, 208, 'TGFzIHBlcnNvbmFzIHF1ZSBlc3TpbiBlbiBwb3Nlc2nzbiBkZSBsaWNlbmNpYSBkZSBhcm1hcyB0aXBvICJEIg==', 1),
(625, 209, 'RGViZSB0ZW5lciBjb21vIG3tbmltbyAxOCBh8W9zIHkgZXN0YXIgZW4gcG9zZXNp824gZGUgbGljZW5jaWEgZGUgYXJtYXMgdGlwbyAiRCI=', 1),
(626, 209, 'VGVuZXIgZW50cmUgMTYgeSAxOCBh8W9zIHkgZXN0YXIgZW4gcG9zZXNp824gZGUgYXV0b3JpemFjafNuIGVzcGVjaWFsIGRlIHVzbyBkZSBhcm1hcyBwYXJhIG1lbm9yZXM=', 0),
(627, 209, 'VGVuZXIgY29tbyBt7W5pbW8gMTYgYfFvcywgdGVuZXIgbGljZW5jaWEgZGUgYXJtYXMgdGlwbyAiRCIgeSBxdWUgbGEgSW50ZXJ2ZW5jafNuIGRlIEFybWFzIGxlIGF1dG9yaWNl', 0),
(628, 210, 'RG9zLCB1bmEgcGFyYSBsYSBlc2NvcGV0YSB5IG90cmEgcGFyYSBlbCByaWZsZQ==', 0),
(629, 210, 'RG9zIGxpY2VuY2lhcyBlbiB1biBtb2RlbG8gZGUgbGljZW5jaWEgZXNwZWNpYWw=', 0),
(630, 210, 'U2UgZXhwZWRpcuEgdW5hIGxpY2VuY2lhIGRlIGFybWFzLCB0ZW5pZW5kbyBlbiBjdWVudGEgZWwgYXJtYSBkZSBtYXlvciBwZWxpZ3Jvc2lkYWQsIGVuIGVzdGUgY2FzbyBsaWNlbmNpYSBkZSBhcm1hcyB0aXBvICJEIg==', 1),
(631, 211, 'TGljZW5jaWEgZGUgYXJtYXMgk0SUIHkgk0WU', 1),
(632, 211, 'U29sbyBsaWNlbmNpYSCTRJQgcHVlcyBhbXBhcmEgdW4gYXJtYSBkZSBtYXlvciBwZWxpZ3Jvc2lkYWQ=', 0),
(633, 211, 'TGljZW5jaWEgZGUgYXJtYXMgk0SUIG8gk0WULCBlcyBpbmRpZmVyZW50ZQ==', 0),
(634, 212, 'R3XtYSBkZSBwZXJ0ZW5lbmNpYQ==', 1),
(635, 212, 'TGljZW5jaWEgZGUgYXJtYXMgY29ycmVzcG9uZGllbnRl', 0),
(636, 212, 'VGFyamV0YSBmZWRlcmF0aXZh', 0),
(637, 213, 'R3XtYSBkZSBwZXJ0ZW5lbmNpYQ==', 0),
(638, 213, 'R3XtYSBkZSBjaXJjdWxhY2nzbg==', 0),
(639, 213, 'QXV0b3JpemFjafNuIHRlbXBvcmFsIGRlIHVzbyBkZSBhcm1hcw==', 1),
(640, 214, 'R3XtYSBkZSBwZXJ0ZW5lbmNpYQ==', 0),
(641, 214, 'R3XtYSBkZSBjaXJjdWxhY2nzbg==', 0),
(642, 214, 'QXV0b3JpemFjafNuIHRlbXBvcmFsIGRlIHVzbyBkZSBhcm1hcw==', 1),
(643, 215, 'RXMgdW5hIGF1dG9yaXphY2nzbiBxdWUgc2Ugb3RvcmdhIGEgY3VhbHF1aWVyIHBlcnNvbmEgbWF5b3IgZGUgZWRhZCBwYXJhIHBvZGVyIGNhemFyIHF1aW5jZSBk7WFz', 0),
(644, 215, 'RXMgdW5hIGF1dG9yaXphY2nzbiBxdWUgc2UgY29uY2VkZSBhIGxhcyBwZXJzb25hcyBjb24gbGljZW5jaWFzIGRlIGFybWFzIGNhZHVjYWRhcyBwYXJhIHBvZGVyIGNhemFy', 0),
(645, 215, 'U29uIGF1dG9yaXphY2lvbmVzIHF1ZSBleHBpZGVuIGxvcyBJbnRlcnZlbnRvcmVzIGRlIEFybWFzIGEgbGFzIHBlcnNvbmFzIGNvbiBsaWNlbmNpYXMgZGUgYXJtYXMgcHLzeGltYXMgYSBjYWR1Y2FyLCBjb24gdW4gcGVy7W9kbyBkZSB2aWdlbmNpYSBkZSB0cmVzIG1lc2VzIHkgc29sYW1lbnRlIHBhcmEgZWwgdXNvIGRlIGxhcyBhcm1hcw==', 1),
(646, 216, 'VW4gbWVz', 0),
(647, 216, 'RG9zIG1lc2Vz', 0),
(648, 216, 'VHJlcyBtZXNlcw==', 1),
(649, 217, 'RWwgQWxjYWxkZSBkZWwgQXl1bnRhbWllbnRv', 0),
(650, 217, 'RWwgSW50ZXJ2ZW50b3IgZGUgQXJtYXMgeSBFeHBsb3Npdm9z', 1),
(651, 217, 'RWwgQXJtZXJvIGF1dG9yaXphZG8=', 0),
(652, 218, 'TGljZW5jaWEgZGUgY2F6YQ==', 0),
(653, 218, 'Q29uIGd17WEgZGUgcGVydGVuZW5jaWE=', 1),
(654, 218, 'VGFyamV0YSBkZXBvcnRpdmE=', 0),
(655, 219, 'TGljZW5jaWEgZGUgYXJtYXMgk0SU', 0),
(656, 219, 'R3XtYSBkZSBjaXJjdWxhY2nzbg==', 0),
(657, 219, 'Q29uIGd17WEgZGUgcGVydGVuZW5jaWE=', 1),
(658, 220, 'Q29uIGd17WEgZGUgcGVydGVuZW5jaWE=', 1),
(659, 220, 'VGFyamV0YSBkZSBhcm1hcw==', 0),
(660, 220, 'R3XtYSBlc3BlY2lhbA==', 0),
(661, 221, 'VGFyamV0YSBkZXBvcnRpdmE=', 0),
(662, 221, 'Q29uIGd17WEgZGUgcGVydGVuZW5jaWE=', 1),
(663, 221, 'TGljZW5jaWEgZmVkZXJhdGl2YQ==', 0),
(664, 222, 'Q2VydGlmaWNhZG8gZGUgbGEgQ29tYW5kYW5jaWEgZGUgbWFyaW5h', 0),
(665, 222, 'Tm8gZXMgbmVjZXNhcmlvIG5pbmf6biBkb2N1bWVudG8=', 0),
(666, 222, 'Q29uIGd17WEgZGUgcGVydGVuZW5jaWE=', 1),
(667, 223, 'VW5h', 1),
(668, 223, 'RG9z', 0),
(669, 223, 'TmluZ3VuYQ==', 0),
(670, 224, 'Tm8gZXMgbmVjZXNhcmlv', 0),
(671, 224, 'U29sbyBjdWFuZG8gc2UgZGVwb3NpdGUgZWwgYXJtYQ==', 0),
(672, 224, 'RW4gY2FzbyBkZSB1c28sIGRlcPNzaXRvIHkgdHJhbnNwb3J0ZQ==', 1),
(673, 225, 'RXNjb3BldGFz', 0),
(674, 225, 'UGlzdG9sYXM=', 0),
(675, 225, 'QXJjb3M=', 1),
(676, 226, 'UGlzdG9sYSBsYW56YSBiZW5nYWxhcw==', 1),
(677, 226, 'RvpzaWwgbGFuemFjYWJvcw==', 0),
(678, 226, 'RvpzaWwgZGUgaW55ZWNjafNuIGFuZXN06XNpY2E=', 0),
(679, 227, 'U29sYW1lbnRlIHNlIHB1ZWRlIGxlZ2FsaXphciB1bmEgZXNjb3BldGE=', 1),
(680, 227, 'RWwgbnVldm8gUmVnbGFtZW50byBkZSBBcm1hcyBwZXJtaXRlIGxlZ2FsaXphciBt4XMgZGUgdW5hIGVzY29wZXRhIHNpIGVzIGRlbCBtaXNtbyB0aXR1bGFy', 0),
(681, 227, 'Q29uIHVuYSBnde1hIGRlIHZhcmlvcyBjdWVycG9zLCBzZSBwdWVkZW4gbGVnYWxpemFyIGVzY29wZXRhcyB5IHJpZmxlcyBhIGxhIHZleg==', 0),
(682, 228, 'RWwgbm9tYnJlIGRlbCBmYWJyaWNhbnRl', 0),
(683, 228, 'TGEgcHJvdmluY2lhIGRvbmRlIGZ1ZSBmYWJyaWNhZGEgZWwgYXJtYQ==', 0),
(684, 228, 'TGEgcmVzZfFhIGNvbXBsZXRhIGRlbCBhcm1h', 1),
(685, 229, 'TGljZW5jaWEgZGUgYXJtYXMgk0SU', 1),
(686, 229, 'TGljZW5jaWEgZGUgYXJtYXMgk0WU', 0),
(687, 229, 'TGljZW5jaWEgZGUgYXJtYXMgk0aU', 0),
(688, 230, 'TGljZW5jaWEgZGUgYXJtYXMgk0WU', 0),
(689, 230, 'TGljZW5jaWEgZGUgYXJtYXMgk0aU', 0),
(690, 230, 'TGljZW5jaWEgZGUgYXJtYXMgIkQi', 1),
(691, 231, 'RnVzaWxlcyBsYW56YWNhYm9z', 0),
(692, 231, 'RXNjb3BldGFz', 0),
(693, 231, 'QXJtYXMgbGFyZ2FzIHJheWFkYXMgcGFyYSBjYXphIG1heW9y', 1),
(694, 232, 'TGljZW5jaWEgZGUgYXJtYXMgk0SU', 0),
(695, 232, 'TGljZW5jaWEgZGUgYXJtYXMgk0OU', 0),
(696, 232, 'TGljZW5jaWEgZGUgYXJtYXMgIkUi', 1),
(697, 233, 'Tm8gcHJlY2lzYW4gbGljZW5jaWE=', 0),
(698, 233, 'TGljZW5jaWEgZGUgYXJtYXMgIkUi', 1),
(699, 233, 'VGFyamV0YSBkZXBvcnRpdmE=', 0),
(700, 234, 'QXJtYXMgZGUgbGEgY2F0ZWdvcu1hIDOqLCA3qiAyIHkgN6ogMw==', 1),
(701, 234, 'QXJtYXMgZGUgbGEgY2F0ZWdvcu1hIDSqIHkgNao=', 0),
(702, 234, 'QXJtYXMgZGUgbGEgY2F0ZWdvcu1hIDOqIHkgNKo=', 0),
(703, 235, 'Q2luY28gYXJtYXMgbGFyZ2FzIHJheWFkYXM=', 0),
(704, 235, 'U3UgbvptZXJvIG5vIGV4Y2VkZXLhIGRlIDYgZXNjb3BldGFzIPMgNiBhcm1hcyBsYXJnYXMgcmF5YWRhcyBwYXJhIHRpcm8gZGVwb3J0aXZvLCBuaSAxMiBhcm1hcyBlbiB0b3RhbA==', 1),
(705, 235, 'TmluZ3VuYSBkZSBsYXMgYW50ZXJpb3Jlcw==', 0),
(706, 236, 'Q3VhdHJv', 0),
(707, 236, 'Q2luY28=', 0),
(708, 236, 'U2Vpcw==', 1),
(709, 237, 'Q3VhdHJv', 0),
(710, 237, 'Q2luY28=', 0),
(711, 237, 'U2Vpcw==', 1),
(712, 238, 'Q2luY28sIGxvIG1pc21vIHF1ZSBsb3MgcmlmbGVz', 0),
(713, 238, 'U29sYW1lbnRlIHRyZXM=', 0),
(714, 238, 'TmluZ3VuYSwgbGFzIGNhcmFiaW5hcyBkZSBhaXJlIG8gZ2FzIGNvbXByaW1pZG8gc2UgbGVnYWxpemFuIGNvbiB0YXJqZXRhcyBkZSBhcm1hcyBxdWUgZXhwaWRlbiBsb3MgQWxjYWxkZXM=', 1),
(715, 239, 'RGUgbGljZW5jaWEgZGUgYXJtYXMgY29ycmVzcG9uZGllbnRlIGFsIHBh7XMgZG9uZGUgdmlhamU=', 0),
(716, 239, 'RGUgVGFyamV0YXMgZGUgYXJtYXMgY29ycmVzcG9uZGllbnRlIGFsIHBh7XMgZG9uZGUgdmlhamU=', 0),
(717, 239, 'RGUgbGEgVGFyamV0YSBFdXJvcGVhIGRlIEFybWFz', 1),
(718, 240, 'RG9zIGHxb3M=', 0),
(719, 240, 'VHJlcyBh8W9z', 0),
(720, 240, 'Q2luY28gYfFvcw==', 1),
(721, 241, 'U29sbyBhcm1hcyBjb3J0YXM=', 0),
(722, 241, 'TGFzIHF1ZSBsbGV2ZSBvIHV0aWxpY2Ugc3UgdGl0dWxhcg==', 1),
(723, 241, 'QXJtYXMgYW1wYXJhZGFzIGNvbiBnde1hIGVzcGVjaWFs', 0),
(724, 242, 'TWVkaWFudGUgZXhoaWJpY2nzbiBkZSBsYSBjb3JyZXNwb25kaWVudGUgbGljZW5jaWEgZGUgY2F6YQ==', 1),
(725, 242, 'SnVzdGlmaWNhbnRlIGRlbCBzb2xpY2l0YW50ZSBkZSBwZXJ0ZW5lY2VyIGEgdW5hIEZlZGVyYWNp824gRGVwb3J0aXZh', 0),
(726, 242, 'TmluZ3VuYSBkZSBsYXMgYW50ZXJpb3Jlcw==', 0),
(727, 243, 'Tm8=', 0),
(728, 243, 'U+0=', 1),
(729, 243, 'VGVuZHLhIHF1ZSBhY29tcGHxYXIgZWwganVzdGlmaWNhbnRlIGRlIHNlciBzb2NpbyBkZSB1biBjb3RvIGRlIGNhemE=', 0),
(730, 244, 'QSBsb3MgZXNwYfFvbGVzIHkgZXh0cmFuamVyb3MgcmVzaWRlbnRlcyBlbiBFc3Bh8WE=', 1),
(731, 244, 'QSBsb3MgZXNwYfFvbGVzIHJlc2lkZW50ZXMgbyBubyBlbiBFc3Bh8WE=', 0),
(732, 244, 'QSBsb3MgZXh0cmFuamVyb3MgcmVzaWRlbnRlcyBvIG5vIGVuIEVzcGHxYQ==', 0),
(733, 245, 'TWFudGVuZXIgbGEgdGl0dWxhcmlkYWQgZGUgbGFzIGFybWFzIHF1ZSBhbXBhcmU=', 1),
(734, 245, 'TGljZW5jaWEgY29ycmVzcG9uZGllbnRl', 0),
(735, 245, 'Q2VydGlmaWNhZG8gZGUgYW50ZWNlZGVudGVzIHBlbmFsZXM=', 0),
(736, 246, 'Q2luY28gYfFvcw==', 0),
(737, 246, 'VHJlcyBh8W9z', 0),
(738, 246, 'SGFzdGEgbGEgbWF5b3LtYSBkZSBlZGFk', 1),
(739, 247, 'MTQgYfFvcw==', 0),
(740, 247, 'MTYgYfFvcw==', 1),
(741, 247, 'MTggYfFvcw==', 0),
(742, 248, 'MTQgYfFvcw==', 1),
(743, 248, 'MTYgYfFvcw==', 0),
(744, 248, 'MTggYfFvcw==', 0),
(745, 249, 'UGVyc29uYXMgbWF5b3JlcyBkZSBlZGFk', 0),
(746, 249, 'UGVyc29uYXMgbWF5b3JlcyBkZSBlZGFkIGNvbiBsaWNlbmNpYSBkZSBhcm1hcyBELCBFIG8gRg==', 1),
(747, 249, 'UGVyc29uYXMgbWF5b3JlcyBkZSBlZGFkIHkgcGFyYSBjYXphcg==', 0),
(748, 250, 'QSBhY29tcGHxYXJsbyBoYXN0YSBlbCBsdWdhciBkZSBsYSBjYWNlcu1h', 0),
(749, 250, 'QSB2aWdpbGFybG8gZW4gdG9kbyBtb21lbnRvIHkgbHVnYXI=', 0),
(750, 250, 'QSBhY29tcGHxYXJsbyB5IHZpZ2lsYXJsbyBlbiBjYWRhIGNhY2Vy7WEgbyBhY3RvIGRlcG9ydGl2bw==', 1),
(751, 251, 'U+0sIHNpIHRpZW5lIGF1dG9yaXphY2nzbiBlc3BlY2lhbCBkZSBtZW5vcmVz', 0),
(752, 251, 'UHVlZGUgc2VyIHRpdHVsYXIgZGUgdW5hIGVzY29wZXRhIHNvbGFtZW50ZSBwYXJhIGNhemFy', 0),
(753, 251, 'VW4gbWVub3IsIG5vIHB1ZWRlIHNlciB0aXR1bGFyIGRlIHVuYSBlc2NvcGV0YQ==', 1),
(754, 252, 'Q2luY28gYfFvcw==', 1),
(755, 252, 'RG9zIGHxb3M=', 0),
(756, 252, 'VHJlcyBh8W9z', 0),
(757, 253, 'VW5h', 0),
(758, 253, 'VHJlcw==', 0),
(759, 253, 'Q2luY28=', 1),
(760, 254, 'VW5h', 0),
(761, 254, 'RG9zLCBzaSBubyB0aWVuZSBsaWNlbmNpYSBkZSBhcm1hcyB0aXBvICJEIg==', 0),
(762, 254, 'TmluZ3VuYQ==', 1),
(763, 255, 'UG9yIGVsIGludGVyZXNhZG8=', 0),
(764, 255, 'UG9yIGVsIGludGVyZXNhZG8geSBwb3IgbGEgcGVyc29uYSBxdWUgZWplcmNlIGxhIHBhdHJpYSBwb3Rlc3RhZCBvIHR1dGVsYQ==', 1),
(765, 255, 'UG9yIGVsIHBhZHJlIGRlbCBpbnRlcmVzYWRv', 0),
(766, 256, 'VHJlcyBh8W9z', 0),
(767, 256, 'VW4gYfFv', 0),
(768, 256, 'Q2luY28gYfFvcyB2aXNhZGEgY2FkYSBEb3MgYfFvcw==', 1),
(769, 257, 'UGVybWFuZW50ZQ==', 0),
(770, 257, 'VW4gYfFv', 0),
(771, 257, 'Q2luY28gYfFvcyB2aXNhZGEgY2FkYSBEb3MgYfFvcw==', 1),
(772, 258, 'RG9zIGHxb3M=', 0),
(773, 258, 'VHJlcyBh8W9z', 0),
(774, 258, 'Q2luY28gYfFvcyB2aXNhZGEgY2FkYSBh8W8=', 1),
(775, 259, 'Q2luY28gYfFvcyB2aXNhZGEgY2FkYSBh8W8=', 1),
(776, 259, 'RG9zIGHxb3M=', 0),
(777, 259, 'UGVybWFuZW50ZQ==', 0),
(778, 260, 'VW4gbWVz', 0),
(779, 260, 'RG9zIG1lc2Vz', 0),
(780, 260, 'VHJlcyBtZXNlcw==', 1),
(781, 261, 'UmV0aXJhZGEgZGUgdG9kYXMgbGFzIGFybWFz', 0),
(782, 261, 'UmV2b2NhciBsYSBsaWNlbmNpYQ==', 1),
(783, 261, 'TmluZ3VuYSBkZSBsYXMgYW50ZXJpb3Jlcw==', 0),
(784, 262, 'UG9yIHVuIHBlcu1vZG8gbeF4aW1vIGRlIGRvcyBh8W9z', 1),
(785, 262, 'UG9yIGVsIHRpZW1wbyBxdWUgbGUgZmFsdGUgcGFyYSBjYWR1Y2Fy', 0),
(786, 262, 'TeF4aW1vIHRyZXMgYfFvcw==', 0),
(787, 263, 'Q3VhbmRvIGxvIHNvbGljaXRlIGVsIHRpdHVsYXI=', 0),
(788, 263, 'RW4gY3VhbHF1aWVyIG1vbWVudG8=', 1),
(789, 263, 'RW4gbG9zIGNhc29zIGRlIGluZnJhY2Np824=', 0),
(790, 264, 'TWFudGVuaW1pZW50byBkZSBsb3MgcmVxdWlzaXRvcyBleGlnaWJsZXMgZW4gZWwgUmVnbGFtZW50byBkZSBBcm1hcw==', 1),
(791, 264, 'Tm8gaGFiZXIgY2FtYmlhZG8gZGUgcmVzaWRlbmNpYQ==', 0),
(792, 264, 'Tm8gaGFiZXIgbGxlZ2FkbyBhIGxhIGVkYWQgZGUgNjUgYfFvcw==', 0),
(793, 265, 'Q29ub2NpbWllbnRvIGRlbCBSZWdsYW1lbnRvIGRlIGNhemE=', 0),
(794, 265, 'Q29ub2NpbWllbnRvIGRlIGxhcyBhcm1hcywgc3UgY3VpZGFkbyB5IGNvbnNlcnZhY2nzbiB5IHNvYnJlIGhhYmlsaWRhZCBwYXJhIHN1IG1hbmVqbyB5IHV0aWxpemFjafNu', 1),
(795, 265, 'Q29ub2NpbWllbnRvIGRlIGxhcyBsaWNlbmNpYXMgcXVlIGV4aXN0ZW4=', 0),
(796, 266, 'RWwgRGVsZWdhZG8gZGVsIEdvYmllcm5v', 0),
(797, 266, 'RWwgSW50ZXJ2ZW50b3IgZGUgQXJtYXM=', 1),
(798, 266, 'RWwgRGlyZWN0b3IgR2VuZXJhbCBkZSBsYSBHdWFyZGlhIENpdmls', 0),
(799, 267, 'Q2VydGlmaWNhZG8gYW50ZWNlZGVudGVzIHBlbmFsZXMgZSBpbmZvcm1lIGRlIGFwdGl0dWRlcyBwc2ljb2btc2ljYXM=', 0),
(800, 267, 'Rm90b2NvcGlhIGRlbCBETkkgbyBlbiBzdSBjYXNvIHRhcmpldGEgZGUgYXV0b3JpemFjafNuIGRlIHJlc2lkZW5jaWE=', 0),
(801, 267, 'VG9kb3MgbG9zIHJlc2XxYWRvcyBlbiBsYSBBIHkgQg==', 1),
(802, 268, 'RW4gbGEgSW50ZXJ2ZW5jafNuIGRlIEFybWFzIGRlIGxhIEd1YXJkaWEgQ2l2aWwgZGUgbGEgbG9jYWxpZGFkIGNvcnJlc3BvbmRpZW50ZSBhbCBkb21pY2lsaW8gZGVsIGludGVyZXNhZG8=', 1),
(803, 268, 'RW4gbGEgQ29taXNhcu1hIGRlIFBvbGlj7WEgbeFzIHBy83hpbWE=', 0),
(804, 268, 'RW4gbGEgQWxjYWxk7WE=', 0),
(805, 269, 'U29sYW1lbnRlIGVsIGNlcnRpZmljYWRvIGRlIGFudGVjZWRlbnRlcyBwZW5hbGVzIGUgaW5mb3JtZSBkZSBhcHRpdHVkIHBzaWNvZu1zaWNh', 0),
(806, 269, 'Q2VydGlmaWNhZG8gZGUgYW50ZWNlZGVudGVzIHBlbmFsZXMgZW4gdmlnb3IsIEZvdG9jb3BpYSBkZWwgRE5JLCBJbmZvcm1lIGRlIGFwdGl0dWQgcHNpY29m7XNpY2FzIHkgYWNyZWRpdGFjafNuIGRlIGxhIGRlZGljYWNp824gcmVhbCBhbCBlamVyY2ljaW8gZGUgbGEgY2F6YSBvIGRlIGxvcyBkZXBvcnRlcyBjb3JyZXNwb25kaWVudGVz', 1),
(807, 269, 'TmluZ3VuYSBkZSBsYXMgYW50ZXJpb3Jlcw==', 0),
(808, 270, 'SW5mb3JtZSBkZSBhcHRpdHVkZXMgUHNpY29m7XNpY2Fz', 0),
(809, 270, 'Q2VydGlmaWNhZG8gZGUgYW50ZWNlZGVudGVzIHBlbmFsZXM=', 0),
(810, 270, 'Q2VydGlmaWNhZG8gZGVsIEFsY2FsZGU=', 1),
(811, 271, 'SW5mcmFjY2lvbmVzIHBlbmFsZXMgZSBpbmZyYWNjaW9uZXMgYWRtaW5pc3RyYXRpdmFz', 1),
(812, 271, 'SW5mcmFjY2lvbmVzIHBlbmFsZXM=', 0),
(813, 271, 'SW5mcmFjY2lvbmVzIG11eSBncmF2ZXMsIGdyYXZlcyB5IGxldmVz', 0),
(814, 272, 'R3JhdmVzLCBtZW5vcyBncmF2ZXMgeSBsZXZlcw==', 0),
(815, 272, 'TXV5IEdyYXZlcywgZ3JhdmVzIHkgbGV2ZXM=', 1),
(816, 272, 'R3JhdmVzIHkgbGV2ZXM=', 0),
(817, 273, 'RWwgRGVsZWdhZG8gZGVsIEdvYmllcm5vIHkgZWwgRGlyZWN0b3IgR2VuZXJhbCBkZSBsYSBHdWFyZGlhIENpdmls', 0),
(818, 273, 'RWwgYWxjYWxkZQ==', 0),
(819, 273, 'TGFzIGRvcyBhbnRlcmlvcmVzIHNvbiBjb3JyZWN0YXM=', 1),
(820, 274, 'SW50ZXJ2ZW50b3IgZGUgQXJtYXMgeSBFeHBsb3Npdm9z', 0),
(821, 274, 'RGlyZWN0b3IgR2VuZXJhbCBkZSBsYSBHdWFyZGlhIENpdmlsLCBEZWxlZ2FkbyBkZWwgR29iaWVybm8geSBsb3MgQWxjYWxkZXM=', 1),
(822, 274, 'RGVsZWdhZG8gZGUgSGFjaWVuZGE=', 0),
(823, 275, 'QSBsb3MgMyBtZXNlcw==', 1),
(824, 275, 'QWwgYfFv', 0),
(825, 275, 'QSBsb3MgMiBh8W9z', 0),
(826, 276, 'QSBsb3MgMyBtZXNlcw==', 0),
(827, 276, 'QWwgYfFv', 1),
(828, 276, 'QSBsb3MgMiBh8W9z', 0),
(829, 277, 'QSBsb3MgMyBtZXNlcw==', 0),
(830, 277, 'QWwgYfFv', 0),
(831, 277, 'QSBsb3MgMiBh8W9z', 1),
(832, 278, 'QWwgYfFv', 1),
(833, 278, 'QSBsb3MgMiBh8W9z', 0),
(834, 278, 'QSBsb3MgNCBh8W9z', 0),
(835, 279, 'QWwgYfFv', 0),
(836, 279, 'QSBsb3MgMiBh8W9z', 1),
(837, 279, 'QSBsb3MgNCBh8W9z', 0),
(838, 280, 'QWwgYfFv', 0),
(839, 280, 'QSBsb3MgMiBh8W9z', 0),
(840, 280, 'QSBsb3MgNCBh8W9z', 1),
(841, 281, 'Q3VhbmRvIGxhcyByZXNvbHVjaW9uZXMgYWRxdWllcmFuIGZpcm1lemEgZW4gdu1hIGFkbWluaXN0cmF0aXZh', 1),
(842, 281, 'QSBsb3MgZGlleiBk7WFzIGRlIG5vdGlmaWNhciBsYSByZXNvbHVjafNuIGFsIGludGVyZXNhZG8=', 0),
(843, 281, 'QSBsb3MgMzAgZO1hcyBkZSBub3RpZmljYXIgbGEgcmVzb2x1Y2nzbiBhbCBpbnRlcmVzYWRv', 0),
(844, 282, 'U+0=', 0),
(845, 282, 'RW4gbmluZ/puIGNhc28=', 1),
(846, 282, 'RGVwZW5kZXLhIGRlIGxhIEF1dG9yaWRhZCBKdWRpY2lhbA==', 0),
(847, 283, 'TXV5IGdyYXZl', 1),
(848, 283, 'R3JhdmU=', 0),
(849, 283, 'TGV2ZQ==', 0),
(850, 284, 'TXV5IGdyYXZl', 1),
(851, 284, 'R3JhdmU=', 0),
(852, 284, 'TGV2ZQ==', 0),
(853, 285, 'TXV5IGdyYXZl', 1),
(854, 285, 'R3JhdmU=', 0),
(855, 285, 'TGV2ZQ==', 0),
(856, 286, 'TXV5IGdyYXZl', 1),
(857, 286, 'R3JhdmU=', 0),
(858, 286, 'TGV2ZQ==', 0),
(859, 287, 'R3Jhdu1zaW1h', 0),
(860, 287, 'TGV2ZQ==', 0),
(861, 287, 'TmluZ3VuYSBkZSBsYXMgYW50ZXJpb3Jlcw==', 1),
(862, 288, 'TXVsdGEgZGUgMzAwNTC0NjEgYSA2MDEwMTK0MTA=', 1),
(863, 288, 'TXVsdGEgZGUgMzAwtDUxIGEgMzAwNbQwNg==', 0),
(864, 288, 'TXVsdGEgZGUgaGFzdGEgMzAwtDUx', 0),
(865, 289, 'R3JhdmU=', 1),
(866, 289, 'TGV2ZQ==', 0),
(867, 289, 'TXV5IGdyYXZl', 0),
(868, 290, 'R3JhdmU=', 1),
(869, 290, 'TGV2ZQ==', 0),
(870, 290, 'TXV5IGdyYXZl', 0),
(871, 291, 'R3JhdmU=', 1),
(872, 291, 'TGV2ZQ==', 0),
(873, 291, 'TXV5IGdyYXZl', 0),
(874, 292, 'R3JhdmU=', 1),
(875, 292, 'TGV2ZQ==', 0),
(876, 292, 'TXV5IGdyYXZl', 0),
(877, 293, 'R3JhdmU=', 1),
(878, 293, 'TGV2ZQ==', 0),
(879, 293, 'TXV5IGdyYXZl', 0),
(880, 294, 'R3JhdmU=', 1),
(881, 294, 'TGV2ZQ==', 0),
(882, 294, 'TXV5IGdyYXZl', 0),
(883, 295, 'R3JhdmU=', 1),
(884, 295, 'TGV2ZQ==', 0),
(885, 295, 'TXV5IGdyYXZl', 0),
(886, 296, 'R3JhdmU=', 1),
(887, 296, 'TGV2ZQ==', 0),
(888, 296, 'TXV5IGdyYXZl', 0),
(889, 297, 'R3JhdmU=', 1),
(890, 297, 'TGV2ZQ==', 0),
(891, 297, 'TXV5IGdyYXZl', 0),
(892, 298, 'R3JhdmU=', 1),
(893, 298, 'TGV2ZQ==', 0),
(894, 298, 'TXV5IGdyYXZl', 0),
(895, 299, 'R3JhdmU=', 1),
(896, 299, 'TGV2ZQ==', 0),
(897, 299, 'TXV5IGdyYXZl', 0),
(898, 300, 'R3JhdmU=', 1),
(899, 300, 'TGV2ZQ==', 0),
(900, 300, 'TXV5IGdyYXZl', 0),
(901, 301, 'R3JhdmU=', 1),
(902, 301, 'TGV2ZQ==', 0),
(903, 301, 'TXV5IGdyYXZl', 0),
(904, 302, 'R3JhdmU=', 1),
(905, 302, 'TGV2ZQ==', 0),
(906, 302, 'TXV5IGdyYXZl', 0),
(907, 303, 'R3JhdmU=', 1),
(908, 303, 'TGV2ZQ==', 0),
(909, 303, 'TXV5IGdyYXZl', 0),
(910, 304, 'R3JhdmU=', 1),
(911, 304, 'TGV2ZQ==', 0),
(912, 304, 'TXV5IGdyYXZl', 0),
(913, 305, 'R3JhdmU=', 1),
(914, 305, 'TGV2ZQ==', 0),
(915, 305, 'TXV5IGdyYXZl', 0),
(916, 306, 'R3JhdmU=', 1),
(917, 306, 'TGV2ZQ==', 0),
(918, 306, 'TXV5IGdyYXZl', 0),
(919, 307, 'R3JhdmU=', 1),
(920, 307, 'TGV2ZQ==', 0),
(921, 307, 'TXV5IGdyYXZl', 0),
(922, 308, 'R3JhdmU=', 1),
(923, 308, 'TGV2ZQ==', 0),
(924, 308, 'TXV5IGdyYXZl', 0),
(925, 309, 'R3JhdmU=', 1),
(926, 309, 'TGV2ZQ==', 0),
(927, 309, 'TXV5IGdyYXZl', 0),
(928, 310, 'R3JhdmU=', 1),
(929, 310, 'TGV2ZQ==', 0),
(930, 310, 'TXV5IGdyYXZl', 0),
(931, 311, 'R3JhdmU=', 1),
(932, 311, 'TGV2ZQ==', 0),
(933, 311, 'TXV5IGdyYXZl', 0),
(934, 312, 'R3JhdmU=', 1),
(935, 312, 'TGV2ZQ==', 0),
(936, 312, 'TXV5IGdyYXZl', 0),
(937, 313, 'R3JhdmU=', 1),
(938, 313, 'TGV2ZQ==', 0),
(939, 313, 'TXV5IGdyYXZl', 0),
(940, 314, 'R3JhdmU=', 1),
(941, 314, 'TGV2ZQ==', 0),
(942, 314, 'TXV5IGdyYXZl', 0),
(943, 315, 'R3JhdmU=', 1),
(944, 315, 'TGV2ZQ==', 0),
(945, 315, 'TXV5IGdyYXZl', 0),
(946, 316, 'R3JhdmU=', 1);
INSERT INTO `tbanswers` (`id`, `questionId`, `answer`, `isCorrect`) VALUES
(947, 316, 'TGV2ZQ==', 0),
(948, 316, 'TXV5IGdyYXZl', 0),
(949, 317, 'R3JhdmU=', 1),
(950, 317, 'TGV2ZQ==', 0),
(951, 317, 'TXV5IGdyYXZl', 0),
(952, 318, 'SW5mcmFjY2nzbiBMZXZl', 0),
(953, 318, 'SW5mcmFjY2nzbiBNdXkgR3JhdmU=', 0),
(954, 318, 'SW5mcmFjY2nzbiBHcmF2ZQ==', 1),
(955, 319, 'R3JhdmU=', 1),
(956, 319, 'TGV2ZSBwb3JxdWUgZXMgcG9jbyB0aWVtcG8gZGVzZGUgcXVlIGhhIGNhZHVjYWRv', 0),
(957, 319, 'Tm8gZXMgbmluZ3VuYSBpbmZyYWNjafNuIHBvcnF1ZSBubyBtZSBoZSBkYWRvIGN1ZW50YSB5IHlhIGFjdWRpcukgYSBsYSBJbnRlcnZlbmNp824gcGFyYSByZW5vdmFybGE=', 0),
(958, 320, 'TGV2ZQ==', 0),
(959, 320, 'Tm8gZXMgbmluZ3VuYSBpbmZyYWNjafNu', 0),
(960, 320, 'R3JhdmU=', 1),
(961, 321, 'TXV5IEdyYXZl', 0),
(962, 321, 'Tm8gZXMgbmluZ3VuYSBpbmZyYWNjafNuIHB1ZXN0byBxdWUgc/NsbyBsYXMgZGVibyBwcmVzZW50YXIgZW4gbGEgSW50ZXJ2ZW5jafNuIGRlIEFybWFzIGRlIGxhIEd1YXJkaWEgQ2l2aWwgbyBhIGFsZ3VubyBkZSBzdXMgYWdlbnRlcw==', 0),
(963, 321, 'R3JhdmU=', 1),
(964, 322, 'TXVsdGEgZGUgMzAwNTC0NjEgYSA2MDEwMTK0MTA=', 0),
(965, 322, 'TXVsdGEgZGUgMzAwtDUxIGEgMzAwNTC0NjE=', 1),
(966, 322, 'TXVsdGEgZGUgaGFzdGEgMzAwtDUx', 0),
(967, 323, 'TXV5IGdyYXZl', 0),
(968, 323, 'R3JhdmU=', 0),
(969, 323, 'TGV2ZQ==', 1),
(970, 324, 'TGV2ZQ==', 1),
(971, 324, 'R3JhdmU=', 0),
(972, 324, 'TXV5IGdyYXZl', 0),
(973, 325, 'TGV2ZQ==', 1),
(974, 325, 'R3JhdmU=', 0),
(975, 325, 'TXV5IGdyYXZl', 0),
(976, 326, 'TXV5IGdyYXZl', 0),
(977, 326, 'TGV2ZQ==', 1),
(978, 326, 'R3JhdmU=', 0),
(979, 327, 'TGV2ZQ==', 1),
(980, 327, 'TXV5IGdyYXZl', 0),
(981, 327, 'R3JhdmU=', 0),
(982, 328, 'TGV2ZQ==', 1),
(983, 328, 'TXV5IGdyYXZl', 0),
(984, 328, 'R3JhdmU=', 0),
(985, 329, 'TGV2ZQ==', 1),
(986, 329, 'TXV5IGdyYXZl', 0),
(987, 329, 'R3JhdmU=', 0),
(988, 330, 'TGV2ZQ==', 1),
(989, 330, 'TXV5IGdyYXZl', 0),
(990, 330, 'R3JhdmU=', 0),
(991, 331, 'R3JhdmU=', 0),
(992, 331, 'TGV2ZQ==', 1),
(993, 331, 'TXV5IEdyYXZl', 0),
(994, 332, 'TXVsdGEgZGUgMzAwNbQwNyBhIDYwMTC0MTI=', 0),
(995, 332, 'TXVsdGEgZGUgMzAwtDUxIGEgMzAwNbQwNg==', 0),
(996, 332, 'TXVsdGEgZGUgaGFzdGEgMzAwtDUx', 1),
(997, 333, 'TGEgZGVzcG9zZXNp824gZGUgbGFzIG1pc21hcyB5IGxhIHByb2hpYmljafNuIGRlIGxhIGFkcXVpc2ljafNuIHkgdGVuZW5jaWEgZGUgb3RyYXM=', 1),
(998, 333, 'RWwgZGVw83NpdG8gZGVsIGFybWEgcGFyYSBzdWJhc3Rhcmxh', 0),
(999, 333, 'Tm8gaGFjZXIgdXNvIGRlbCBhcm1hIGR1cmFudGUgdW4gdGllbXBv', 0),
(1000, 334, 'RXMgbO1jaXRvIGxsZXZhciBvIHVzYXIgYXJtYXMgZW4gdW5hIG1hbmlmZXN0YWNp824gZGUgcGVyc29uYXMgcG9yIG1vdGl2b3MgZGUgc2VndXJpZGFk', 0),
(1001, 334, 'UHVlZG8gYWRxdWlyaXIgdW5hIGVzY29wZXRhIGRlIGNhemEgcGFyYSBwb2RlciBkZWZlbmRlcm1lIGVuIHVuYSBjYXNhIGRlIGNhbXBv', 0),
(1002, 334, 'U2UgY29uc2lkZXJhIGls7WNpdG8gZWwgaGVjaG8gZGUgbGxldmFyIG8gdXNhciBhcm1hcyBsb3MgY29uY3VycmVudGVzIGEgZXN0YWJsZWNpbWllbnRvcyBw+mJsaWNvcyBvIGx1Z2FyZXMgZGUgcmV1bmnzbg==', 1),
(1003, 335, 'Tm8=', 1),
(1004, 335, 'U+0sIGNvbiBhdXRvcml6YWNp824gZGVsIERlbGVnYWRvIGRlbCBHb2JpZXJubw==', 0),
(1005, 335, 'U+0gcHVlZG8gcG9ycXVlIGRpZXogY2VudO1tZXRyb3MgZGUgY2Hx824gZXMgbXV5IHBvY28geSBubyBhZmVjdGEgYWwgYXJtYQ==', 0),
(1006, 336, 'Q2llcnRv', 1),
(1007, 336, 'RmFsc28=', 0),
(1008, 336, 'RXMgaW5kaWZlcmVudGU=', 0),
(1009, 337, 'TGEgTGljZW5jaWEgbyBBdXRvcml6YWNp824gZGUgYXJtYXM=', 0),
(1010, 337, 'TGEgR3XtYSBkZSBQZXJ0ZW5lbmNpYSBvIGxhIEd17WEgZGUgQ2lyY3VsYWNp824gZW4gc3UgY2Fzbw==', 1),
(1011, 337, 'TGEgR3XtYSBkZSBQZXJ0ZW5lbmNpYSB5IGxhIExpY2VuY2lhIGRlIEFybWFz', 0),
(1012, 338, 'U2UgZGV2b2x2ZXLhIGFsIHByb3BpZXRhcmlvIGRlbCBhcm1h', 1),
(1013, 338, 'U2UgaGFy4SB1bmEgbnVldmEgZ3XtYSBoYWNpZW5kbyBjb25zdGFyIHF1ZSBoYSBzaWRvIHJlcGFyYWRh', 0),
(1014, 338, 'U2UgZGVzdHJ1aXLh', 0),
(1015, 339, 'Tm8=', 0),
(1016, 339, 'QWxndW5hcyB2ZWNlcw==', 0),
(1017, 339, 'U+0=', 1),
(1018, 340, 'VGFuIHNvbG8gdW5hIG5vdGEgY29uIGxhcyBkZWZpY2llbmNpYXMgcXVlIHRpZW5lIGVsIGFybWEsIHNpIHNlIG1hbmRhIHBvciB1bmEgYWdlbmNpYSBkZSB0cmFuc3BvcnRlcw==', 0),
(1019, 340, 'VW5hIGd17WEgZGUgY2lyY3VsYWNp824gZXhwZWRpZGEgcG9yIGxhIEludGVydmVuY2nzbiBkZSBBcm1hcyBkZSBvcmlnZW4gbyBkZW1hcmNhY2nzbiBkZWwgcHJvcGlldGFyaW8gZGVsIGFybWE=', 1),
(1020, 340, 'U2kgbGEgbGxldmEgcGVyc29uYWxtZW50ZSBlbCBwcm9waWV0YXJpbywgbmVjZXNpdGEgaWd1YWxtZW50ZSBnde1hIGRlIGNpcmN1bGFjafNu', 0),
(1021, 341, 'U2VyIHVuIHTpY25pY28gZW4gbGEgcmVwYXJhY2nzbiBkZSBhcm1hcyB5IHJlYWxpemFybG8gZGUgZm9ybWEgaGFiaXR1YWw=', 0),
(1022, 341, 'VGVuZXIgbGEgY29uZGljafNuIGRlIGFybWVybyB5IGVzdGFibGVjaW1pZW50byBhYmllcnRvIGUgaW5zY3JpdG8gZW4gdW4gcmVnaXN0cm8gcXVlIGxsZXZhcuEgbGEgSW50ZXJ2ZW5jafNuIGRlIEFybWFzIGRlIHN1IHJlc2lkZW5jaWE=', 1),
(1023, 341, 'U2VyIHRpdHVsYXIgZGUgdW5hIGFybWVy7WEgZGViaWRhbWVudGUgYXV0b3JpemFkYSBwb3IgbGEgQXV0b3JpZGFkIEd1YmVybmF0aXZh', 0),
(1024, 342, 'QWxndW5hcyB2ZWNlcw==', 0),
(1025, 342, 'U+0=', 1),
(1026, 342, 'Q3VhbmRvIHNlIHRyYXRlIGRlIGFybWFzIGJsYW5jYXMgc+0gZXMgbmVjZXNhcmlv', 0),
(1027, 343, 'Tm8sIHNpIGxhIGF2ZXLtYSBlcyBtdXkgZ3JhdmU=', 0),
(1028, 343, 'U+0=', 1),
(1029, 343, 'RGVwZW5kZSBkZWwgdGlwbyBkZSBhcm1h', 0),
(1030, 344, 'U+0sIGN1YW5kbyBlc3TpIGVuIG11eSBtYWwgZXN0YWRv', 0),
(1031, 344, 'Tm8sIGVuIG5pbmf6biBjYXNv', 0),
(1032, 344, 'U+0sIHNpZW1wcmUgcXVlIGRpY2hvIGRvY3VtZW50byBzZSBoYXlhIHN1c3RpdHVpZG8gcG9yIHVuYSBnde1hIGRlIGNpcmN1bGFjafNu', 1),
(1033, 345, 'Tm8=', 0),
(1034, 345, 'U+0sIHNpIHZhIGFjb21wYfFhZGEgZGUgbGEgR3XtYSBkZSBQZXJ0ZW5lbmNpYQ==', 0),
(1035, 345, 'U+0sIHNpIHZhIGFjb21wYfFhZGEgZGUgbGEgR3XtYSBkZSBQZXJ0ZW5lbmNpYSB5IExpY2VuY2lhIGNvcnJlc3BvbmRpZW50ZQ==', 1),
(1036, 346, 'UG9yIGxhcyBpbmR1c3RyaWFzIHF1ZSBsYXMgaHViaWVzZW4gZmFicmljYWRv', 0),
(1037, 346, 'UG9yIGFybWVyb3MsIHF1ZSBhdXRvcml6YWRvcyBwb3IgbGEgSW50ZXJ2ZW5jafNuIGRlIEFybWFzIGN1ZW50ZW4gY29uIGVzdGFibGVjaW1pZW50byBhYmllcnRvIGFsIHD6YmxpY28geSBlc3TpbiBpbnNjcml0b3MgZW4gZWwgY29ycmVzcG9uZGllbnRlIHJlZ2lzdHJv', 0),
(1038, 346, 'TGFzIGRvcyByZXNwdWVzdGFzIGFudGVyaW9yZXMgKEEgeSBCKSBzb24gduFsaWRhcw==', 1),
(1039, 347, 'R3XtYSBkZSBQZXJ0ZW5lbmNpYQ==', 0),
(1040, 347, 'R3XtYSBkZSBDaXJjdWxhY2nzbg==', 0),
(1041, 347, 'TGEgQSkgeSBsYSBCKSBzb24gY29ycmVjdGFz', 1),
(1042, 348, 'U2Vy4SBkZXZ1ZWx0YSBhbCBwcm9waWV0YXJpbyBkZWwgYXJtYSB1bmEgdmV6IHNlIHRvbWVuIGxvcyBkYXRvcyBkZWwgYXJtYSBwb3IgZWwgYXJtZXJv', 0),
(1043, 348, 'UXVlZGFy4SBlbiBwb2RlciBkZWwgYXJtZXJvIG1pZW50cmFzIGR1cmUgbGEgcmVwYXJhY2nzbiBkZWwgYXJtYQ==', 1),
(1044, 348, 'Tm8gZXMgbmVjZXNhcmlvLCBlbiBlc3RlIGNhc28sIHF1ZSBlbCBhcm1hIHZheWEgYWNvbXBh8WFkYSBwb3IgbGEgR3XtYSBkZQ==', 0),
(1045, 349, 'VW5hIHZleiBwcmVzZW50YWRhIGVsIGFybWEgZW4gbGEgYXJtZXLtYQ==', 0),
(1046, 349, 'VW5hIHZleiBxdWUgZWwgQXJtZXJvIGhhIHRvbWFkbyBub3RhIGRlIGxhIG1pc21h', 0),
(1047, 349, 'RW4gZWwgbW9tZW50byBkZSByZXRpcmFyIGVsIGFybWEgZGUgbGEgYXJtZXLtYQ==', 1),
(1048, 350, 'TGEgR3XtYSBkZSBQZXJ0ZW5lbmNpYQ==', 1),
(1049, 350, 'TGEgbGljZW5jaWEgZGUgYXJtYXM=', 0),
(1050, 350, 'Tm8gZXMgcHJlY2lzbyBxdWUgbGUgZW50cmVndWUgbmFkYQ==', 0),
(1051, 351, 'RW4gY3VhbHF1aWVyIGNhc28=', 0),
(1052, 351, 'RW4gbmluZ/puIGNhc28=', 1),
(1053, 351, 'RXMgaW5kaWZlcmVudGU=', 0),
(1054, 352, 'U+0sIHNpIGVzIGRlIGNhemEgeSBlc3TpIGFwcm9iYWRvIHBvciB1biBiYW5jbyBvZmljaWFsIGRlIHBydWViYXMgeSBub3RpZmljYWRvIGEgbGEgSW50ZXJ2ZW5jafNuIGRlIEFybWFz', 0),
(1055, 352, 'U+0sIHNpZW1wcmUgcXVlIGxhcyB2YXJpYWNpb25lcyBoYXlhbiBzaWRvIHJlYWxpemFkYXMgcG9yIGxvcyBwcm9waW9zIGZhYnJpY2FudGVzIGRlbCBhcm1hIHkgaGF5YW4gZW50cmVnYWRvIGVzdGEgZG9jdW1lbnRhY2nzbiB06WNuaWNhIGVuIGxhIEludGVydmVuY2nzbiBkZSBBcm1hcyBkZSBsYSBkZW1hcmNhY2nzbiBkZWwgZXN0YWJsZWNpbWllbnRv', 0),
(1056, 352, 'U29uIGNvcnJlY3RhcyBsYXMgZG9zIHJlc3B1ZXN0YXMgYW50ZXJpb3Jlcw==', 1),
(1057, 353, 'Q29uIGNvbm9jaW1pZW50byBkZWwgTWluaXN0ZXJpbyBkZSBDdWx0dXJh', 0),
(1058, 353, 'Q29uIGNvbm9jaW1pZW50byBkZSBsYSBJbnRlcnZlbmNp824gZGUgQXJtYXMgeSBhcHJvYmFjafNuIGVuIHN1IGNhc28gZGVsIE1pbmlzdGVyaW8gZGUgRGVmZW5zYSBvIGRlbCBCYW5jbyBPZmljaWFsIGRlIFBydWViYXM=', 1),
(1059, 353, 'Q29uIGNvbm9jaW1pZW50byBkZSBsYSBJbnRlcnZlbmNp824gZGUgQXJtYXMgeSBNaW5pc3RlcmlvIGRlIEhhY2llbmRh', 0),
(1060, 354, 'U+0sIHNpZW1wcmUgcXVlIHNlIHRyYXRlIGRlIGFybWFzIGRlIGxhIDEwIHkyMCBjYXRlZ29y7WE=', 0),
(1061, 354, 'U+0sIHNpZW1wcmUgcXVlIHNlIHRyYXRlIGRlIGFybWFzIGRlIGd1ZXJyYQ==', 1),
(1062, 354, 'TGFzIGRvcyByZXNwdWVzdGFzIHNvbiBjb3JyZWN0YXM=', 0),
(1063, 355, 'U+0sIHNpZW1wcmUgcXVlIGxvIGhhZ2EgdW4gYXJtZXJvIGF1dG9yaXphZG8geSBwb3IgdW4gbW90aXZvIHJhem9uYWRv', 0),
(1064, 355, 'U+0sIHByZXZpbyBjb25vY2ltaWVudG8gZGUgbGEgSW50ZXJ2ZW5jafNuIGRlIEFybWFzIGRlIGxhIEd1YXJkaWEgQ2l2aWwgeSBhcHJvYmFjafNuIGVuIHN1IGNhc28gZGVsIE1pbmlzdGVyaW8gZGUgRGVmZW5zYSBvIGRlIHVuIEJhbmNvIE9maWNpYWwgZGUgUHJ1ZWJhcyBzZWf6biBlbCBhcm1hIGRlIHF1ZSBzZSB0cmF0ZQ==', 1),
(1065, 355, 'RW4gbmluZ/puIGNhc28=', 0),
(1066, 356, 'U+0sIGNvbiBjb25vY2ltaWVudG8geSBhcHJvYmFjafNuIGRlIGxvcyBvcmdhbmlzbW9zIGNvbXBldGVudGVz', 1),
(1067, 356, 'TnVuY2E=', 0),
(1068, 356, 'U29sbyBlbiBjYXNvIGRlIHF1ZSBsYSByZXBhcmFjafNuIGZ1ZXJhIGVmZWN0dWFkYSBwb3IgdW4gaGVycmVybw==', 0),
(1069, 357, 'QSBwZXJzb25hcyBtYXlvcmVzIGRlIGVkYWQ=', 0),
(1070, 357, 'QSBwZXJzb25hcyBxdWUgcG9zZWFuIGxhIGNvcnJlc3BvbmRpZW50ZSBsaWNlbmNpYQ==', 1),
(1071, 357, 'QSBwZXJzb25hcyBpbnRlcmVzYWRhcyBlbiBsYSBjb21wcmEgZGUgbGFzIGFybWFz', 0),
(1072, 358, 'TG9zIGZhYnJpY2FudGVzIHkgY29tZXJjaWFudGVzIGF1dG9yaXphZG9z', 0),
(1073, 358, 'TG9zIHJlcHJlc2VudGFudGVzIGRlIGxvcyBmYWJyaWNhbnRlcyB5IGNvbWVyY2lhbnRlcyBhdXRvcml6YWRvcw==', 0),
(1074, 358, 'TGFzIGRvcyBhbnRlcmlvcmVzIHNvbiBjb3JyZWN0YXM=', 1),
(1075, 359, 'U+0=', 0),
(1076, 359, 'Tm8gZGViZW4=', 1),
(1077, 359, 'U+0sIGNvbiBhdXRvcml6YWNp824gZGVsIEFybWVybw==', 0),
(1078, 360, 'MjAgZO1hcw==', 0),
(1079, 360, 'MTAgZO1hcw==', 1),
(1080, 360, 'MSBk7WE=', 0),
(1081, 361, 'MjQgaG9yYXM=', 0),
(1082, 361, 'NSBk7WFz', 1),
(1083, 361, 'NyBk7WFz', 0),
(1084, 362, 'U2llbXByZQ==', 0),
(1085, 362, 'Tm8=', 1),
(1086, 362, 'Tm8gdGllbmUgaW1wb3J0YW5jaWE=', 0),
(1087, 363, 'U+0=', 1),
(1088, 363, 'TnVuY2E=', 0),
(1089, 363, 'Q29uIGF1dG9yaXphY2nzbiBkZWwgU3ViZGVsZWdhZG8gZGVsIEdvYmllcm5v', 0),
(1090, 364, 'Tm8sIGVuIG5pbmf6biBjYXNv', 0),
(1091, 364, 'U+0sIHBlcm8gZGViZSBwcm9iYXJsYSB0YW4gc29sbyBlbCB2aWFqYW50ZQ==', 0),
(1092, 364, 'U+0=', 1),
(1093, 365, 'U2ksIGVuIGNhc28gZGUgcXVlIHNlIGxhIGRlamUgdW4gY29tZXJjaWFudGUgYXV0b3JpemFkbw==', 1),
(1094, 365, 'U29sbyBlbiBjYXNvIGRlIHF1ZSBzZWEgdGl0dWxhciBkZSB1bmEgbGljZW5jaWEgZGUgY2F6YQ==', 0),
(1095, 365, 'TGFzIGRvcyBhbnRlcmlvcmVzIHNvbiBjb3JyZWN0YXM=', 0),
(1096, 366, 'UXVlIGxlIGFjb21wYfFlIGVsIGNvbWVyY2lhbCBvIGZhYnJpY2FudGU=', 0),
(1097, 366, 'UXVlIHRlbmdhIHVuYSBhdXRvcml6YWNp824gZGVsIHZlbmRlZG9y', 0),
(1098, 366, 'RXN0YXIgZW4gcG9zZXNp824gZGUgbGEgY29ycmVzcG9uZGllbnRlIGxpY2VuY2lh', 1),
(1099, 367, 'RGVub21pbmFjafNuIGV4cHJlc2EgZGVsIGx1Z2FyIGVuIGRvbmRlIHNlIGRlYmVuIHJlYWxpemFyIGxhcyBwcnVlYmFz', 0),
(1100, 367, 'UmVzZfFhIGRlbCBhcm1hLCBsYSBsaWNlbmNpYSB5IGVsIGx1Z2FyIGRlIGxhcyBwcnVlYmFzLCBwbGF6b3MgZGUgdmFsaWRleiB5IGVzdGFyIHZpc2FkbyBwb3IgbGEgSW50ZXJ2ZW5jafNuIGRlIEFybWFz', 1),
(1101, 367, 'UXVlIHNlIHJlc2XxZSB1biBwbGF6byBkZSB0cmVzIGTtYXMgcGFyYSByZWFsaXphciBsYSBwcnVlYmE=', 0),
(1102, 368, 'R2Vu6XJpY28sIHBhcmEgY3VhbHF1aWVyIHBvc2libGUgYWRxdWlyZW50ZQ==', 0),
(1103, 368, 'VHJhbnNmZXJpYmxlIGEgdW4gdGVyY2VyIHBvc2libGUgYWRxdWlyZW50ZSwgc2llbXByZSBxdWUgcG9zZWEgbGljZW5jaWEgZGUgYXJtYXM=', 0),
(1104, 368, 'UGVyc29uYWwgZSBpbnRyYW5zZmVyaWJsZQ==', 1),
(1105, 369, 'TGEgZ3XtYSBkZSBwZXJ0ZW5lbmNpYQ==', 0),
(1106, 369, 'TGEgZmFjdHVyYSBkZWwgYXJtYQ==', 0),
(1107, 369, 'VW4gZG9jdW1lbnRvIGRlIGNhcuFjdGVyIHBlcnNvbmFsIGUgaW50cmFuc2ZlcmlibGUgdmlzYWRvIHBvciBsYSBJbnRlcnZlbmNp824gZGU=', 1),
(1108, 370, 'SW50ZXJ2ZW5jafNuIGRlIEFybWFz', 1),
(1109, 370, 'Q29tZXJjaWFudGU=', 0),
(1110, 370, 'Tm8gZXMgbmVjZXNhcmlvIGVzdGUgcmVxdWlzaXRv', 0),
(1111, 371, 'RW4gdHJpcGxpY2FkbyBlamVtcGxhcg==', 0),
(1112, 371, 'UG9yIGVzY3JpdG8=', 0),
(1113, 371, 'Q29uZm9ybWUgYSB1biBtb2RlbG8gb2ZpY2lhbA==', 1),
(1114, 372, 'RW4gbG9zIHRlcnJlbm9zIHByaXZhZG9z', 0),
(1115, 372, 'RW4gbG9zIHRlcnJlbm9zIHF1ZSBjdWVudGVuIGNvbiBhdXRvcml6YWNp824gZGUgbGEgYXV0b3JpZGFkIGxvY2Fs', 0),
(1116, 372, 'RW4gbG9zIHRlcnJlbm9zIGNpbmVn6XRpY29zIGNvbnRyb2xhZG9z', 1),
(1117, 373, 'Tm8=', 0),
(1118, 373, 'Tm8sIHNpIG5vIHNlIHRpZW5lIGF1dG9yaXphY2nzbiBkZWwgQWxjYWxkZQ==', 0),
(1119, 373, 'U+0=', 1),
(1120, 374, 'U29sbyBlbiBjYXNvIGRlIHF1ZSBubyBoYXlhIHBlcnNvbmFzIGVuIGxhIG1pc21h', 0),
(1121, 374, 'U2kgZXMgZGUgbm9jaGUgeSBlbiBkZXNjYW1wYWRv', 0),
(1122, 374, 'TnVuY2E=', 1),
(1123, 375, 'QWwgZO1hIHNpZ3VpZW50ZSBkZWwgZmFsbGVjaW1pZW50bw==', 0),
(1124, 375, 'VGFuIHByb250byBjb21vIHRlbmdhbiBjb25vY2ltaWVudG8gZGUgbGEgb2JsaWdhY2nzbiBkZSBoYWNlcmxvIHkgZW4gY3VhbHF1aWVyIGNhc28gZGVudHJvIGRlIGxvcyA2IG1lc2VzIHNpZ3VpZW50ZXMgYWwgZmFsbGVjaW1pZW50bw==', 1),
(1125, 375, 'U2Vy4SBkZXRlcm1pbmFkbyBwb3IgZWwgSW50ZXJ2ZW50b3IgZGUgQXJtYXMgeSBFeHBsb3Npdm9zIGRlIGxhIHJlc2lkZW5jaWEgZGVsIGZhbGxlY2lkbw==', 0),
(1126, 376, 'Q2llcnRv', 1),
(1127, 376, 'RmFsc28=', 0),
(1128, 376, 'U29sbyBlbiBjYXNvIGRlIGFybWFzIGRlIGNhemE=', 0),
(1129, 377, 'RGVudHJvIGRlbCBwbGF6byBkZSAxMCBk7WFzIGRlc2RlIHF1ZSBjZXPzIGVuIGRpY2hhIGhhYmlsaXRhY2nzbg==', 0),
(1130, 377, 'SW5tZWRpYXRhbWVudGU=', 1),
(1131, 377, 'UXVlZGFy4SBleGVudG8gZGVsIGRlcPNzaXRvIHNpIGNvbXVuaWNhIHRhbCB2aWNpc2l0dWQgYSBsYSBJbnRlcnZlbmNp824gZGUgQXJtYXMgeSBhZG9wdGEgbGFzIHN1ZmljaWVudGVzIG1lZGlkYXMgZGUgc2VndXJpZGFkIHBhcmEgZXZpdGFyIHN1IHDpcmRpZGEgbyBzdXN0cmFjY2nzbg==', 0),
(1132, 378, 'R3VhcmRhcmxhIGNvbiBsYXMgc3VmaWNpZW50ZXMgbWVkaWRhcyBkZSBzZWd1cmlkYWQ=', 0),
(1133, 378, 'RGVwb3NpdGFybGE=', 1),
(1134, 378, 'TGxldmFyIGxhIGd17WEgZGUgcGVydGVuZW5jaWEgYSBsYSBJbnRlcnZlbmNp824gZGUgQXJtYXM=', 0),
(1135, 379, 'NiBtZXNlcw==', 0),
(1136, 379, 'MSBh8W8=', 1),
(1137, 379, 'MiBh8W9z', 0),
(1138, 380, 'TGEgTGljZW5jaWEgZGUgYXJtYXMgZGVsIGZhbGxlY2lkbyB5IGVsIGNlcnRpZmljYWRvIGRlIGRlZnVuY2nzbg==', 0),
(1139, 380, 'TGEgZ3XtYSBkZSBwZXJ0ZW5lbmNpYQ==', 1),
(1140, 380, 'TGEgZ3XtYSBkZSBwZXJ0ZW5lbmNpYSwgYWNvbXBh8WFkYSBkZSBjZXJ0aWZpY2FkbyBkZSBkZWZ1bmNp824=', 0),
(1141, 381, 'MyBtZXNlcw==', 0),
(1142, 381, 'MSBh8W8=', 0),
(1143, 381, 'SW5tZWRpYXRhbWVudGU=', 1),
(1144, 382, 'TGFzIEd17WFzIGRlIFBlcnRlbmVuY2lh', 1),
(1145, 382, 'TGEgTGljZW5jaWEgZGUgQXJtYXM=', 0),
(1146, 382, 'TGFzIFRhcmpldGFzIGRlIEFybWFz', 0),
(1147, 383, 'TGFzIEFybWFzIHkgbGFzIEd17WFzIGRlIFBlcnRlbmVuY2lh', 1),
(1148, 383, 'TGFzIEd17WFz', 0),
(1149, 383, 'Tm8gZGVwb3NpdGFy4SBuaW5n+m4gYXJtYQ==', 0),
(1150, 384, 'TGEgTGljZW5jaWEgZGUgQXJtYXM=', 0),
(1151, 384, 'TGFzIEFybWFzIHF1ZSBhbXBhcmFuIGRpY2hhcyBHde1hcw==', 1),
(1152, 384, 'TGljZW5jaWEgZGUgY2F6YQ==', 0),
(1153, 385, 'Q2llcnRv', 0),
(1154, 385, 'RmFsc28=', 1),
(1155, 385, 'RGVwZW5kZSBkZSBzaSBlbCBhcm1hIGVzIGRlIGNhemEgbyBubw==', 0),
(1156, 386, 'Tm8=', 0),
(1157, 386, 'QSB2ZWNlcw==', 0),
(1158, 386, 'U+0=', 1),
(1159, 387, 'Tm87IGVsIGRlc3Rpbm8gcmVnbGFtZW50YXJpbyBkZSByZWR1Y2Np824gYSBjaGF0YXJyYSBlcyBzb2xvIGVuIGNhc28gZGUgYXJtYXMgZGVwb3NpdGFkYXMgcXVlIGNhcmV6Y2FuIGRlIHB1bnpvbmVzIG5lY2VzYXJpb3MgbyBzZWFuIHByb2hpYmlkYXM=', 0),
(1160, 387, 'QSB2ZWNlcw==', 0),
(1161, 387, 'U+0=', 1),
(1162, 388, 'QWwgbm8gcGFzYXIgbGEgcmV2aXN0YSwgZW4gdW5hIG9jYXNp824=', 0),
(1163, 388, 'QWwgbm8gcGFzYXIgZG9zIHJldmlzdGFzIGNvbnNlY3V0aXZhcw==', 1),
(1164, 388, 'RW4gbmluZ/puIGNhc28gcHJvY2VkZSBlbCBkZXDzc2l0byBkZSBsYXMgYXJtYXM=', 0),
(1165, 389, 'UHVlZGVuIGhhY2VyIHVzbyBkZSBsYXMgbWlzbWFzIHNpbiBuaW5n+m4gcmVxdWlzaXRvIHByZXZpbw==', 0),
(1166, 389, 'RGVwb3NpdGFybGFzIGVuIGxhIEludGVydmVuY2nzbiBkZSBBcm1hcw==', 1),
(1167, 389, 'UGFzYXLhbiBhIHByb3BpZWRhZCBkZWwgaGlqbyBtYXlvciBkZSBsYSBmYW1pbGlh', 0),
(1168, 390, 'VW5hIHNlbWFuYQ==', 0),
(1169, 390, 'VW4gYfFv', 1),
(1170, 390, 'Tm8gaGF5IHBsYXpvIGVzdGFibGVjaWRv', 0),
(1171, 391, 'RGVwb3NpdGFybGEgaW5tZWRpYXRhbWVudGUgZW4gbGEgSW50ZXJ2ZW5jafNuIGRlIEFybWFz', 1),
(1172, 391, 'RXNwZXJhciBhIHF1ZSBtZSBkZXZ1ZWx2YW4gbGEgZ3XtYQ==', 0),
(1173, 391, 'TmFkYQ==', 0),
(1174, 392, 'VGFuIHByb250byBjb21vIHRlbmdhIGNvbm9jaW1pZW50byBkZSBsYSBvYmxpZ2FjafNuIGRlIGhhY2VybG8=', 0),
(1175, 392, 'RGVudHJvIGRlIGxvcyBzZWlzIG1lc2VzIHNpZ3VpZW50ZXMgYWwgZmFsbGVjaW1pZW50bw==', 0),
(1176, 392, 'Q29ycmVjdGFzIEEpIHkgQik=', 1),
(1177, 393, 'RGVudHJvIGRlIGxvcyBzZWlzIG1lc2VzIHNpZ3VpZW50ZXMgYWwgZmFsbGVjaW1pZW50bw==', 1),
(1178, 393, 'QWwgYfFvIGRlbCBmYWxsZWNpbWllbnRv', 0),
(1179, 393, 'TGFzIGRvcyBhbnRlcmlvcmVzIHNvbiBjb3JyZWN0YXM=', 0),
(1180, 394, 'QSBzdSB0aXR1bGFyIG8gaGVyZWRlcm9z', 1),
(1181, 394, 'QSB1bmEgSW5zdGl0dWNp824gcXVlIHRlbmdhIHVub3MgZmluZXMgYmVu6WZpY29z', 0),
(1182, 394, 'QW1iYXMgcmVzcHVlc3RhcyBzb24gY29ycmVjdGFz', 0),
(1183, 395, 'U+0=', 1),
(1184, 395, 'Tm8=', 0),
(1185, 395, 'QWxndW5hcyB2ZWNlcw==', 0),
(1186, 396, 'VmVuZGVybGFz', 0),
(1187, 396, 'VHJhbnNmZXJpcmxhcw==', 0),
(1188, 396, 'U3ViYXN0YXJsYXM=', 1),
(1189, 397, 'U2UgcmVkdWNpcuFuIGEgY2hhdGFycmEsIHNpIG5vIHNlIGhhIHBlZGlkbyBleHByZXNhbWVudGUgcXVlIHNlIHN1YmFzdGVu', 0),
(1190, 397, 'U2UgZW5hamVuYXJhbiBlbiBw+mJsaWNhIHN1YmFzdGE=', 1),
(1191, 397, 'U2UgZW5hamVuYXLhbiBhIGxvcyBhcm1lcm9zIHF1ZSBsbyBzb2xpY2l0ZW4=', 0),
(1192, 398, 'U2UgZW50cmVnYXLhIGFsIG11c2VvIGRlIGFybWFzIGRlbCBFaulyY2l0bw==', 0),
(1193, 398, 'U2UgZW5hamVuYXLhIGVuIHD6YmxpY2Egc3ViYXN0YQ==', 1),
(1194, 398, 'U2UgYWxxdWlsYXLhIGEgcGVyc29uYSBlbiBwb3Nlc2nzbiBkZSBsaWNlbmNpYSBkZSBhcm1hcw==', 0),
(1195, 399, 'RHVyYW50ZSB1biBh8W8=', 1),
(1196, 399, 'RHVyYW50ZSBzZWlzIG1lc2Vz', 0),
(1197, 399, 'RHVyYW50ZSBjaW5jbyBtZXNlcw==', 0),
(1198, 400, 'U2UgdmVuZGVy4W4=', 0),
(1199, 400, 'U2Vy4W4gZGV2dWVsdGFzIGFsIHBh7XMgZGUgb3JpZ2Vu', 0),
(1200, 400, 'U2Vy4W4gZGVwb3NpdGFkYXMgZW4gbGEgSW50ZXJ2ZW5jafNuIGRlIEFybWFzIHkgRXhwbG9zaXZvcw==', 1);

-- --------------------------------------------------------

--
-- Table structure for table `tbquestions`
--

CREATE TABLE `tbquestions` (
  `id` int(11) NOT NULL,
  `lesson` int(11) NOT NULL,
  `question` text COLLATE utf8_unicode_ci NOT NULL
) ENGINE=MyISAM DEFAULT CHARSET=utf8 COLLATE=utf8_unicode_ci;

--
-- Dumping data for table `tbquestions`
--

INSERT INTO `tbquestions` (`id`, `lesson`, `question`) VALUES
(1, 1, 'RWwgYXJtYSBkZSBmdWVnbyBxdWUgc2UgcmVjYXJnYSBhdXRvbeF0aWNhbWVudGUsIGRlc3B16XMgZGUgY2FkYSBkaXNwYXJvLCBlZmVjdHVhbmRvIHZhcmlvcyBkaXNwYXJvcyBzdWNlc2l2b3MgYWNjaW9uYW5kbyBlbCBkaXNwYXJhZG9yIHVuYSBzb2xhIHZleiwgc2UgZGVub21pbmE6'),
(2, 1, 'RWwgYXJtYSBkZSBmdWVnbyBxdWUgZGVzcHXpcyBkZSBjYWRhIGRpc3Bhcm8sIHNlIHJlY2FyZ2EgYXV0b23hdGljYW1lbnRlIHkgc29sbyBlcyBwb3NpYmxlIGVmZWN0dWFyIHVuIGRpc3Bhcm8gYWwgYWNjaW9uYXIgZWwgZGlzcGFyYWRvciBjYWRhIHZleiwgc2UgZGVub21pbmE6'),
(3, 1, 'U2kgZWwgYXJtYSBkZSBmdWVnbyBzZSByZWNhcmdhIGRlc3B16XMgZGUgY2FkYSBkaXNwYXJvLCBtZWRpYW50ZSB1biBtZWNhbmlzbW8gYWNjaW9uYWRvIHBvciBlbCB0aXJhZG9yLCBlc3RhcmVtb3MgYW50ZTo='),
(4, 1, 'v0NvbW8gc2UgZGVub21pbmEgZWwgYXJtYSBkZSBmdWVnbyBzaW4gZGVw83NpdG8gZGUgbXVuaWNpb25lcywgcXVlIHNlIGNhcmdhIGFudGVzIGRlIGNhZGEgZGlzcGFybyBtZWRpYW50ZSBsYSBpbnRyb2R1Y2Np824gbWFudWFsIGRlIHVuIGNhcnR1Y2hvIGVuIGxhIHJlY+FtYXJhLCBvIGFsb2phbWllbnRvIGVzcGVjaWFsIGEgbGEgZW50cmFkYSBkZWwgY2Hx824/Og=='),
(5, 1, 'v1F16SBlbGVtZW50byBkZSB1biBhcm1hIGRlIGZ1ZWdvIGNvbmR1Y2UgeSBlc3RhYmlsaXphIGVsIHByb3llY3RpbD8='),
(6, 1, 'TGEgY3VsYXRhIGRlIHVuIGFybWEgc2lydmUgcGFyYTo='),
(7, 1, 'TGFzIOFuaW1hcyBkZSBsb3MgY2Hxb25lcyBkZSBlc2NvcGV0YXMgc29uOg=='),
(8, 1, 'TGFzIOFuaW1hcyBkZSBsb3MgY2Hxb25lcyBkZSB1biByaWZsZSBzb246'),
(9, 1, 'RW4gdW5hIGVzY29wZXRhIHNlbWlhdXRvbeF0aWNhLCBlbCBwZXJjdXRvciwgZXh0cmFjdG9yIHkgZ3JhcPNuLCBzb24gcGllemFzIHF1ZSBjb21wb25lbjo='),
(10, 1, 'v1F16SBwaWV6YSBvIHBpZXphcyBwcm90ZWdlIGVsIGd1YXJkYW1vbnRlPw=='),
(11, 1, 'v1F16SBtaXNp824gdGllbmUgZWwgbXVlbGxlIGRlbCBjYXJnYWRvciBkZSB1biByaWZsZT8='),
(12, 1, 'RW4gdW4gYXJtYSBzZW1pYXV0b23hdGljYSwgv3F16SBwaWV6YSBpbnRyb2R1Y2UgZWwgY2FydHVjaG8gZW4gZWwgaW50ZXJpb3IgZGUgbGEgcmVj4W1hcmE/'),
(13, 1, 'RW4gZXNjb3BldGFzIHN1cGVycHVlc3Rhcywgv3F16SBtaXNp824gdGllbmUgbGEgYmFuZGEgaW50ZXJtZWRpYSB2ZW50aWxhZGEsIGV4aXN0ZW50ZSBlbnRyZSBsb3MgY2Hxb25lcz8='),
(14, 1, 'v1F16SBtZWNhbmlzbW8gc2UgZW5jdWVudHJhIGVuIGVsIGludGVyaW9yIGRlbCBjZXJyb2pvIGRlIHVuIHJpZmxlPw=='),
(15, 1, 'v0RlIHF16SBwYXJ0ZXMgc2UgY29tcG9uZSBlbCBtZWNhbmlzbW8gZGUgcGVyY3VzafNuPw=='),
(16, 1, 'RW4gdW4gcmlmbGUsIL9xdekgcGllemEgYXJyYXN0cmEgZWwgY2FydHVjaG8gaGFjaWEgbGEgcmVj4W1hcmE/'),
(17, 1, 'UGFyYSBsYSBleHB1bHNp824gZGVsIGNhcnR1Y2hvLCC/cXXpIHBpZXphIGVuZ2FyemEgZWwgY3Vsb3RlIGRlbCBjYXJ0dWNobyBjdeFuZG8gZXN04SBhbG9qYWRvIGVuIGxhIHJlY+FtYXJhPw=='),
(18, 1, 'RW4gdW4gcmlmbGUsIL9xdekgcGllemEgZXhwdWxzYSBsYSB2YWluYSBkZWwgY2FydHVjaG8gZGUgbGEgcmVj4W1hcmE/'),
(19, 1, 'RWwgY2hva2UgZGUgdW5hIGVzY29wZXRhIGNvbnNpc3RlIGVuOg=='),
(20, 1, 'RWwgY2hva2UgZW4gZWwgcmlmbGUgc2VtaWF1dG9t4XRpY28gY29uc2lzdGUgOg=='),
(21, 1, 'v0EgcXXpIHNlIGRlbm9taW5hbiBleHRyYWN0b3JlcyBlbiB1bmEgZXNjb3BldGEgc3VwZXJwdWVzdGE/Og=='),
(22, 1, 'RW4gdW4gYXJtYSBsYXJnYSByYXlhZGEsIL9xdekgZm9ybWEgdGllbmUgbGEgcmVj4W1hcmE/'),
(23, 1, 'RW4gbGFzIGFybWFzIGxhcmdhcyByYXlhZGFzIGRlIGNhemEgbWF5b3IsIL9j821vIGVzIGxhIHBlcmN1c2nzbj8='),
(24, 1, 'v1F16SBkaXNwb3NpdGl2byBibG9xdWVhIGVsIGZ1bmNpb25hbWllbnRvIGRlbCBtZWNhbmlzbW8gZGUgZGlzcGFybyBhIHZvbHVudGFkIGRlbCB0aXJhZG9yPw=='),
(25, 1, 'v0PzbW8gc2UgZGVub21pbmEgZWwgZXh0cmVtbyBkZWwgY2Hx824gZGUgdW5hIGVzY29wZXRhIG9wdWVzdG8gYSBsYSBwYXJ0ZSBlbiBxdWUgc2UgYWxvamEgZWwgY2FydHVjaG8/'),
(26, 1, 'v0N1YW5kbyBkZWNpbW9zIHF1ZSB1bmEgYXJtYSBlc3RhIG1vbnRhZGE/'),
(27, 1, 'QXJtYSBhbGltZW50YWRhIGVzIGFxdWVsbGEgcXVlOg=='),
(28, 1, 'QXJtYSBtb250YWRhIGVzIGFxdWVsbGEgcXVlOg=='),
(29, 1, 'v0TzbmRlIHNlIGFsb2phIGVsIGNhcnR1Y2hvIGRlIHVuIGFybWEgcGFyYSBzZXIgZGlzcGFyYWRvPw=='),
(30, 1, 'v1BvciBk825kZSBleHB1bHNhIHVuYSBlc2NvcGV0YSBzZW1pYXV0b23hdGljYSBlbCBjYXJ0dWNobyBkaXNwYXJhZG8/'),
(31, 1, 'UGFyYSBhbGltZW50YXIgdW5hIGVzY29wZXRhIHNlbWlhdXRvbeF0aWNhIGRlYmVtb3M6'),
(32, 1, 'v1F16SBkaWZlcmVuY2lhIGV4aXN0ZSBlbnRyZSBjYXJnYXIgeSBhbGltZW50YXIgdW4gYXJtYS4/'),
(33, 1, 'v1B1ZWRlIGRhcnNlIGVsIGNhc28gZGUgcXVlIGFkZW3hcyBkZSBsb3MgZXh0cmFjdG9yZXMsIGxhcyBlc2NvcGV0YXMgc3VwZXJwdWVzdGFzIGRpc3BvbmdhbiBkZSBleHB1bHNvcmVzPw=='),
(34, 1, 'v0NvbiBxdekgZWxlbWVudG9zIGN1ZW50YSB1biBhcm1hIHBhcmEgZW5maWxhcmxhIGhhY2lhIHVuIGJsYW5jbz8='),
(35, 1, 'v1F16SBlbGVtZW50byBkZWwgYXJtYSByZWd1bGEgZWwgZGVzcGxhemFtaWVudG8gZW4gYWx0dXJhIGRlIHVuIGltcGFjdG8/'),
(36, 1, 'v1F16SBlbGVtZW50byBkZWwgYXJtYSByZWd1bGEgZWwgZGVzcGxhemFtaWVudG8gbGF0ZXJhbCBkZSB1biBpbXBhY3RvPw=='),
(37, 1, 'v1F16SBwaWV6YSBkZWwgbWVjYW5pc21vIGRlIGRpc3Bhcm8gdHJhbnNtaXRlIGVsIG1vdmltaWVudG8gZGVsIGRpc3BhcmFkb3I/'),
(38, 1, 'RW4gdW5hIGVzY29wZXRhIHNlbWlhdXRvbeF0aWNhIGxhIGV4cHVsc2nzbiBkZSBsYSB2YWluYSBwZXJjdXRpZGEgc2UgcHJvZHVjZTo='),
(39, 1, 'RW4gYWxndW5vcyByaWZsZXMsIL9xdekgbWlzafNuIHRpZW5lbiB1bm8gbyBkb3Mgb3JpZmljaW9zIHNpdHVhZG9zIGVuIGxhIHBhcnRlIGFudGVyaW9yIGRlbCBjYWrzbiBkZSBsb3MgbWVjYW5pc21vcz8='),
(40, 1, 'RWwgZGlzcGFyYWRvciBlc3ThIHByb3RlZ2lkbyBwb3I6'),
(41, 1, 'v0xhIGLhc2N1bGEgZGUgdW5hIGVzY29wZXRhIGVzIGNvbnNpZGVyYWRhIHBvciBlbCBSZWdsYW1lbnRvIGRlIEFybWFzIGNvbW8gcGllemEgZnVuZGFtZW50YWwgZGVsIGFybWE/'),
(42, 1, 'v0VsIGNh8fNuIGRlIHVuYSBlc2NvcGV0YSBlcyBjb25zaWRlcmFkYSBwb3IgZWwgUmVnbGFtZW50byBkZSBBcm1hcyBjb21vIHBpZXphIGZ1bmRhbWVudGFsIGRlbCBhcm1hPw=='),
(43, 1, 'TGEgY3VsYXRhIGRlIHVuIHJpZmxlIGVzIGNvbnNpZGVyYWRhIHBvciBlbCBSZWdsYW1lbnRvIGRlIEFybWFzIGNvbW8gcGllemEgZnVuZGFtZW50YWwgZGVsIGFybWE='),
(44, 1, 'v0xvcyBlbGVtZW50b3MgZGUgcHVudGVy7WEgZGUgdW5hIGVzY29wZXRhIHNvbiBjb25zaWRlcmFkb3MgcGllemFzIGZ1bmRhbWVudGFsZXMgZGVsIGFybWE/'),
(45, 1, 'v0N1YWxlcyBzb24gbGFzIHBpZXphcyBmdW5kYW1lbnRhbGVzIGRlIHVuYSBlc2NvcGV0YT8='),
(46, 1, 'v0N1YWxlcyBzb24gbGFzIHBpZXphcyBmdW5kYW1lbnRhbGVzIGRlIHVuIHJpZmxlPw=='),
(47, 1, 'v1BhcmEgcXXpIHNpcnZlIGVsIHNlZ3VybyBtYW51YWw/'),
(48, 1, 'v1F16SBwaWV6YSBnb2xwZWEgZWwgZnVsbWluYW50ZSBkZWwgY2FydHVjaG8/'),
(49, 1, 'v1F16SBhdmVy7WEgc2UgcHVlZGUgcHJvZHVjaXIgYWwgZGlzcGFyYXIgdW4gYXJtYSBlbiB2YWPtbz8='),
(50, 1, 'RWwgbWVjYW5pc21vIGRlIHNlZ3VyaWRhZCBkZSB1biBhcm1hLCC/cXXpIG1pc2nzbiB0aWVuZT8='),
(51, 1, 'v1B1ZWRlIHRlbmVyIHNlZ3VybyBhdXRvbeF0aWNvIHVuYSBlc2NvcGV0YSBkZSBjYXphIHNlbWlhdXRvbeF0aWNhPw=='),
(52, 1, 'U2kgdW4gYXJtYSB0aWVuZSBlbCBzZWd1cm8gZGUgbWFubyBlbiBwb3NpY2nzbiCTU5QsIL9wdWVkZSBlZmVjdHVhciBlbCBkaXNwYXJvPw=='),
(53, 1, 'v0PzbW8gc2UgZGVub21pbmEgbGEgdmFyaWxsYSBxdWUgc2UgdXRpbGl6YSBwYXJhIGxpbXBpYXIgZWwgaW50ZXJpb3IgZGVsIGNh8fNuIGRlIGxhcyBhcm1hcz8='),
(54, 1, 'v0NvbiBxdekgcHJvZHVjdG8gbGltcGlhcmVtb3MgbGFzIHBhcnRlcyBkZSBtYWRlcmEgZGUgdW4gYXJtYT8='),
(55, 1, 'U2kgc2UgaHViaWVzZSBtb2phZG8gZWwgYXJtYSBkZXNwdelzIGRlIHByYWN0aWNhciBlbCBlamVyY2ljaW8gZGUgbGEgY2F6YSwgv2PzbW8gcHJvY2VkZXJlbW9zIGVuIHJlbGFjafNuIGNvbiBlbCBhcm1hPw=='),
(56, 1, 'v0TzbmRlIGd1YXJkYXJlbW9zIGxhcyBhcm1hcyBkZSBsYSBjYXRlZ29y7WEgMqouMi4/'),
(57, 1, 'TGFzIGFybWFzIGRlIGxhIGNhdGVnb3LtYSAyqi4yIChhcm1hcyBsYXJnYXMgcmF5YWRhcyBwYXJhIGNhemEgbWF5b3IpLL9lbiBjdeFsIGRlIGxvcyBzaWd1aWVudGVzIHNpdGlvcyBkZWJlcuFuIHNlciBndWFyZGFkYXM/Og=='),
(58, 1, 'v1NlIGRlYmUgZGVqYXIgdW5hIGVzY29wZXRhIGVuIGVsIG1hbGV0ZXJvIGRlbCB2ZWjtY3VsbyBlc3RhY2lvbmFkbyBlbiBsYSB27WEgcPpibGljYSwgaGFzdGEgcXVlIGFsIGTtYSBzaWd1aWVudGUgc2UgdmF5YSBhIGlyIGRlIGNhemE/'),
(59, 1, 'v0PzbW8gZGViZXLhIHRyYW5zcG9ydGFyc2UgdW4gYXJtYSBkZSBmdWVnbyBlbiB1biB2ZWjtY3Vsbz8='),
(60, 1, 'v0PzbW8gc2UgaGFuIGRlIGd1YXJkYXIgbGFzIGFybWFzPw=='),
(61, 1, 'UG9yIGxvIGdlbmVyYWwsIL9k825kZSBndWFyZGFyZW1vcyBsYXMgYXJtYXM/'),
(62, 1, 'v1F16SBtZWRpZGFzIGRlYmVuIGFkb3B0YXJzZSBhbCBtYW5lamFyIHVuIGFybWE/'),
(63, 1, 'v1F16SBkZWJlIGNvbXByb2JhcnNlIHNpZW1wcmUgcXVlIHNlIGNvamEgdW4gYXJtYT8='),
(64, 1, 'v1F16SBsdWdhciBwdWVkZSBzZXIgZWwgbeFzIGFkZWN1YWRvIGVuIGVsIGRvbWljaWxpbywgcGFyYSBlZmVjdHVhciBsYSBsaW1waWV6YSBkZSBsYXMgYXJtYXM/'),
(65, 1, 'v1F16SBlcyBsbyBxdWUgbnVuY2EgZGViZW1vcyBoYWNlciBjdWFuZG8gZGVzY29ub3pjYW1vcyBlbCBmdW5jaW9uYW1pZW50byBkZSB1biBhcm1hPw=='),
(66, 1, 'v1F16SBlcyBsbyBxdWUgc2UgdHJhdGEgZGUgZXZpdGFyIGNvbiBlbCBleGFjdG8gY3VtcGxpbWllbnRvIGRlIGxhcyBub3JtYXMgZGUgc2VndXJpZGFkIGVuIGVsIG1hbmVqbyBkZSBsYXMgYXJtYXM/'),
(67, 1, 'v1F16SBwcmVjYXVjaW9uZXMgc2UgaGFuIGRlIHRvbWFyIGFsIGNvZ2VyIHVuIGFybWEgZGUgZnVlZ28/'),
(68, 1, 'v0PzbW8gc2UgZGViZSBhY3R1YXIgYW50ZSBsYSBwcmVzZW5jaWEgbyBwcm94aW1pZGFkIGRlIG90cmFzIHBlcnNvbmFzPw=='),
(69, 1, 'Q3VhbmRvIGNpZXJyZSBzdSBlc2NvcGV0YSwgv2EgZPNuZGUgZGViZSBkaXJpZ2lyIGxhIGJvY2EgZGUgZnVlZ28/'),
(70, 1, 'QWwgcmVhbGl6YXIgdW4gZGlzcGFybyBjb24gdW4gcmlmbGUgZGUgY2F6YSBtYXlvciwgZGViZW1vcyBlc3RhciBzZWd1cm9zIGRlOg=='),
(71, 2, 'TGEgY2xhc2lmaWNhY2nzbiBkZSB1biBhcm1hIGRlbnRybyBkZSB1bmEgY2F0ZWdvcu1hLCBzZSBkZXRlcm1pbmEgZW4gYmFzZSBhOg=='),
(72, 2, 'TGFzIGJhbGxlc3RhcywgaW5jbHVpZGFzIGVuIGxhIDeqIGNhdGVnb3LtYSwgc29uIGFybWFzIGp1cu1kaWNhbWVudGUgYXNpbWlsYWRhcyBhIGVzY29wZXRhcywgv3Nlcu1hIGNvcnJlY3RvIGVsIGRvY3VtZW50YXJsYXMgY29uIGxpY2VuY2lhIJNElD86'),
(73, 2, 'TGFzIGJhbGxlc3Rhcywgc29uIGFybWFzIGp1cu1kaWNhbWVudGUgYXNpbWlsYWRhcyBhIGVzY29wZXRhcywgv2VzIGRlIGFwbGljYWNp824gZWwgbWlzbW8gY3JpdGVyaW8gYSBsb3MgYXJjb3M/'),
(74, 2, 'v1F16SBpbnN0cnVtZW50b3Mgbm8gZXNwZWNpZmljYWRvcyBleHByZXNhbWVudGUsIGVzdOFuIHByb2hpYmlkb3MgZW4gZWwgUmVnbGFtZW50byBkZSBBcm1hcz86'),
(75, 2, 'U2Vn+m4gZWwgUmVnbGFtZW50byBkZSBBcm1hcywgdW4gk0FybWEgZGUgZnVlZ28gY29ydGGUIGVzOg=='),
(76, 2, 'VW4gYXJtYSBkZSBmdWVnbyBsYXJnYSwgc2UgZGVmaW5lIGNvbW86'),
(77, 2, 'VW4gYXJtYSBjdXlvIGNh8fNuIHRlbmdhIDI4IGNlbnTtbWV0cm9zIHkgdW5hIGxvbmdpdHVkIHRvdGFsIGRlIDY0IGNlbnTtbWV0cm9zLCBzZXLtYTo='),
(78, 2, 'VW4gcmV282x2ZXIgY29uIGNh8fNuIGRlIDM1IGNlbnTtbWV0cm9zLCBjYWxpYnJlIDMyIHkgdW5hIGxvbmdpdHVkIHRvdGFsIGRlIDQwIGNlbnTtbWV0cm9zLCB0ZW5kcu1hIGxhIGNvbnNpZGVyYWNp824gZGU6'),
(79, 2, 'VW5hIGVzY29wZXRhLCBjb24gcmF5YXMgZW4gZWwgY2Hx824gcGFyYSBmYWNpbGl0YXIgZWwgcGxvbWVvLCBhdW5xdWUgZXN06SBtYXJjYWRhIGNvbiBwdW56824gZGUgZXNjb3BldGEgcG9yIHVuIEJhbmNvIGRlIFBydWViYXMsIL9lcyB1biBhcm1hIGRlIGZ1ZWdvIGxhcmdhIHJheWFkYSBwYXJhIGNhemEgbWF5b3I/'),
(80, 2, 'VW4gYXJtYSBkZSBmdWVnbyBsYXJnYSwgZGUg4W5pbWEgbGlzYSwgcXVlIG5vIGVzIGVzY29wZXRhLCC/cG9kcu1hIGNsYXNpZmljYXJzZSBlbiBsYSAzqiBjYXRlZ29y7WE/'),
(81, 2, 'VW4gYXJtYSBkZSBmdWVnbyBsYXJnYSwgZGUg4W5pbWEgbGlzYSwgcXVlIG5vIGVzIGVzY29wZXRhLCC/cG9kcu1hIGNsYXNpZmljYXJzZSBlbiBsYSAyqiBjYXRlZ29y7WE/'),
(82, 2, 'TGFzIGFybWFzIHJlZ2xhbWVudGFkYXMsIHNlIGNsYXNpZmljYW4gZW46'),
(83, 2, 'v0VuIHF16SBjYXRlZ29y7WEgZXN04W4gaW5jbHVpZGFzIGxhcyBwaXN0b2xhcyBzZW1pYXV0b23hdGljYXM/'),
(84, 2, 'VW4gYXJtYSBjb3J0YSBkZSBmdWVnbywgZGUgdW4gc29sbyB0aXJvLCBkZWwgY2FsaWJyZSAyMiwgv2VuIHF16SBjYXRlZ29y7WEgZXN04SBpbmNsdWlkYT8='),
(85, 2, 'VW4gcmV282x2ZXIsIGRlIDIwIGNlbnTtbWV0cm9zIGRlIGNh8fNuIHkgZGVsIGNhbGlicmUgMzgsIL9hIHF16SBjYXRlZ29y7WEgcGVydGVuZWNlPw=='),
(86, 2, 'v0VuIHF16SBjYXRlZ29y7WEgZXN04SBjbGFzaWZpY2FkYSB1bmEgZXNjb3BldGEgZGUgY2F6YSwgY29uIGNh8fNuIGVzdHJpYWRvIGFkYXB0YWJsZSwgY29uIHJlY+FtYXJhIHBhcmEgY2FydHVjaG9zIG1ldOFsaWNvcz8='),
(87, 2, 'QWRlbeFzIGRlIGxhcyBhcm1hcyBkZSBmdWVnbyBsYXJnYXMgcmF5YWRhcyBwYXJhIHZpZ2lsYW5jaWEgeSBndWFyZGVy7WEsIL9xdekgb3RyYXMgYXJtYXMgZXN04W4gaW5jbHVpZGFzIGVuIGxhIDKqIGNhdGVnb3LtYT86'),
(88, 2, 'QWRlbeFzIGRlIGxhcyBhcm1hcyBkZSBmdWVnbyBsYXJnYXMgcmF5YWRhcyBwYXJhIHZpZ2lsYW5jaWEgeSBndWFyZGVy7WEsIL9xdekgb3RyYXMgYXJtYXMgZXN04W4gaW5jbHVpZGFzIGVuIGxhIDKqIGNhdGVnb3LtYT86'),
(89, 2, 'TG9zIGNh8W9uZXMgZXN0cmlhZG9zIGFkYXB0YWJsZXMgYSBlc2NvcGV0YXMgZGUgY2F6YSwgY29uIHJlY+FtYXJhIHBhcmEgY2FydHVjaG9zIG1ldOFsaWNvcywgbm8gY2xhc2lmaWNhZG9zIGNvbW8gYXJtYXMgZGUgZ3VlcnJhLCC/ZW4gcXXpIGNhdGVnb3LtYSBlc3ThbiBpbmNsdWlkb3M/'),
(90, 2, 'v0VuIHF16SBjYXRlZ29y7WEgZXN04W4gY2xhc2lmaWNhZGFzIGxhcyBlc2NvcGV0YXM/'),
(91, 2, 'v0N14WwgZGUgbGFzIHNpZ3VpZW50ZXMgYXJtYXMgcGVydGVuZWNlIGEgbGEgMqogY2F0ZWdvcu1hPw=='),
(92, 2, 'v0N14WwgZGUgbGFzIHNpZ3VpZW50ZXMgYXJtYXMgcGVydGVuZWNlIGEgbGEgM6ogY2F0ZWdvcu1hPw=='),
(93, 2, 'v0N14WwgZGUgbGFzIHNpZ3VpZW50ZXMgYXJtYXMgcGVydGVuZWNlIGEgbGEgMqogY2F0ZWdvcu1hPw=='),
(94, 2, 'v0EgcXXpIGNhdGVnb3LtYSBwZXJ0ZW5lY2VuIGxhcyBhcm1hcyBsYXJnYXMgcmF5YWRhcyBkZWwgY2FsaWJyZSA1tDYgbWls7W1ldHJvcywgcGFyYSB0aXJvIGRlcG9ydGl2bz8='),
(95, 2, 'v0N14WwgZGUgbGFzIHNpZ3VpZW50ZXMgYXJtYXMgcGVydGVuZWNlIGEgbGEgM6ogY2F0ZWdvcu1hPw=='),
(96, 2, 'VW5hIGNhcmFiaW5hIGRlIGFpcmUgY29tcHJpbWlkbywgZGUgcmVwZXRpY2nzbiwgcXVlIGRpc3BhcmEgcHJveWVjdGlsZXMgY3V5YSBlbmVyZ+1hIGVuIGxhIGJvY2EgZGUgZnVlZ28gZXhjZWRlIGRlIDI0LjIganVsaW9zLCC/ZW4gcXXpIGNhdGVnb3LtYSBlc3ThIGNsYXNpZmljYWRhPw=='),
(97, 2, 'RW4gcXVlIGNhdGVnb3LtYSBzZXLtYSBpbmNsdWlkYSB1biBhcm1hIGxhcmdhIHJheWFkYSwgZGVsIGNhbGlicmUgNSw2IG1pbO1tZXRyb3MgKC4yMiBhbWVyaWNhbm8pLCBkZSBwZXJjdXNp824gYW51bGFyLCBzZW1pYXV0b23hdGljYSwgcGFyYSB0aXJvIGRlcG9ydGl2bzo='),
(98, 2, 'TG9zIHJldvNsdmVyZXMgZGUgZG9ibGUgYWNjafNuLCBhY2Npb25hZG9zIHBvciBhaXJlIHUgb3RybyBnYXMgY29tcHJpbWlkbywgbm8gYXNpbWlsYWRvcyBhIGVzY29wZXRhcywgv2VuIHF16SBjYXRlZ29y7WEgZXN04W4gaW5jbHVpZG9zPw=='),
(99, 2, 'TGFzIGNhcmFiaW5hcyBkZSDhbmltYSBsaXNhIG8gcmF5YWRhLCBkZSB1biBz82xvIHRpcm8sIGFjY2lvbmFkYXMgcG9yIGFpcmUgdSBvdHJvIGdhcyBjb21wcmltaWRvLCBubyBhc2ltaWxhZGFzIGEgZXNjb3BldGFzLCC/YSBxdekgY2F0ZWdvcu1hIHBlcnRlbmVjZW4/'),
(100, 2, 'TG9zIHJldvNsdmVyZXMgZGUgYWNjafNuIHNpbXBsZSwgYWNjaW9uYWRvcyBwb3IgYWlyZSB1IG90cm8gZ2FzIGNvbXByaW1pZG8sIG5vIGFzaW1pbGFkb3MgYSBlc2NvcGV0YXMsIL9lbiBxdekgY2F0ZWdvcu1hIGVzdOFuIGNsYXNpZmljYWRvcz8='),
(101, 2, 'VW5hIGNhcmFiaW5hIGRlIGFpcmUgY29tcHJpbWlkbywgZGUgcmVwZXRpY2nzbiwgcXVlIGRpc3BhcmEgcHJveWVjdGlsZXMgY3V5YSBlbmVyZ+1hIGVuIGxhIGJvY2EgZGUgZnVlZ28gbm8gZXhjZWRlIGRlIDI0LjIganVsaW9zIL9lbiBxdekgY2F0ZWdvcu1hIGVzdOEgY2xhc2lmaWNhZGE/'),
(102, 2, 'v0VuIHF16SBjYXRlZ29y7WEgZXN04W4gY2xhc2lmaWNhZGFzIGxhcyBhcm1hcyBibGFuY2FzLCBlbiBnZW5lcmFsPw=='),
(103, 2, 'VW4gcmlmbGUgc2VtaWF1dG9t4XRpY28gY3V5byBjYXJnYWRvciBhZG1pdGUgY2luY28gY2FydHVjaG9zLCC/ZXMgYXJtYSBwcm9oaWJpZGEgYSBwYXJ0aWN1bGFyZXM/'),
(104, 2, 'v0VuIHF16SBjYXRlZ29y7WEgc2UgZW5jdWVudHJhbiBjbGFzaWZpY2FkYXMgbGFzIGJhbGxlc3Rhcz8='),
(105, 2, 'TGFzIGFybWFzIGxhcmdhcyBlc3BlY+1maWNhcyBwYXJhIGRlc2VtcGXxYXIgbGFzIGZ1bmNpb25lcyBkZSBndWFyZGVy7WEsIL9lbiBxdekgY2F0ZWdvcu1hIHNlIGVuY3VlbnRyYW4gY2xhc2lmaWNhZGFzPw=='),
(106, 2, 'v0EgcXXpIGNhdGVnb3LtYSBwZXJ0ZW5lY2VuIGxhcyBhcm1hcyBsYXJnYXMgZGUgZnVlZ28sIGRlbCBjYWxpYnJlIDIyIGFtZXJpY2FubywgZGUgcGVyY3VzafNuIGFudWxhciwgeSBkZSByZXBldGljafNuIHBhcmEgdGlybyBkZXBvcnRpdm8/'),
(107, 2, 'RW4gcXVlIGNhdGVnb3LtYSBlc3ThbiBjbGFzaWZpY2FkYXMgbGFzIGFybWFzIGxhcmdhcyByYXlhZGFzIHBhcmEgY2F6YSBtYXlvcg=='),
(108, 2, 'VW4gcmlmbGUgcXVlIHB1ZWRlIHJlYWxpemFyIGRpc3Bhcm9zIHN1Y2VzaXZvcyBhbCBhY2Npb25hciByZXBldGlkYW1lbnRlIGVsIGRpc3BhcmFkb3Igc2UgZGVub21pbmE6'),
(109, 2, 'VW4gcmlmbGUgc2VtaWF1dG9t4XRpY28gY3V5byBjYXJnYWRvciBhZG1pdGUgc2VpcyBjYXJ0dWNob3MsIL9lcyBhcm1hIHByb2hpYmlkYSBhIHBhcnRpY3VsYXJlcz8='),
(110, 2, 'v0N1YWwgZGUgbGFzIHNpZ3VpZW50ZXMgYWZpcm1hY2lvbmVzIGVzIGNpZXJ0YT8='),
(111, 2, 'U29icmUgbGFzIGFybWFzIGRlIGd1ZXJyYSwgv3F16SBlc3ThIHByb2hpYmlkbyBhIGxvcyBwYXJ0aWN1bGFyZXM/'),
(112, 2, 'TGFzIGFybWFzIGRlIGZ1ZWdvIGF1dG9t4XRpY2FzLCBzb24gc2llbXByZTo='),
(113, 2, 'v1F1aeluIHB1ZWRlIGxlZ2FsaXphciBsYXMgYXJtYXMgZGUgZ3VlcnJhIHBhcmEgdW4gcGFydGljdWxhcj8='),
(114, 2, 'TG9zIGNhbGlicmVzIDMwOCB3aW4gKDcnNjIgWCA1MSBtbS4pIHkgNyc2MiB4IDM5IHNvbiBkZSBsb3MgZGVub21pbmFkb3MgZGUgZ3VlcnJhLCC/cXXpIGNvbmRpY2lvbmVzIGhhbiBkZSBjdW1wbGlyc2UgcGFyYSB1dGlsaXphcmxhcyBlbiBjYXphIG1heW9yPw=='),
(115, 2, 'RGUgbGFzIHF1ZSBzZSBjaXRhbiBhIGNvbnRpbnVhY2nzbiwgv2N14WxlcyBzb24gYXJtYXMgcHJvaGliaWRhcz8='),
(116, 2, 'RGUgbGFzIHF1ZSBzZSBjaXRhbiBhIGNvbnRpbnVhY2nzbiwgv2N14WxlcyBzZSBjb25zaWRlcmFuIGFybWFzIHByb2hpYmlkYXM/'),
(117, 2, 'TGFzIGFybWFzIGRlIGZ1ZWdvIHF1ZSBzZWFuIHJlc3VsdGFkbyBkZSBtb2RpZmljYXIgc3VzdGFuY2lhbG1lbnRlIGxhcyBjYXJhY3Rlcu1zdGljYXMgZGUgZmFicmljYWNp824gdSBvcmlnZW4gZGUgb3RyYXMgYXJtYXMsIHNpbiBsYSByZWdsYW1lbnRhcmlhIGF1dG9yaXphY2nzbiBkZSBtb2RlbG8gbyBwcm90b3RpcG8sIL9xdekgY2xhc2UgZGUgYXJtYXMgc29uPw=='),
(118, 2, 'v0N14WxlcyBkZSBsYXMgc2lndWllbnRlcyBhcm1hcyBlc3ThbiBwcm9oaWJpZGFzPw=='),
(119, 2, 'TGFzIGFybWFzIGRlIGZ1ZWdvLCByZWFsZXMgbyBzaW11bGFkYXMsIGNvbWJpbmFkYXMgY29uIGFybWFzIGJsYW5jYXMsIHNvbjo='),
(120, 2, 'VW4gYXJtYSBkZSBmdWVnbyBzaW11bGFkYSBiYWpvIGFwYXJpZW5jaWEgZGUgY3VhbHF1aWVyIG90cm8gb2JqZXRvLCBlczo='),
(121, 2, 'RGUgbGFzIGFybWFzIGJsYW5jYXMgcXVlIHNlIGRldGFsbGFuLCC/Y3XhbGVzIGVzdOFuIHByb2hpYmlkYXM/'),
(122, 2, 'v1NlIHB1ZWRlbiB1dGlsaXphciBtaXJhcyB0ZWxlc2PzcGljYXMgZW4gbGFzIGFybWFzIGRlIGxhIGNhdGVnb3LtYSAyqi4yPw=='),
(123, 2, 'v1NlIHB1ZWRlbiB1dGlsaXphciBtaXJhcyB0ZWxlc2PzcGljYXMgZW4gbGFzIGFybWFzIGRlIGxhIGNhdGVnb3LtYSAzqi4yPw=='),
(124, 2, 'VW4gYXJtYSBsYXJnYSBxdWUgY29udGVuZ2EgdW4gZGlzcG9zaXRpdm8gZXNwZWNpYWwsIGVuIHN1IGN1bGF0YSwgcGFyYSB1bmEgcGlzdG9sYSBsZWdhbGl6YWRhLCBlczo='),
(125, 2, 'RGUgbGFzIGFybWFzIGJsYW5jYXMgcXVlIHNlIGRldGFsbGFuLCBjdeFsZXMgZXN04W4gcHJvaGliaWRhczo='),
(126, 2, 'VW4gY3VjaGlsbG8gZGUgbW9udGUsIGRlIGRvcyBmaWxvcywgcHVudGlhZ3VkbyB5IGNvbiB1bmEgaG9qYSBkZSAyMCBjZW507W1ldHJvcywgc2Vy7WE6'),
(127, 2, 'RGUgbGFzIHF1ZSBzZSByZWxhY2lvbmFuLCC/Y3XhbGVzIHNvbiBhcm1hcyBwcm9oaWJpZGFzPw=='),
(128, 2, 'U2UgcHVlZGUgcG9zZWVyIHVuIHJvbXBlY2FiZXphcywgY29tbyBpbnN0cnVtZW50byBhdXhpbGlhciBlbiBjYXphIG1heW9yOg=='),
(129, 2, 'v0EgcXXpIGNhdGVnb3LtYSBwZXJ0ZW5lY2UgdW4gYXJtYSBkZSBmdWVnbyBsYXJnYSByYXlhZGEsIGNvbiBjdWxhdGEgcGxlZ2FibGU/'),
(130, 2, 'v0N1YW50b3Mgc2lsZW5jaWFkb3JlcyBzZSBwdWVkZW4gdGVuZXIgY29uIHVuIGFybWEgbGFyZ2EgcmF5YWRhIHBhcmEgY2F6YSBtYXlvcj8='),
(131, 2, 'UHVlZGUgdW5hIHBlcnNvbmEgY29uIGxpY2VuY2lhIGRlIGFybWFzLCB0ZW5lciB5IHV0aWxpemFyIGFybWFzIGRlIGZ1ZWdvIGxhcmdhcyBkZSBjYfFvbmVzIHJlY29ydGFkb3M='),
(132, 2, 'VW4gYXJtYSBzaW11bGFkYSwgY29tYmluYWRhIGNvbiB1biBhcm1hIGJsYW5jYSwgv2VzIHVuIGFybWEgcHJvaGliaWRhPw=='),
(133, 2, 'VW5hIGVzY29wZXRhIGRlIGNhemEgbGVnYWxtZW50ZSBhZHF1aXJpZGEgZW4gRnJhbmNpYSwgcXVlIHBvc2VhIGVuIHN1IGN1bGF0YSB1biBtZWNhbmlzbW8gcGFyYSBhbG9qYXIgb3RyYXMgYXJtYXMsIL9wdWVkZSBzZXIgbGVnYWxpemFkYSBlbiBudWVzdHJvIHBh7XM/'),
(134, 2, 'VW5hIGVzY29wZXRhIGRlIGNhemEgbGVnYWxtZW50ZSBhZHF1aXJpZGEgZW4gRnJhbmNpYSwgcXVlIHBvc2VhIGVuIHN1IGN1bGF0YSB1biBtZWNhbmlzbW8gcGFyYSBhbG9qYXIgdW5hIG5hdmFqYSBwYXJhIGRlc29sbGFyIL9wdWVkZSBzZXIgbGVnYWxpemFkYSBlbiBudWVzdHJvIHBh7XM/'),
(135, 2, 'RGUgbG9zIHRpcG9zIGRlIGNhcnR1Y2hlcu1hIHF1ZSBzZSBjaXRhbiwgv2N14WwgZXN04SBwcm9oaWJpZGEgYSBwYXJ0aWN1bGFyZXM/'),
(136, 3, 'v0NvbW8gc2UgZGVub21pbmEgZWwgZG9jdW1lbnRvIHF1ZSBhbXBhcmEgZWwgdHJhc2xhZG8sIHNpbiBsaWNlbmNpYSBuaSBnde1hIGRlIHBlcnRlbmVuY2lhLCBlbnRyZSBkb3MgbHVnYXJlcywgZGUgYXJtYXMgZGUgbGFzIGNhdGVnb3LtYXMgMqogeSAzqj8='),
(137, 3, 'Q3VhbmRvIHVuIHBhcnRpY3VsYXIgYWRxdWllcmEgdW5hIGVzY29wZXRhIGVuIGxvY2FsaWRhZCBkaXN0aW50YSBhIGxhIGRlIHN1IHJlc2lkZW5jaWEsIL9xdWllbiBleHBlZGly4SBsYSBHde1hIGRlIENpcmN1bGFjafNuPw=='),
(138, 3, 'v0VzIGNpZXJ0byBzaSBhZmlybWFtb3MgcXVlIG5vIGVzIHByZWNlcHRpdmEgbGEgZ3XtYSBkZSBjaXJjdWxhY2nzbiBwYXJhIGFtcGFyYXIgdW5hIGVzY29wZXRhIHF1ZSBzdSB0aXR1bGFyIHRyYW5zcG9ydGFy4SBkZSB1bmEgbG9jYWxpZGFkIGEgb3RyYSwgcHJvdmlzdG8gZGUgZ3XtYSBkZSBwZXJ0ZW5lbmNpYSB5IGxpY2VuY2lhIGNvcnJlc3BvbmRpZW50ZT8='),
(139, 3, 'v1F1aeluIGV4cGlkZSBsYSBHde1hIGRlIGNpcmN1bGFjafNuIHBhcmEgdHJhbnNwb3J0YXIgdW4gYXJtYSBkZSBmdWVnbyBkZSBsYSAzqiBjYXRlZ29y7WE/'),
(140, 3, 'v1BvciBxdekgZXMgbmVjZXNhcmlvIHNvbGljaXRhciB1bmEgZ3XtYSBkZSBjaXJjdWxhY2nzbiBjdWFuZG8gc2UgZW527WEgYSByZXBhcmFyIHVuYSBi4XNjdWxhIGRlIGVzY29wZXRhIGVudHJlIGRvcyBsdWdhcmVzIGRpc3RpbnRvcz8='),
(141, 3, 'Q3VhbmRvIHNlIGVudu1lIHVuYSBlc2NvcGV0YSBzaW4gZ3XtYSBkZSBwZXJ0ZW5lbmNpYSB5IHNpbiBsaWNlbmNpYSwgv3F16SBkb2N1bWVudG8gYW1wYXJhcuEgZWwgdHJhc2xhZG8gZGUgdW5hIGxvY2FsaWRhZCBhIG90cmE/'),
(142, 3, 'v1F16SBhcm1hcyBkZSBsYXMgcXVlIHNlIGNpdGFuIGEgY29udGludWFjafNuLCBxdWUgc2UgdHJhc2xhZGFuIHNpbiBnde1hIGRlIHBlcnRlbmVuY2lhIHkgc2luIGxpY2VuY2lhLCBuZWNlc2l0YW4gZ3XtYSBkZSBjaXJjdWxhY2nzbiBwYXJhIHNlciB0cmFzbGFkYWRhcyBlbnRyZSBkb3MgbG9jYWxpZGFkZXMgZGlzdGludGFzPw=='),
(143, 3, 'v0N14W5kbyBuZWNlc2l0YXLhIGd17WEgZGUgY2lyY3VsYWNp824gdW5hIGNhcmFiaW5hIGRlIGFpcmUgY29tcHJpbWlkbywgcXVlIHNlIHRyYXNsYWRlIHNpbiBnde1hIGRlIHBlcnRlbmVuY2lhIHkgc2luIGxpY2VuY2lhPw=='),
(144, 3, 'v1F16SBhcm1hcyBkZSBsYXMgcXVlIHNlIGNpdGFuIGEgY29udGludWFjafNuLCBxdWUgc2UgdHJhc2xhZGFuIHNpbiBnde1hIGRlIHBlcnRlbmVuY2lhIHkgc2luIGxpY2VuY2lhLCBubyBuZWNlc2l0YW4gZ3XtYSBkZSBjaXJjdWxhY2nzbiBwYXJhIHNlciB0cmFzbGFkYWRhcyBlbnRyZSBkb3MgbG9jYWxpZGFkZXM/'),
(145, 3, 'v1F16SBhcm1hcyBkZSBsYXMgcXVlIHNlIGNpdGFuIGEgY29udGludWFjafNuLCBxdWUgc2UgdHJhc2xhZGFuIHNpbiBnde1hIGRlIHBlcnRlbmVuY2lhIHkgc2luIGxpY2VuY2lhLCBuZWNlc2l0YW4gZ3XtYSBkZSBjaXJjdWxhY2nzbiBwYXJhIHN1IHRyYXNsYWRvIGVudHJlIGRvcyBsb2NhbGlkYWRlcyBkaXN0aW50YXM/'),
(146, 3, 'QWRlbeFzIGRlIGxhIGd17WEgZGUgY2lyY3VsYWNp824sIL9zZSBuZWNlc2l0YSBhbGf6biBvdHJvIGRvY3VtZW50byBxdWUgYWNvbXBh8WUgYWwgYXJtYSwgY3VhbmRvIOlzdGEgc2UgZW527WUgYSByZXBhcmFyIGEgb3RyYSBsb2NhbGlkYWQ/'),
(147, 3, 'v0VzIGNpZXJ0byBxdWUgZWwgUmVnbGFtZW50byBkZSBBcm1hcyBjb250ZW1wbGEgcXVlIGxhcyBhcm1hcyByZWdsYW1lbnRhZGFzIGRlIGN1YWxxdWllciBjYXRlZ29y7WEgeSBzdXMgcGllemFzIGZ1bmRhbWVudGFsZXMgYWNhYmFkYXMgY2lyY3VsYXLhbiBlbiBlbnZhc2VzIGRlYmlkYW1lbnRlIGFjb25kaWNpb25hZG9zIHBhcmEgc3Ugc2VndXJpZGFkIGR1cmFudGUgZWwgdHJhc2xhZG8/'),
(148, 3, 'v1NlIHB1ZWRlbiBlbnZpYXIgYSByZXBhcmFyIGVuIHVuIG1pc21vIGVudmFzZSwgbGFzIGVzY29wZXRhcyBqdW50byBjb24gc3VzIG11bmljaW9uZXM/'),
(149, 3, 'v1F1aeluIHByZWNpbnRhcuEgbG9zIGVudmFzZXMgcXVlIGNvbnRlbmdhbiBhcm1hcyBsYXJnYXMgZGUgY2Hx824gZXN0cmlhZG8/'),
(150, 3, 'v0PzbW8gZGViZXLhbiBjaXJjdWxhciBsYXMgYXJtYXMgcmVnbGFtZW50YWRhcyBkZSBjdWFscXVpZXIgY2F0ZWdvcu1hIHkgc3VzIHBpZXphcyBmdW5kYW1lbnRhbGVzPw=='),
(151, 3, 'U2kgVmQuIHByZXRlbmRlIGVudmlhciBkb3MgYXJtYXMgZGUgc3UgcHJvcGllZGFkIGEgcmVwYXJhciBhIMlpYmFyLCBhIGRvcyBm4WJyaWNhcyBkaWZlcmVudGVzLCC/cHVlZGUgaGFjZXJsbyBlbiB1biBzb2xvIGVudmFzZT8='),
(152, 3, 'v1NlIGRlYmUgZW52aWFyIHVuIHJpZmxlIHkgdW5hIGVzY29wZXRhIGEgcmVwYXJhciBlbiB1biBtaXNtbyBlbnZhc2U/'),
(153, 3, 'v0VzIGNpZXJ0byBxdWUgZWwgUmVnbGFtZW50byBkZSBBcm1hcyBwcmVjZXB0+mEgcXVlIGVuIG5pbmf6biBjYXNvIHBvZHLhbiBoYWNlcnNlIGVudu1vcyBvIHRyYW5zcG9ydGVzIGRlIGFybWFzIGNhcmdhZGFzIG5pIGRlIGFybWFzIGNvbmp1bnRhbWVudGUgY29uIGNhcnR1Y2hlcu1hIHN1c2NlcHRpYmxlIGRlIHNlciB1dGlsaXphZGEgY29uIGxhcyBhcm1hcyB0cmFuc3BvcnRhZGFzPw=='),
(154, 3, 'v1NlIHB1ZWRlIGVudmlhciBhIHJlcGFyYXIgdW5hIGVzY29wZXRhIHBvciBDb3JyZW8gPw=='),
(155, 3, 'v0N14W5kbyBzZSBwdWVkZSBlbnZpYXIgYSByZXBhcmFyIGxhcyBhcm1hcyBjYXJnYWRhcz8='),
(156, 3, 'v1F16SBwbGF6byBlc3RhYmxlY2UgZWwgUmVnbGFtZW50byBkZSBBcm1hcyBhbCBwYXJ0aWN1bGFyIHF1ZSBjb21wcmEgdW5hIGVzY29wZXRhIGVuIGxvY2FsaWRhZCBkaXN0aW50YSBhIGxhIGRlIHN1IHJlc2lkZW5jaWEgcGFyYSBwZXJzb25hcnNlIGVuIGxhIEludGVydmVuY2nzbiBkZSBBcm1hcyB5IHNvbGljaXRhciBsYSBHde1hIGRlIFBlcnRlbmVuY2lhPw=='),
(157, 3, 'v1BvciBxdekgbWVkaW8gZGUgdHJhbnNwb3J0ZSB0aWVuZSBxdWUgc2VyIGVudmlhZGEgdW5hIGVzY29wZXRhIGEgcmVwYXJhciwgc2kgbm8gbGEgbGxldmEgc3UgdGl0dWxhciBwZXJzb25hbG1lbnRlID8='),
(158, 3, 'v1B1ZWRlIHVuIHBhcnRpY3VsYXIgcXVlIGhhIGNvbXByYWRvIHVuIGFybWEgbGFyZ2EgcmF5YWRhLCBlbiBwb2JsYWNp824gZGlzdGludGEgZGUgbGEgcmVzaWRlbmNpYSwgdHJhbnNwb3J0YXIgZGljaGEgYXJtYSBjb25zaWdvIGhhc3RhIGxhIEludGVydmVuY2nzbiBkZSBBcm1hcyBkZSBzdSByZXNpZGVuY2lhIHBhcmEgcXVlIGxlIGV4dGllbmRhbiBsYSBHde1hIGRlIHBlcnRlbmVuY2lhID8='),
(159, 3, 'RW4gbmluZ/puIGNhc28gcG9kcuFuIGhhY2Vyc2UgbG9zIGVudu1vcyBkZTo='),
(160, 3, 'QWwgcmVtaXRpciB1biBhcm1hIHBhcmEgcmVwYXJhY2nzbiB1IG90cmFzIGNhdXNhcywgv0TzbmRlIGRlYmUgZmlndXJhciBsYSBkZWNsYXJhY2nzbiBkZWwgY29udGVuaWRvPw=='),
(161, 3, 'v0PzbW8gZGViZSB0cmFuc3BvcnRhcnNlIHVuIHJpZmxlIGRlIGNhemEgbWF5b3IsIGRlIG51ZXZhIGFkcXVpc2ljafNuIHkgc2luIGd17WEgZGUgcGVydGVuZW5jaWEsIGRlIHVuYSBsb2NhbGlkYWQgYSBvdHJhIGRvbmRlIHJlc2lkYSBlbCB0aXR1bGFyPw=='),
(162, 3, 'Q3VhbmRvIHVuIHBhcnRpY3VsYXIgcmVjaWJhIG5vdGlmaWNhY2nzbiBkZWwgcmVtaXRlbnRlIHF1ZSBsZSBoYSBzaWRvIGVudmlhZGEgYSBsYSBJbnRlcnZlbmNp824gZGUgQXJtYXMgZGUgbGEgR3VhcmRpYSBDaXZpbCwgbGEgZXNjb3BldGEgcXVlIGNvbXBy8yBhbCBjaXRhZG8gcmVtaXRlbnRlLCC/cXXpIGRlYmVy4SBoYWNlcj8='),
(163, 3, 'Q3VhbmRvIHVuIHBhcnRpY3VsYXIgZXMgZGVzdGluYXRhcmlvIGRlIHVuYSBlc2NvcGV0YSBlbnZpYWRhIGEgbGEgSW50ZXJ2ZW5jafNuIGRlIEFybWFzIHkgRXhwbG9zaXZvcywgv2VzIGNpZXJ0byBxdWUgcGFyYSByZXRpcmFybGEgZGViZSBwcmVzZW50YXIgZW4gZGljaGEgSW50ZXJ2ZW5jafNuIGxhIGxpY2VuY2lhIG8gZG9jdW1lbnRvIHF1ZSBsZSBhdXRvcmljZSBzdSBhZHF1aXNpY2nzbj8='),
(164, 3, 'v0VzIGNpZXJ0byBxdWUgZWwgUmVnbGFtZW50byBkZSBBcm1hcyBkaXNwb25lIHF1ZSBsYXMgYXJtYXMgZGUgbGFzIGNhdGVnb3LtYXMgMaogeSB0b2RhcyBsYXMgZGUgY29uY3Vyc28sIHBhc2Fy4W4gcmV2aXN0YSBjYWRhIHRyZXMgYfFvcyB5IGxhcyBkZW3hcyBhcm1hcyBxdWUgcHJlY2lzZW4gZ3XtYSwgY2FkYSBjaW5jbyBh8W9zPw=='),
(165, 3, 'v0NhZGEgY3XhbnRvcyBh8W9zIHBhc2FuIHJldmlzdGEgbGFzIGFybWFzIGRlIGxhIDKqIGNhdGVnb3LtYT8='),
(166, 3, 'v0NhZGEgY3VhbnRvcyBh8W9zIHBhc2FuIHJldmlzdGEgbGFzIGFybWFzIGRlIGxhIDOqIGNhdGVnb3LtYT8='),
(167, 3, 'v0VzIG5lY2VzYXJpbyBwcmVzZW50YXIgZWwgYXJtYSBwYXJhIHBhc2FyIHJldmlzdGE/'),
(168, 3, 'RWwgaGVjaG8gZGUgbm8gcGFzYXIgZG9zIHJldmlzdGFzIGRlbCBhcm1hLCC/ZXMgY2F1c2EgZGUgYW51bGFjafNuIHkgcmV0aXJhZGEgZGUgbGEgZ3XtYSBkZSBwZXJ0ZW5lbmNpYT8='),
(169, 3, 'v0VuIHF16SBtZXMgcGFzYXLhIHJldmlzdGEgZWwgdGl0dWxhciBkZSB1bmEgZ3XtYSBkZSBwZXJ0ZW5lbmNpYSBkZSB1bmEgZXNjb3BldGE/'),
(170, 3, 'v1F16SBuZWNlc2l0YSB1biBmYW1pbGlhciBkZSB1biB0aXR1bGFyIGRlIHVuIGFybWEgcGFyYSBwYXNhciBsYSByZXZpc3RhIGRlIGxhcyBtaXNtYXM/'),
(171, 3, 'Tm8gcGFzYXIgZG9zIHJldmlzdGFzIGNvbnNlY3V0aXZhcywgZGFy4SBsdWdhciBhIGxhIGFudWxhY2nzbiB5IHJldGlyYWRhIGRlIGxhIEd17WEgZGUgUGVydGVuZW5jaWEsIL8gYSBxdWUgZGFy4SBsdWdhciB0YW1iaeluID8='),
(172, 3, 'v1F1aeluIHJlYWxpemFy4SBsYXMgYW5vdGFjaW9uZXMgZW4gbGFzIEd17WFzIGRlIFBlcnRlbmVuY2lhIGFsIHBhc2FyIGxhIFJldmlzdGEgZGUgQXJtYXM/Og=='),
(173, 3, 'v1F16SByZXF1aXNpdG8gZXMgaW1wcmVzY2luZGlibGUgcGFyYSBwYXNhciBsYSBSZXZpc3RhIGRlIEFybWFzPzo='),
(174, 3, 'RWwgaGVjaG8gZGUgbm8gcGFzYXIgbGEgcmV2aXN0YSBkZSBhcm1hcyBjb25zdGl0dXllOg=='),
(175, 3, 'U2kgdGVuZ28gdW5hIGVzY29wZXRhIGRlIGNhemEsIL9jYWRhIGN14W50byB0aWVtcG8gdGVuZ28gcXVlIHBhc2FyIHJldmlzdGE/'),
(176, 3, 'v0NhZGEgY3XhbnRvIHRpZW1wbyBwYXNhcuFuIHJldmlzdGEgbGFzIGFybWFzIGRlIGNvbmN1cnNvPw=='),
(177, 3, 'v0NhZGEgY3XhbnRvIHRpZW1wbyBwYXNhcuFuIHJldmlzdGEgbGFzIGJhbGxlc3Rhcz8='),
(178, 3, 'v1B1ZWRlIHVuIHRlcmNlcm8gcGFzYXIgcmV2aXN0YSBkZSB1bmEgZXNjb3BldGE/'),
(179, 3, 'VW5hIGNhcmFiaW5hIGRlIGFpcmUgY29tcHJpbWlkbyBkZSBsYSA0qiBjYXRlZ29y7WEuIL9jdeFuZG8gdGllbmUgcXVlIHBhc2FyIGxhIHJldmlzdGE/'),
(180, 3, 'v0VuIHF16SBjaXJjdW5zdGFuY2lhcyBzZSBwdWVkZSBwYXNhciByZXZpc3RhIGRlIGFybWFzIHNpbiBwcmVzZW50YXJsYSBlbiBsYSBJbnRlcnZlbmNp824gZGUgQXJtYXMgbyBQdWVzdG8gZGUgbGEgR3VhcmRpYSBDaXZpbD8='),
(181, 3, 'VW4gY2Hx824gZXN0cmlhZG8sIHkgY29uIHJlY+FtYXJhIHBhcmEgY2FydHVjaG9zIG1ldOFsaWNvcywgYWRhcHRhYmxlIGEgdW5hIGVzY29wZXRhIGRlIGNhemEsIHBhc2Fy4SByZXZpc3RhIGRlIGFybWFzIGEgbG9zOg=='),
(182, 3, 'VW5hIGNhcmFiaW5hIGRlIHJlcGV0aWNp824gYWNjaW9uYWRhIHBvciBnYXMgY29tcHJpbWlkbywgbm8gYXNpbWlsYWRhIGEgZXNjb3BldGEsIHBhc2Fy4SByZXZpc3RhIGRlIGFybWFzIGNhZGE6'),
(183, 3, 'VW5hIGNhcmFiaW5hIGRlIGFpcmUgY29tcHJpbWlkbywgY3V5byBwcm95ZWN0aWwgZW4gYm9jYSB0aWVuZSB1bmEgZW5lcmftYSBzdXBlcmlvciBhIGxvcyAyNCwyIGp1bGlvcywgv2hhIGRlIHBhc2FyIHJldmlzdGEgZGUgYXJtYXM/'),
(184, 3, 'v0VzIGNpZXJ0byBxdWUgZWwgcGFydGljdWxhciBxdWUgZGVzZWUgZW5hamVuYXIgdW4gYXJtYSB0aWVuZSBxdWUgaGFjZXIgbGEgY2VzafNuIGEgcGVyc29uYSBxdWUgcG9zZWEgbGEgbGljZW5jaWEsIHRhcmpldGEgbyBjZXJ0aWZpY2FkbyBkZSBpbnV0aWxpemFjafNuIGNvcnJlc3BvbmRpZW50ZT8='),
(185, 3, 'QWwgZW5hamVuYXIgdW4gcGFydGljdWxhciB1biBhcm1hIGRlIGZ1ZWdvLCC/ZG9uZGUgZW50cmVnYXLhIGxhIGd17WEgZGUgcGVydGVuZW5jaWE/'),
(186, 3, 'v0RlYmUgY29tdW5pY2Fyc2UgYSBsYSBJbnRlcnZlbmNp824gZGUgQXJtYXMgbGEgZW5hamVuYWNp824gZGUgdW4gYXJtYSA/'),
(187, 3, 'v0VuIHF16SBjYXNvIG5vIGVzIG5lY2VzYXJpbyBwYXJ0aWNpcGFyIGEgbGEgSW50ZXJ2ZW5jafNuIGRlIEFybWFzIGxhIGVuYWplbmFjafNuIGRlIHVuIGFybWE/'),
(188, 3, 'v1F16SByZXF1aXNpdG8gZXMgaW5kaXNwZW5zYWJsZSBxdWUgdGVuZ2EgZWwgY29tcHJhZG9yIGRlIHVuIGFybWEgZGUgZnVlZ28/'),
(189, 3, 'TGEgZW5hamVuYWNp824gZGUgdW4gYXJtYSBlbnRyZSBwYXJ0aWN1bGFyZXMsIL9xdekgbnVldm8gZG9jdW1lbnRvIGxlIHNlcuEgZXhwZWRpZG8gYWwgY29tcHJhZG9yPw=='),
(190, 3, 'TGEgdmVudGEgZGUgdW4gYXJtYSBkZSBmdWVnbyBzZSBlZmVjdHVhcuEgc2llbXByZSBjb24gY29ub2NpbWllbnRvIGRlOg=='),
(191, 3, 'v0VzIGNpZXJ0byBxdWUgbG9zIGV4dHJhbmplcm9zIHJlc2lkZW50ZXMgZW4gRXNwYfFhIHBvZHLtYW4gcHJlc3RhciBzdXMgYXJtYXMgZGUgY2F6YSBhIHF1aWVuZXMgZXN06W4gcHJvdmlzdG9zIGRlIGxpY2VuY2lhIGRlIGNhemEgeSBkZSBsaWNlbmNpYSBkZSBhcm1hIGxhcmdhIHJheWFkYSBwYXJhIGNhemEgbWF5b3IgbyBlc2NvcGV0YXM/'),
(192, 3, 'v1F16SByZXF1aXNpdG9zIGRlYmUgY3VtcGxpciB1bmEgcGVyc29uYSBwYXJhIHF1ZSBzZSBsZSBwdWVkYSBjZWRlciBlbCBhcm1hPw=='),
(193, 3, 'v1BvciBjdeFudG8gdGllbXBvIHNlIHB1ZWRlIHByZXN0YXIgbGFzIGFybWFzIHBhcmEgY2F6YXIgPw=='),
(194, 3, 'v0PzbW8gc2UgZGViZSBoYWNlciBsYSBjZXNp824gdGVtcG9yYWwgZGUgbGFzIGFybWFzID8='),
(195, 3, 'VW4gZXNwYfFvbCwgv2EgcXVpZW4gcG9kcuEgcHJlc3RhciBzdSBlc2NvcGV0YT8='),
(196, 3, 'RWwgdGl0dWxhciBkZSB1biBhcm1hIGxhcmdhIHJheWFkYSBwYXJhIGNhemEgbWF5b3Igv2EgcXVpZW4gcG9kcuEgcHJlc3RhciBkaWNoYSBhcm1hPw=='),
(197, 3, 'v0VzIGNpZXJ0byBxdWUgbGFzIGFybWFzIGRlIGNhemEgcG9kcuFuIHByZXN0YXJzZSBhIHF1aWVuZXMgZXN06W4gcHJvdmlzdG9zIGRlIGxpY2VuY2lhIGRlIGNhemEgeSBkZSBsaWNlbmNpYSBkZSBhcm1hcyBsYXJnYXMgcmF5YWRhcyBwYXJhIGNhemEgbWF5b3IgbyBlc2NvcGV0YSBjb3JyZXNwb25kaWVudGU/'),
(198, 3, 'v0NvbW8gc2UgcHJlc3RhcuFuIHNpZW1wcmUgbGFzIGVzY29wZXRhcz8='),
(199, 3, 'v0NvbW8gc2UgcHJlc3RhcuFuIHNpZW1wcmUgbGFzIGFybWFzIGRlIGNhemE/'),
(200, 3, 'v1NlIHBvZHLhbiBwcmVzdGFyIGxhcyBhcm1hcyBkZSBjYXphIGEgcXVpZW4gbm8gZXN06SBwcm92aXN0byBkZSBsaWNlbmNpYSBkZSBjYXphPw=='),
(201, 4, 'v1VuIHJpZmxlIGF1dG9t4XRpY28gcHVlZGUgYW1wYXJhcnNlIGVuIHVuYSBMaWNlbmNpYSBkZSBBcm1hcyAiRCI/'),
(202, 4, 'UGFyYSBsYSBleHBlZGljafNuIGRlIHVuYSBsaWNlbmNpYSBkZSBhcm1hcywgv3F16SBlZGFkIG3tbmltYSB0ZW5kcuEgZWwgcGV0aWNpb25hcmlvPw=='),
(203, 4, 'v0N1YW50YXMgbGljZW5jaWFzIGRlIGFybWFzIJNElCBzZSBwb2Ry4W4gcG9zZWVyPw=='),
(204, 4, 'v1F1ZSBkb2N1bWVudG9zIHBhcmEgbGEgdXRpbGl6YWNp824gZGUgdW4gYXJtYSBsYXJnYSByYXlhZGEgcGFyYSBjYXphIG1heW9yLCBwb3J0YXLhIHN1IHRpdHVsYXIgY3VhbmRvIGVqZXJ6YSBsYSBwcuFjdGljYSBkZSBsYSBjYXphPw=='),
(205, 4, 'v1NlIHB1ZWRlIGV4cGVkaXIgdW5hIGxpY2VuY2lhIGRlIGFybWFzIGEgdW4gZXNwYfFvbCByZXNpZGVudGUgZW4gRnJhbmNpYT8='),
(206, 4, 'v1BvZHLtYSB1dGlsaXphciB1biB0aXR1bGFyIGRlIGxpY2VuY2lhIGRlIGFybWFzIJNFlCB1bmEgZXNjb3BldGEgZGUgc3UgcHJvcGllZGFkIGluc2NyaXRhIGVuIHVuIExpYnJvLVJlZ2lzdHJvIGRlIGNvbGVjY2lvbmlzdGEsIHBhcmEgZWplcmNlciBsYSBjYXphPw=='),
(207, 4, 'v1F16SBlcyBuZWNlc2FyaW8gZW4gZWwgdGVycml0b3JpbyBlc3Bh8W9sIHBhcmEgcG9zZWVyIHVuYSBlc2NvcGV0YSBkZSBjYXphPw=='),
(208, 4, 'v1F1aeluZXMgcHVlZGVuIHRlbmVyIHkgdXNhciBhbHphcyBvIG1pcmFzIHRlbGVzY/NwaWNhcz8='),
(209, 4, 'v1F16SBlZGFkIG3tbmltYSBkZWJlIHRlbmVyIHVuYSBwZXJzb25hIHBhcmEgcG9kZXIgcG9zZWVyIHVuIHJpZmxlIGRlIGNhemEgbWF5b3IgeSBxdWUgbGljZW5jaWEgbmVjZXNpdGE/'),
(210, 4, 'RW4gdW4gYXJtYSBjb21iaW5hZGEgKGVzY29wZXRhIHkgcmlmbGUgZGUgY2F6YSksIL9xdekgbGljZW5jaWEgc2UgZXhwZWRpcuEgYSBzdSBwcm9waWV0YXJpbz8='),
(211, 4, 'RWwgcHJvcGlldGFyaW8gZGUgdW5hIGVzY29wZXRhIHkgdW4gYXJtYSBsYXJnYSByYXlhZGEgcGFyYSBjYXphIG1heW9yLCC/cXXpIGxpY2VuY2lhcyBkZSBhcm1hcyBkZWJlcuEgdGVuZXI/'),
(212, 4, 'v1F1ZSBkb2N1bWVudG8gc2UgZW50cmVnYSBhbCBJbnRlcnZlbnRvciBkZSBBcm1hcywgcG9yIHDpcmRpZGEsIGRlc3RydWNjafNuLCByb2JvIG8gc3VzdHJhY2Np824gZGUgdW4gYXJtYSBkZSBsYSBjYXRlZ29y7WEgMqogeSAzqj8='),
(213, 4, 'v1F1ZSBkb2N1bWVudG8gcG9kcuEgc29saWNpdGFyc2UgYW50ZSBsYSBw6XJkaWRhLCBkZXN0cnVjY2nzbiwgcm9ibyBvIHN1c3RyYWNjafNuIGRlIGxhIGxpY2VuY2lhIGRlIGFybWFzPw=='),
(214, 4, 'Q3VhbmRvIGxhcyBsaWNlbmNpYXMgZGUgYXJtYXMgZXN06W4gcHLzeGltYXMgYSBjYWR1Y2FyLCC/cXXpIGRvY3VtZW50byBwb2Ry4W4gZXhwZWRpciBsb3MgSW50ZXJ2ZW50b3JlcyBkZSBBcm1hcyBhIGxvcyBwZXRpY2lvbmFyaW9zPw=='),
(215, 4, 'v1F16SBlcyB1bmEgYXV0b3JpemFjafNuIHRlbXBvcmFsIGRlIHVzbyBkZSBhcm1hcz8='),
(216, 4, 'TG9zIHRpdHVsYXJlcyBkZSBsaWNlbmNpYXMgZGUgYXJtYXMgcHLzeGltYXMgYSBjYWR1Y2FyLCBjdWFuZG8g6XN0b3Mgc29saWNpdGFuIHN1IG51ZXZhIGNvbmNlc2nzbiwgbGFzIEludGVydmVuY2lvbmVzIGRlIEFybWFzIHkgRXhwbG9zaXZvcyBwb2Ry4W4gZXhwZWRpciBhIGxvcyBzb2xpY2l0YW50ZXMgYXV0b3JpemFjaW9uZXMgdGVtcG9yYWxlcyBkZSB1c28gZGUgZGljaGFzIGFybWFzLCC/cXXpIHBsYXpvIGRlIHZhbGlkZXogdGVuZHLhbiBkaWNoYXMgYXV0b3JpemFjaW9uZXM/'),
(217, 4, 'v1F1aWVuIGV4cGlkZSBsYSBhdXRvcml6YWNp824gdGVtcG9yYWwgZGUgdXNvIGRlIGFybWFzIGEgbG9zIHRpdHVsYXJlcyBkZSBsaWNlbmNpYXMgZGUgYXJtYXMgcHLzeGltYXMgYSBjYWR1Y2FyLCBjdWFuZG8g6XN0b3Mgc29saWNpdGFuIHN1IG51ZXZhIGNvbmNlc2nzbj8='),
(218, 4, 'UGFyYSBsYSB0ZW5lbmNpYSBkZSBhcm1hcyBkZSBsYSBjYXRlZ29y7WEgMqouMiAtQXJtYXMgZGUgZnVlZ28gbGFyZ2FzIHJheWFkYXMgcGFyYSBjYXphIG1heW9yLCC/Y29uIHF16SBkb2N1bWVudG8gaGFicuEgZGUgZXN0YXIgZG9jdW1lbnRhZGEgY2FkYSBhcm1hPw=='),
(219, 4, 'UGFyYSBsYSB0ZW5lbmNpYSBkZSBhcm1hcyBkZSBsYSBjYXRlZ29y7WEgM6ouMiAtRXNjb3BldGFzIHkgZGVt4XMgYXJtYXMgZGUgZnVlZ28gbGFyZ2FzIGRlIOFuaW1hIGxpc2Egv2NvbiBxdWUgZG9jdW1lbnRvIGhhYnLhIGRlIGVzdGFyIGRvY3VtZW50YWRhIGNhZGEgYXJtYT8='),
(220, 4, 'UGFyYSBsYSB0ZW5lbmNpYSBkZSBhcm1hcyBkZSBsYSBjYXRlZ29y7WEgM6ouMyAtQXJtYXMgYWNjaW9uYWRhcyBwb3IgYWlyZSB1IG90cm8gZ2FzIGNvbXByaW1pZG8sIHNpZW1wcmUgcXVlIGxhIGVuZXJn7WEgY2lu6XRpY2EgZGVsIHByb3llY3RpbCBlbiBib2NhIGV4Y2VkYSBkZSAyNCwyIGp1bGlvcywgv2NvbiBxdWUgZG9jdW1lbnRvIGhhYnLhIGRlIGVzdGFyIGRvY3VtZW50YWRhIGNhZGEgYXJtYT8='),
(221, 4, 'UGFyYSBsYSB0ZW5lbmNpYSBkZSBhcm1hcyBkZSBsYSBjYXRlZ29y7WEsIDeqLjIgLUJhbGxlc3Rhcy2/Y29uIHF1ZSBkb2N1bWVudG8gaGFicuEgZGUgZXN0YXIgZG9jdW1lbnRhZGEgY2FkYSBhcm1hPw=='),
(222, 4, 'UGFyYSBsYSB0ZW5lbmNpYSBkZSBhcm1hcyBkZSBsYSBjYXRlZ29y7WEgN6ouMyAtQXJtYXMgcGFyYSBsYW56YXIgY2Fib3Mtv2NvbiBxdWUgZG9jdW1lbnRvIGhhYnLhIGRlIGVzdGFyIGRvY3VtZW50YWRhIGNhZGEgYXJtYT8='),
(223, 4, 'v0N1YW50YXMgYXJtYXMgaXLhbiByZXNl8WFkYXMgZW4gdW5hIGd17WEgZGUgcGVydGVuZW5jaWE/'),
(224, 4, 'v0VuIHF1ZSBjYXNvcyBhY29tcGHxYXLhIGxhIGd17WEgZGUgcGVydGVuZW5jaWEgYWwgYXJtYT8='),
(225, 4, 'U2XxYWxlLCBlbnRyZSBsYXMgc2lndWllbnRlcywgZWwgYXJtYSBleGNlcHR1YWRhIGRlIGVzdGFyIGFtcGFyYWRhIGNvbiBnde1hIGRlIHBlcnRlbmVuY2lhOg=='),
(226, 4, 'U2XxYWxlLCBlbnRyZSBsYXMgc2lndWllbnRlcywgZWwgYXJtYSBleGNlcHR1YWRhIGRlIGVzdGFyIGFtcGFyYWRhIGNvbiBnde1hIGRlIHBlcnRlbmVuY2lh'),
(227, 4, 'v0N14W50YXMgZXNjb3BldGFzIGRlIGNhemEgc2UgcHVlZGVuIGxlZ2FsaXphciBjb24gdW5hIHNvbGEgZ3XtYSBkZSBwZXJ0ZW5lbmNpYT8='),
(228, 4, 'RW4gdW5hIEd17WEgZGUgUGVydGVuZW5jaWEsIGFwYXJ0ZSBkZWwgRC5OLkkuLCBsb3MgZGF0b3MgcGVyc29uYWxlcyBkZWwgcHJvcGlldGFyaW8gZGVsIGFybWEsIGFz7SBjb21vIGxvcyBkZSBsYSBMaWNlbmNpYSwgv3F16SBvdHJvcyBkYXRvcyBkZWJlbiBmaWd1cmFyPw=='),
(229, 4, 'UXVpZW5lcyBwcmVjaXNlbiBhcm1hcyB1dGlsaXphYmxlcyBwYXJhIGxhIGNhemEgbWF5b3Igv3F16SBsaWNlbmNpYSBkZSBhcm1hcyBkZWJlcuFuIG9idGVuZXI/'),
(230, 4, 'UGFyYSBsYSB0ZW5lbmNpYSBkZSB1biBjYfHzbiBlc3RyaWFkbyBhZGFwdGFibGUgYSB1bmEgZXNjb3BldGEgZGUgY2F6YSwgY29uIHJlY+FtYXJhIHBhcmEgY2FydHVjaG9zIG1ldOFsaWNvcywgc2llbXByZSBxdWUgbm8gZXN06W4gY2xhc2lmaWNhZGFzIGNvbW8gYXJtYXMgZGUgZ3VlcnJhLCC/cXXpIGxpY2VuY2lhIHNlcuEgbmVjZXNhcmlhPw=='),
(231, 4, 'v1F1ZSBhcm1hcyBhbXBhcmEgbGEgbGljZW5jaWEgZGUgYXJtYXMgk0SUPw=='),
(232, 4, 'v1F1ZSBsaWNlbmNpYSBkZSBhcm1hcyBkZWJlIG9idGVuZXJzZSBwYXJhIGxsZXZhciB5IHVzYXIgYXJtYXMgZGUgZnVlZ28gbGFyZ2FzIHJheWFkYXMgcGFyYSB0aXJvIGRlcG9ydGl2bywgZGUgY2FsaWJyZSA1LDYgbWls7W1ldHJvcyAoMjIgYW1lcmljYW5vKSwgZGUgcGVyY3VzafNuIGFudWxhciwgYmllbiBzZWFuIGRlIHVuIGRpc3Bhcm8sIGJpZW4gZGUgcmVwZXRpY2nzbiBvIHNlbWlhdXRvbeF0aWNhcyAoQ2F0ZWdvcu1hIDOqMSk/'),
(233, 4, 'v1F1ZSBsaWNlbmNpYSBkZSBhcm1hcyBkZWJlIG9idGVuZXJzZSBwYXJhIHBvc2VlciwgbGxldmFyIHkgdXNhciBiYWxsZXN0YXMgKENhdGVnb3LtYSA3qjIpPw=='),
(234, 4, 'TGEgTGljZW5jaWEgIkUiIGF1dG9yaXphIGEgcG9zZWVyLCBsbGV2YXIgeSB1c2FyIL9xdekgY2F0ZWdvcu1hIGRlIGFybWFzPw=='),
(235, 4, 'TGEgbGljZW5jaWEgZGUgYXJtYXMgk0WUIGF1dG9yaXphIGEgcG9zZWVyLCBsbGV2YXIgeSB1c2FyIGFybWFzIGRlIGxhcyBjYXRlZ29y7WFzIDOqLCA3qiAyIHkgN6ogMy4gv2N14W50YXMgYXJtYXMgc2UgcG9kcuFuIHBvc2VlciBjb21vIG3heGltbz8='),
(236, 4, 'v0hhc3RhIGN1YW50YXMgZXNjb3BldGFzIHB1ZWRlIGFtcGFyYXJzZSBjb24gdW5hIGxpY2VuY2lhIGRlIGFybWFzIJNFlD8='),
(237, 4, 'v0hhc3RhIGN1YW50YXMgYXJtYXMgZGUgZnVlZ28gbGFyZ2FzIHJheWFkYXMgcGFyYSB0aXJvIGRlcG9ydGl2byBwdWVkZSBhbXBhcmFyIHVuYSBsaWNlbmNpYSBkZSBhcm1hcyCTRZQ/'),
(238, 4, 'v0N14W50YXMgY2FyYWJpbmFzIGRlIGFpcmUgY29tcHJpbWlkbyBzZSBwdWVkZW4gbGVnYWxpemFyIGNvbiB1bmEgbGljZW5jaWEgZGUgYXJtYXMgdGlwbyAiRCI/'),
(239, 4, 'v0VsIHRpdHVsYXIgZGUgYXJtYXMgZGUgZnVlZ28gY3VhbmRvIHZpYWplIGNvbiBlbGxhcyBwb3IgcGHtc2VzIG1pZW1icm9zIGRlIGxhIFVuafNuIEV1cm9wZWEsIGRlYmVy4SBzZXIgcG9ydGFkb3I/'),
(240, 4, 'v0N1YWwgZXMgbGEgdmlnZW5jaWEgZGUgbGEgVGFyamV0YSBFdXJvcGVhIGRlIEFybWFzPw=='),
(241, 4, 'v1F1ZSBhcm1hcyBmaWd1cmFy4W4gZW4gbGEgVGFyamV0YSBFdXJvcGVhIGRlIEFybWFzPw=='),
(242, 4, 'RWwgc29saWNpdGFudGUgZGUgbGljZW5jaWEgk0WULCBlbnRyZSBvdHJvcyBkb2N1bWVudG9zLCC/Y29tbyBhY3JlZGl0YXLhIHF1ZSBzZSBkZWRpY2EgYWwgZWplcmNpY2lvIGRlIGxhIGNhemE/'),
(243, 4, 'Q29uIGxhIHByZXNlbnRhY2nzbiBkZSBsYSBsaWNlbmNpYSBkZSBjYXphIGVuIHZpZ29yLCC/cHVlZGUgZWwgc29saWNpdGFudGUgZGUgdW5hIGxpY2VuY2lhIEUgYWNyZWRpdGFyIHF1ZSBzZSBkZWRpY2EgYWwgZWplcmNpY2lvIGRlIGxhIGNhemE/'),
(244, 4, 'v0EgcXVpZW5lcyBsZXMgcG9kcuFuIHNlciBleHBlZGlkYSBsYSBUYXJqZXRhIEV1cm9wZWEgZGUgQXJtYXM/'),
(245, 4, 'RW4gbGEgcmVub3ZhY2nzbiBkZSBsYSBUYXJqZXRhIEV1cm9wZWEgZGUgQXJtYXMsIL9xdekgc2UgZXhpZ2ly4T8='),
(246, 4, 'v1F1ZSB2YWxpZGV6IHRlbmRy4W4gbGFzIGF1dG9yaXphY2lvbmVzIGVzcGVjaWFsZXMgZGUgdXNvIGRlIGFybWFzIHBhcmEgbWVub3Jlcz8='),
(247, 4, 'v1F1ZSBlZGFkIG3tbmltYSB0ZW5kcuEgdW4gbWVub3IgcGFyYSB1dGlsaXphciB1biBhcm1hIGxhcmdhIHJheWFkYSBwYXJhIGNhemEgbWF5b3IgbyB0aXJvIGRlcG9ydGl2bz8='),
(248, 4, 'v1F1ZSBlZGFkIG3tbmltYSB0ZW5kcuEgdW4gbWVub3IgcGFyYSB1dGlsaXphciBhcm1hcyBkZSBsYXMgY2F0ZWdvcu1hcyAzqi4yIHkgM6ouMz8='),
(249, 4, 'v0RlIHF1aWVuZXMgaXLhbiBzaWVtcHJlIGFjb21wYfFhZG9zIGxvcyBtZW5vcmVzIGN1YW5kbyB1dGlsaWNlbiBhcm1hcyBkZSBsYXMgY2F0ZWdvcu1hcyAyqi4yIG8gM6o/'),
(250, 4, 'TGEgcGVyc29uYSBtYXlvciBkZSBlZGFkIGVuIHBvc2VzafNuIGRlIGxpY2VuY2lhIGRlIGFybWFzIEQsIEUgbyBGIHF1ZSBhY29tcGHxZSBhIHVuIG1lbm9yIGRlIGVkYWQgZW4gcG9zZXNp824gZGUgYXV0b3JpemFjafNuIGVzcGVjaWFsIGRlIHVzbyBkZSBhcm1hcywgcXVlIGVzdOkgdXRpbGl6YW5kbyBhcm1hcyBkZSBsYXMgY2F0ZWdvcu1hcyAyqjIgbyAzqiwgv2EgcXXpIHNlIGhhYnLhbiBjb21wcm9tZXRpZG8gcHJldmlhbWVudGU/'),
(251, 4, 'VW4gbWVub3Igv3B1ZWRlIHNlciB0aXR1bGFyIGRlIHVuYSBlc2NvcGV0YT8='),
(252, 4, 'SW5kaXF1ZSBlbCBwbGF6byBkZSB2YWxpZGV6IGRlIHVuYSBsaWNlbmNpYSBkZSBhcm1hcyB0aXBvIJNElCBleHBlZGlkYSBhIHVuYSBwZXJzb25hIGRlIDU1IGHxb3M='),
(253, 4, 'SW5kaXF1ZSBlbCBwbGF6byBkZSB2YWxpZGV6IGRlIHVuYSBsaWNlbmNpYSBkZSBhcm1hcyCTRZQgZXhwZWRpZGEgYSB1bmEgcGVyc29uYSBkZSBt4XMgZGUgNTAgYfFvcyBkZSBlZGFkIHkgbWVub3MgZGUgNjAgYfFvcw=='),
(254, 4, 'VW4gam92ZW4gZGUgMTcgYfFvcywgv2N14W50YXMgbGljZW5jaWFzIGRlIGFybWFzIHRpcG8gIkUiIHB1ZWRlIHRlbmVyPw=='),
(255, 4, 'v1BvciBxdWnpbiBlc3RhcuFuIHN1c2NyaXRhcyBsYXMgc29saWNpdHVkZXMgZGUgYXV0b3JpemFjaW9uZXMgZXNwZWNpYWxlcyBkZSB1c28gZGUgYXJtYXMgcGFyYSBtZW5vcmVzPw=='),
(256, 4, 'SW5kaXF1ZSBlbCBwbGF6byBkZSB2YWxpZGV6IGRlIHVuYSBsaWNlbmNpYSBkZSBhcm1hcyB0aXBvIJNFlCBleHBlZGlkYSBhIHVuYSBwZXJzb25hIGRlIDYyIGHxb3M='),
(257, 4, 'SW5kaXF1ZSBlbCBwbGF6byBkZSB2YWxpZGV6IGRlIHVuYSBsaWNlbmNpYSBkZSBhcm1hcyB0aXBvIJNElCBleHBlZGlkYSBhIHVuYSBwZXJzb25hIGRlIDYzIGHxb3M='),
(258, 4, 'SW5kaXF1ZSBlbCBwbGF6byBkZSB2YWxpZGV6IGRlIHVuYSBsaWNlbmNpYSBkZSBhcm1hcyB0aXBvIJNFlCBleHBlZGlkYSBhIHVuYSBwZXJzb25hIGRlIDcyIGHxb3M='),
(259, 4, 'SW5kaXF1ZSBlbCBwbGF6byBkZSB2YWxpZGV6IGRlIHVuYSBsaWNlbmNpYSBkZSBhcm1hcyB0aXBvIJNElCBleHBlZGlkYSBhIHVuYSBwZXJzb25hIGRlIDcxIGHxb3M='),
(260, 4, 'v0VuIHF1ZSBwbGF6byBkZWJlIHJlc29sdmVyc2UgdW5hIHNvbGljaXR1ZCBkZSBsaWNlbmNpYSBkZSBhcm1hcz8='),
(261, 4, 'Q2FzbyBkZSBubyBtYW50ZW5lcnNlIGxvcyByZXF1aXNpdG9zIHF1ZSBzZSBleGlnZW4gcGFyYSBlbCBvdG9yZ2FtaWVudG8gZGUgdW5hIGxpY2VuY2lhIGRlIGFybWFzLCC/cXVlIHByb2NlZGU/'),
(262, 4, 'U2Vn+m4gZWwgUmVnbGFtZW50byBkZSBBcm1hcywgv3BvciBjdeFudG8gdGllbXBvIHNlIHB1ZWRlIHJldm9jYXIgdW5hIGxpY2VuY2lhIGRlIGFybWFzPw=='),
(263, 4, 'v0N1YW5kbyBwb2Ry4SBjb21wcm9iYXIgbGEgQWRtaW5pc3RyYWNp824gZWwgbWFudGVuaW1pZW50byBkZSBsb3MgcmVxdWlzaXRvcyBleGlnaWJsZXMgcGFyYSBtYW50ZW5lciBsYSB2aWdlbmNpYSBkZSB1bmEgbGljZW5jaWEgZGUgYXJtYXM/'),
(264, 4, 'TGEgdmlnZW5jaWEgZGUgdW5hIGxpY2VuY2lhIGRlIGFybWFzIGVzdGFy4SBjb25kaWNpb25hZGEgYTo='),
(265, 4, 'UGFyYSBvYnRlbmVyIGxpY2VuY2lhIHBhcmEgbGEgdGVuZW5jaWEgeSB1c28gZGUgYXJtYXMgbGFyZ2FzIHJheWFkYXMgcGFyYSBjYXphIG1heW9yIG8gcGFyYSBlc2NvcGV0YXMgeSBhcm1hcyBhc2ltaWxhZGFzIHNlIHN1cGVyYXLhbiB1bmFzIHBydWViYXMgZGUgY2FwYWNpdGFjafNuIL9FbiBxdWUgY29uc2lzdGly4W4gbGFzIG1pc21hcz8='),
(266, 4, 'v1F1aWVuIGV4cGlkZSBsYSBnde1hIGRlIHBlcnRlbmVuY2lhIGRlIHVuIGFybWE/'),
(267, 4, 'QSBsYSBzb2xpY2l0dWQgZGUgZXhwZWRpY2nzbiBkZSBsaWNlbmNpYSBkZSBhcm1hcyB0aXBvIJNElCC/cXXpIGRvY3VtZW50b3MgaGEgZGUgdW5pcnNlLj8='),
(268, 4, 'v0RvbmRlIHNlIHByZXNlbnRhcuFuIGxhcyBzb2xpY2l0dWRlcyBwYXJhIGxhIGV4cGVkaWNp824gZGUgbGFzIGxpY2VuY2lhcyBkZSBhcm1hcz8='),
(269, 4, 'v1F1ZSBkb2N1bWVudG9zIHByZXNlbnRhcuEgZWwgaW50ZXJlc2FkbyBhbCBzb2xpY2l0YXIgbGEgZXhwZWRpY2nzbiBkZSBsaWNlbmNpYSAiRSI/'),
(270, 4, 'v0N1YWwgZGUgbG9zIHNpZ3VpZW50ZXMgZG9jdW1lbnRvcyBubyBzZXLhIG9ibGlnYXRvcmlvIHBhcmEgbGEgZXhwZWRpY2nzbiBkZSBsYSBMaWNlbmNpYSBkZSBBcm1hcyB0aXBvIEU/'),
(271, 5, 'RW4gbWF0ZXJpYSBkZSBhcm1hcywgbG9zIGhlY2hvcyBwdWVkZW4gc2VyIGNvbnN0aXR1dGl2b3MgZGU6'),
(272, 5, 'RW4gbWF0ZXJpYSBkZSBhcm1hcywgeSBkZSBsYXMgY2xhc2VzIGRlIGluZnJhY2Npb25lcyBhZG1pbmlzdHJhdGl2YXMgcXVlIHNlIGV4cHJlc2FuLiBJbmRpY2FyIGxhIHByb3Bvc2ljafNuIGNvcnJlY3Rh'),
(273, 5, 'v1F1aeluIGVzIGNvbXBldGVudGUgcGFyYSBpbXBvbmVyIHNhbmNpb25lcyBhbCBSZWdsYW1lbnRvIGRlIEFybWFzPw=='),
(274, 5, 'RGUgbGFzIHF1ZSBzZSBjaXRhbiC/UXVlIGF1dG9yaWRhZGVzIHNvbiBjb21wZXRlbnRlcyBwYXJhIG9yZGVuYXIgbGEgaW5zdHJ1Y2Np824gZGUgdW4gcHJvY2VkaW1pZW50byBzYW5jaW9uYWRvciBlbiBtYXRlcmlhIGRlIGFybWFzPw=='),
(275, 5, 'v0N1YW5kbyBwcmVzY3JpYmly4W4gbGFzIGluZnJhY2Npb25lcyBhZG1pbmlzdHJhdGl2YXMgbGV2ZXM/'),
(276, 5, 'v0N1YW5kbyBwcmVzY3JpYmly4W4gbGFzIGluZnJhY2Npb25lcyBhZG1pbmlzdHJhdGl2YXMgZ3JhdmVzPw=='),
(277, 5, 'v0N1YW5kbyBwcmVzY3JpYmly4W4gbGFzIGluZnJhY2Npb25lcyBhZG1pbmlzdHJhdGl2YXMgbXV5IGdyYXZlcz8='),
(278, 5, 'v0N1YW5kbyBwcmVzY3JpYmly4W4gbGFzIHNhbmNpb25lcyBsZXZlcz8='),
(279, 5, 'v0N1YW5kbyBwcmVzY3JpYmly4W4gbGFzIHNhbmNpb25lcyBncmF2ZXM/'),
(280, 5, 'v0N1YW5kbyBwcmVzY3JpYmly4W4gbGFzIHNhbmNpb25lcyBtdXkgZ3JhdmVzPw=='),
(281, 5, 'v0xhcyBzYW5jaW9uZXMgaW1wdWVzdGFzIGVuIG1hdGVyaWEgZGUgYXJtYXMsIL9jdWFuZG8gc2Vy4W4gZWplY3V0aXZhcz8='),
(282, 5, 'v1NlIHB1ZWRlbiBpbXBvbmVyIHNhbmNpb25lcyBwZW5hbGVzIHkgYWRtaW5pc3RyYXRpdmFzIHBvciB1biBtaXNtbyBoZWNobz8='),
(283, 5, 'U2kgbm8gY29uc3RpdHV5ZSBpbmZyYWNjafNuIHBlbmFsLCBlbCBhbG1hY2VuYW1pZW50bywgc2luIGF1dG9yaXphY2nzbiwgZGUgdW4gYXJtYSBsYXJnYSByYXlhZGEsIL9kZSBxdekgaW5mcmFjY2nzbiBhZG1pbmlzdHJhdGl2YSBzZSB0cmF0YT8='),
(284, 5, 'U2kgbm8gY29uc3RpdHV5ZSBpbmZyYWNjafNuIHBlbmFsLCBlbCBhbG1hY2VuYW1pZW50bywgc2luIGF1dG9yaXphY2nzbiwgZGUgdW4gYXJtYSBsYXJnYSBkZSDhbmltYSBsaXNhLCC/RGUgcXXpIGluZnJhY2Np824gYWRtaW5pc3RyYXRpdmEgc2UgdHJhdGE/'),
(285, 5, 'U2kgbm8gY29uc3RpdHV5ZSBpbmZyYWNjafNuIHBlbmFsLCBsYSBpbnN1ZmljaWVuY2lhIGRlIGxhcyBtZWRpZGFzIGRlIHNlZ3VyaWRhZCBvYmxpZ2F0b3JpYXMgZW4gbGEgZmFzZSBkZSBhbG1hY2VuYW1pZW50bywgZGUgdW4gYXJtYSBsYXJnYSByYXlhZGEsIL9xdekgaW5mcmFjY2nzbiBhZG1pbmlzdHJhdGl2YSBwdWVkZSBjb25zdGl0dWlyPw=='),
(286, 5, 'U2kgbm8gY29uc3RpdHV5ZSBpbmZyYWNjafNuIHBlbmFsLCBsYSBvbWlzafNuIGRlIGxhcyBtZWRpZGFzIGRlIHNlZ3VyaWRhZCBvYmxpZ2F0b3JpYXMgZW4gbGEgZmFzZSBkZSBhbG1hY2VuYW1pZW50bywgZGUgdW4gYXJtYSBsYXJnYSByYXlhZGEsIL9kZSBxdekgaW5mcmFjY2nzbiBhZG1pbmlzdHJhdGl2YSBzZSB0cmF0YT8='),
(287, 5, 'TGEgdGVuZW5jaWEgZGUgdW5hIGVzY29wZXRhIGNhcmVjaWVuZG8gZGUgZ3XtYSBkZSBwZXJ0ZW5lbmNpYSBlcyB1bmEgaW5mcmFjY2nzbg=='),
(288, 5, 'v1F1ZSBzYW5jafNuIHBlY3VuaWFyaWEgcHVlZGUgaW1wb25lciBsYSBhdXRvcmlkYWQgY29tcGV0ZW50ZSBwb3IgdW5hIGluZnJhY2Np824gbXV5IGdyYXZlIGFsIFJlZ2xhbWVudG8gZGUgQXJtYXM/'),
(289, 5, 'U2kgbm8gY29uc3RpdHV5ZSBpbmZyYWNjafNuIHBlbmFsLCBsYSByZXBhcmFjafNuIHNpbiBhdXRvcml6YWNp824gZGUgdW5hIGJhbGxlc3RhLCC/ZGUgcXXpIGluZnJhY2Np824gYWRtaW5pc3RyYXRpdmEgc2UgdHJhdGE/'),
(290, 5, 'U2kgbm8gY29uc3RpdHV5ZSBpbmZyYWNjafNuIHBlbmFsLCBsYSByZXBhcmFjafNuIHNpbiBhdXRvcml6YWNp824gZGUgdW4gYXJtYSBwYXJhIGxhbnphciBjYWJvcyAsIL9kZSBxdekgaW5mcmFjY2nzbiBhZG1pbmlzdHJhdGl2YSBzZSB0cmF0YT8='),
(291, 5, 'U2kgbm8gY29uc3RpdHV5ZSBpbmZyYWNjafNuIHBlbmFsLCBlbCBhbG1hY2VuYW1pZW50byBzaW4gYXV0b3JpemFjafNuIGRlIHVuYSBiYWxsZXN0YSAsIL9kZSBxdekgaW5mcmFjY2nzbiBhZG1pbmlzdHJhdGl2YSBzZSB0cmF0YT8='),
(292, 5, 'U2kgbm8gY29uc3RpdHV5ZSBpbmZyYWNjafNuIHBlbmFsLCBlbCBhbG1hY2VuYW1pZW50byBzaW4gYXV0b3JpemFjafNuIGRlIHVuIGFybWEgcGFyYSBsYW56YXIgY2Fib3MgLCC/ZGUgcXXpIGluZnJhY2Np824gYWRtaW5pc3RyYXRpdmEgc2UgdHJhdGE/'),
(293, 5, 'U2kgbm8gY29uc3RpdHV5ZSBpbmZyYWNjafNuIHBlbmFsLCBsYSBvbWlzafNuIGRlIGxhcyBtZWRpZGFzIGRlIHNlZ3VyaWRhZCBvYmxpZ2F0b3JpYXMgZW4gbGEgZmFzZSBkZSBhbG1hY2VuYW1pZW50bywgZGUgdW5hIGFybWEgY3V5YSB0ZW5lbmNpYSByZXF1aWVyYSBsaWNlbmNpYSCTRZQsIL9kZSBxdekgaW5mcmFjY2nzbiBhZG1pbmlzdHJhdGl2YSBzZSB0cmF0YT8='),
(294, 5, 'U2kgbm8gY29uc3RpdHV5ZSBpbmZyYWNjafNuIHBlbmFsLCBsYSBpbnN1ZmljaWVuY2lhIGRlIGxhcyBtZWRpZGFzIGRlIHNlZ3VyaWRhZCBvYmxpZ2F0b3JpYXMgZW4gbGEgZmFzZSBkZSBhbG1hY2VuYW1pZW50bywgZGUgYXJtYXMgY3V5YSB0ZW5lbmNpYSByZXF1aWVyYSBsaWNlbmNpYSCTRZQsIL9kZSBxdekgaW5mcmFjY2nzbiBhZG1pbmlzdHJhdGl2YSBzZSB0cmF0YT8='),
(295, 5, 'U2kgbm8gY29uc3RpdHV5ZSBpbmZyYWNjafNuIHBlbmFsLCBsYSBvbWlzafNuIGRlIGxhcyBtZWRpZGFzIGRlIHNlZ3VyaWRhZCBvYmxpZ2F0b3JpYXMgZW4gbGEgZmFzZSBkZSBjaXJjdWxhY2nzbiwgZGUgdW4gYXJtYSBjdXlhIHRlbmVuY2lhIHJlcXVpZXJhIGxpY2VuY2lhIJNFlCwgv2RlIHF16SBpbmZyYWNjafNuIGFkbWluaXN0cmF0aXZhIHNlIHRyYXRhPw=='),
(296, 5, 'U2kgbm8gY29uc3RpdHV5ZSBpbmZyYWNjafNuIHBlbmFsLCBsYSBpbnN1ZmljaWVuY2lhIGRlIGxhcyBtZWRpZGFzIGRlIHNlZ3VyaWRhZCBvYmxpZ2F0b3JpYXMgZW4gbGEgZmFzZSBkZSBjaXJjdWxhY2nzbiBkZSB1biBhcm1hIGN1eWEgdGVuZW5jaWEgcmVxdWllcmEgbGljZW5jaWEgk0UsIL9kZSBxdekgaW5mcmFjY2nzbiBhZG1pbmlzdHJhdGl2YSBzZSB0cmF0YT8='),
(297, 5, 'U2kgbm8gY29uc3RpdHV5ZSBpbmZyYWNjafNuIHBlbmFsLCBsYSBpbnN1ZmljaWVuY2lhIGRlIGxhcyBtZWRpZGFzIGRlIHNlZ3VyaWRhZCBvYmxpZ2F0b3JpYXMgZW4gbGEgZmFzZSBkZSBhbG1hY2VuYW1pZW50byBwb3IgcGFydGljdWxhcmVzIGVuIGRvbWljaWxpbywgZGUgdW4gYXJtYSBsYXJnYSByYXlhZGEsIL9kZSBxdekgaW5mcmFjY2nzbiBhZG1pbmlzdHJhdGl2YSBzZSB0cmF0YT8='),
(298, 5, 'U2kgbm8gY29uc3RpdHV5ZSBpbmZyYWNjafNuIHBlbmFsLCBsYSBvbWlzafNuIGRlIGxhcyBtZWRpZGFzIGRlIHNlZ3VyaWRhZCBvYmxpZ2F0b3JpYXMgZW4gbGEgZmFzZSBkZSBhbG1hY2VuYW1pZW50byBwb3IgcGFydGljdWxhcmVzIGVuIGRvbWljaWxpbywgZGUgdW4gYXJtYSBsYXJnYSByYXlhZGEsIL9kZSBxdekgaW5mcmFjY2nzbiBhZG1pbmlzdHJhdGl2YSBzZSB0cmF0YT8='),
(299, 5, 'U2kgbm8gY29uc3RpdHV5ZSBpbmZyYWNjafNuIHBlbmFsLCBsYSBvbWlzafNuIGRlIGxhcyBtZWRpZGFzIGRlIHNlZ3VyaWRhZCBvYmxpZ2F0b3JpYXMgZW4gbGEgZmFzZSBkZSBhbG1hY2VuYW1pZW50byBwb3IgcGFydGljdWxhcmVzIGVuIGVsIGx1Z2FyIGRlIHVzbywgZGUgdW4gYXJtYSBsYXJnYSByYXlhZGEsIL9kZSBxdekgaW5mcmFjY2nzbiBhZG1pbmlzdHJhdGl2YSBzZSB0cmF0YT8='),
(300, 5, 'U2kgbm8gY29uc3RpdHV5ZSBpbmZyYWNjafNuIHBlbmFsLCBsYSBpbnN1ZmljaWVuY2lhIGRlIGxhcyBtZWRpZGFzIGRlIHNlZ3VyaWRhZCBvYmxpZ2F0b3JpYXMgZW4gbGEgZmFzZSBkZSBhbG1hY2VuYW1pZW50byBwb3IgcGFydGljdWxhcmVzIGVuIGRvbWljaWxpbywgZGUgdW4gYXJtYSBsYXJnYSBkZSDhbmltYSBsaXNhLCC/ZGUgcXXpIGluZnJhY2Np824gYWRtaW5pc3RyYXRpdmEgc2UgdHJhdGE/'),
(301, 5, 'U2kgbm8gY29uc3RpdHV5ZSBpbmZyYWNjafNuIHBlbmFsLCBsYSBvbWlzafNuIGRlIGxhcyBtZWRpZGFzIGRlIHNlZ3VyaWRhZCBvYmxpZ2F0b3JpYXMgZW4gbGEgZmFzZSBkZSBhbG1hY2VuYW1pZW50byBwb3IgcGFydGljdWxhcmVzIGVuIGRvbWljaWxpbywgZGUgdW4gYXJtYSBsYXJnYSBkZSDhbmltYSBsaXNhLCC/ZGUgcXXpIGluZnJhY2Np824gYWRtaW5pc3RyYXRpdmEgc2UgdHJhdGE/'),
(302, 5, 'U2kgbm8gY29uc3RpdHV5ZSBpbmZyYWNjafNuIHBlbmFsLCBsYSBvbWlzafNuIGRlIGxhcyBtZWRpZGFzIGRlIHNlZ3VyaWRhZCBvYmxpZ2F0b3JpYXMgZW4gbGEgZmFzZSBkZSBhbG1hY2VuYW1pZW50byBwb3IgcGFydGljdWxhcmVzIGVuIGVsIGx1Z2FyIGRlIHVzbywgZGUgdW4gYXJtYSBsYXJnYSBkZSDhbmltYSBsaXNhLCC/ZGUgcXXpIGluZnJhY2Np824gYWRtaW5pc3RyYXRpdmEgc2UgdHJhdGE/'),
(303, 5, 'U2kgbm8gY29uc3RpdHV5ZSBpbmZyYWNjafNuIHBlbmFsLCBlbCBpbXBlZGltZW50byBwYXJhIHF1ZSBsYXMgQXV0b3JpZGFkZXMgY29tcGV0ZW50ZXMsIHJlYWxpY2VuIGN1YW50b3MgY29udHJvbGVzIHNlYW4gbmVjZXNhcmlvcyByZWxhdGl2b3MgYSBsYSB0ZW5lbmNpYSBkZSB1biBhcm1hLCC/ZGUgcXXpIGluZnJhY2Np824gYWRtaW5pc3RyYXRpdmEgc2UgdHJhdGE/'),
(304, 5, 'U2kgbm8gY29uc3RpdHV5ZSBpbmZyYWNjafNuIHBlbmFsLCBlbCBpbXBlZGltZW50byBwYXJhIHF1ZSBsYXMgQXV0b3JpZGFkZXMgY29tcGV0ZW50ZXMsIHJlYWxpY2VuIGN1YW50b3MgY29udHJvbGVzIHNlYW4gbmVjZXNhcmlvcyByZWxhdGl2b3MgYSBsYSB1dGlsaXphY2nzbiBkZSB1biBhcm1hLCC/ZGUgcXXpIGluZnJhY2Np824gYWRtaW5pc3RyYXRpdmEgc2UgdHJhdGE/'),
(305, 5, 'U2kgbm8gY29uc3RpdHV5ZSBpbmZyYWNjafNuIHBlbmFsLCBlbCBpbXBlZGltZW50byBwYXJhIHF1ZSBsYXMgQXV0b3JpZGFkZXMgY29tcGV0ZW50ZXMsIHJlYWxpY2VuIGN1YW50b3MgY29udHJvbGVzIHNlYW4gbmVjZXNhcmlvcyByZWxhdGl2b3MgYWwgYWxtYWNlbmFtaWVudG8gZGUgdW4gYXJtYSwgv2RlIHF16SBpbmZyYWNjafNuIGFkbWluaXN0cmF0aXZhIHNlIHRyYXRhPw=='),
(306, 5, 'U2kgbm8gY29uc3RpdHV5ZSBpbmZyYWNjafNuIHBlbmFsLCBsYSBhZHF1aXNpY2nzbiBkZSBhcm1hcyBkZSBsYSAyqi4yIHkgM6oyIHBvciBwYXJ0aWN1bGFyZXMsIHNpbiB0ZW5lciBsYXMgYXV0b3JpemFjaW9uZXMgbyBsaWNlbmNpYXMgcGVydGluZW50ZXMsIL9kZSBxdekgaW5mcmFjY2nzbiBhZG1pbmlzdHJhdGl2YSBzZSB0cmF0YT8='),
(307, 5, 'U2kgbm8gY29uc3RpdHV5ZSBpbmZyYWNjafNuIHBlbmFsLCBsYSB0ZW5lbmNpYSBkZSBhcm1hcyBkZSBsYSAyqi4yIHkgM6oyIHBvciBwYXJ0aWN1bGFyZXMsIHNpbiB0ZW5lciBsYXMgYXV0b3JpemFjaW9uZXMgbyBsaWNlbmNpYXMgcGVydGluZW50ZXMsIL9kZSBxdekgaW5mcmFjY2nzbiBhZG1pbmlzdHJhdGl2YSBzZSB0cmF0YT8='),
(308, 5, 'U2kgbm8gY29uc3RpdHV5ZSBpbmZyYWNjafNuIHBlbmFsLCBsYSBjZXNp824gZGUgYXJtYXMgZGUgbGEgMqouMiB5IDOqMiBwb3IgcGFydGljdWxhcmVzLCBzaW4gdGVuZXIgbGFzIGF1dG9yaXphY2lvbmVzIG8gbGljZW5jaWFzIHBlcnRpbmVudGVzLCC/ZGUgcXXpIGluZnJhY2Np824gYWRtaW5pc3RyYXRpdmEgc2UgdHJhdGE/'),
(309, 5, 'U2kgbm8gY29uc3RpdHV5ZSBpbmZyYWNjafNuIHBlbmFsLCBsYSBlbmFqZW5hY2nzbiBkZSBhcm1hcyBkZSBsYSAyqi4yIHkgM6oyIHBvciBwYXJ0aWN1bGFyZXMsIHNpbiB0ZW5lciBsYXMgYXV0b3JpemFjaW9uZXMgbyBsaWNlbmNpYXMgcGVydGluZW50ZXMsIL9EZSBxdekgaW5mcmFjY2nzbiBhZG1pbmlzdHJhdGl2YSBzZSB0cmF0YT8='),
(310, 5, 'U2kgbm8gY29uc3RpdHV5ZSBpbmZyYWNjafNuIHBlbmFsLCBsYSBhbGVnYWNp824gZGUgZGF0b3MgZmFsc29zIHBhcmEgb2J0ZW5lciBsYXMgbGljZW5jaWFzIHBlcnRpbmVudGVzLCC/ZGUgcXXpIGluZnJhY2Np824gYWRtaW5pc3RyYXRpdmEgc2UgdHJhdGE/'),
(311, 5, 'U2kgbm8gY29uc3RpdHV5ZSBpbmZyYWNjafNuIHBlbmFsLCBlbCB1c28gZGUgY3VhbHF1aWVyIGFybWEgZGUgZnVlZ28gcmVnbGFtZW50YXJpYSwgY29uIG9taXNp824gZGUgbGFzIG1lZGlkYXMgbyBwcmVjYXVjaW9uZXMgb2JsaWdhdG9yaWFzIHBhcmEgZ2FyYW50aXphciBsYSBzZWd1cmlkYWQgZGUgbGFzIHBlcnNvbmFzIG8gY29zYXMsIL9kZSBxdekgaW5mcmFjY2nzbiBhZG1pbmlzdHJhdGl2YSBzZSB0cmF0YT8='),
(312, 5, 'U2kgbm8gY29uc3RpdHV5ZSBpbmZyYWNjafNuIHBlbmFsLCBlbCB1c28gZGUgY3VhbHF1aWVyIGFybWEgZGUgZnVlZ28gcmVnbGFtZW50YXJpYSwgY29uIGluc3VmaWNpZW5jaWEgZGUgbGFzIG1lZGlkYXMgbyBwcmVjYXVjaW9uZXMgb2JsaWdhdG9yaWFzIHBhcmEgZ2FyYW50aXphciBsYSBzZWd1cmlkYWQgZGUgbGFzIHBlcnNvbmFzIG8gY29zYXMsIL9kZSBxdekgaW5mcmFjY2nzbiBhZG1pbmlzdHJhdGl2YSBzZSB0cmF0YT8='),
(313, 5, 'U2kgbm8gY29uc3RpdHV5ZSBpbmZyYWNjafNuIHBlbmFsLCBwb3J0YXIgYXJtYXMgZGUgY3VhbHF1aWVyIGNsYXNlIGVuIGVzdGFibGVjaW1pZW50b3MgcPpibGljb3MsIHNhbHZvIHF1ZSBlc3R1dmllcmVuIGhhYmlsaXRhZG9zLCC/ZGUgcXXpIGluZnJhY2Np824gYWRtaW5pc3RyYXRpdmEgc2UgdHJhdGE/'),
(314, 5, 'U2kgbm8gY29uc3RpdHV5ZSBpbmZyYWNjafNuIHBlbmFsLCBwb3J0YXIgYXJtYXMgZGUgY3VhbHF1aWVyIGNsYXNlIGVuIGx1Z2FyZXMgZGUgcmV1bmnzbiBzYWx2byBxdWUgZXN0dXZpZXJlbiBoYWJpbGl0YWRvcywgv2RlIHF16SBpbmZyYWNjafNuIGFkbWluaXN0cmF0aXZhIHNlIHRyYXRhPw=='),
(315, 5, 'U2kgbm8gY29uc3RpdHV5ZSBpbmZyYWNjafNuIHBlbmFsLCBwb3J0YXIgYXJtYXMgZGUgY3VhbHF1aWVyIGNsYXNlIGVuIGx1Z2FyZXMgZGUgY29uY2VudHJhY2nzbiwgc2Fsdm8gcXVlIGVzdHV2aWVyZW4gaGFiaWxpdGFkb3MsIL9kZSBxdekgaW5mcmFjY2nzbiBhZG1pbmlzdHJhdGl2YSBzZSB0cmF0YT8='),
(316, 5, 'U2kgbm8gY29uc3RpdHV5ZSBpbmZyYWNjafNuIHBlbmFsLCBwb3J0YXIgYXJtYXMgZGUgY3VhbHF1aWVyIGNsYXNlIGVuIGx1Z2FyIGRlIHJlY3Jlbywgc2Fsdm8gcXVlIGVzdHV2aWVyZSBoYWJpbGl0YWRvLCC/ZGUgcXXpIGluZnJhY2Np824gYWRtaW5pc3RyYXRpdmEgc2UgdHJhdGE/'),
(317, 5, 'U2kgbm8gY29uc3RpdHV5ZSBpbmZyYWNjafNuIHBlbmFsLCBwb3J0YXIgYXJtYXMgZGUgY3VhbHF1aWVyIGNsYXNlIGVuIGx1Z2FyIGRlIGVzcGFyY2ltaWVudG8sIHNhbHZvIHF1ZSBlc3R1dmllcmUgaGFiaWxpdGFkbywgv2RlIHF16SBpbmZyYWNjafNuIGFkbWluaXN0cmF0aXZhIHNlIHRyYXRhPw=='),
(318, 5, 'v1F16SB0aXBvIGRlIGluZnJhY2Np824gY29uc3RpdHV5ZSBsYSB0ZW5lbmNpYSBkZSB1biBhcm1hIGxhcmdhIHJheWFkYSBkZSBsYSBjYXRlZ29y7WEgMqouMiBlbiBlbCBkb21pY2lsaW8gY2FyZWNpZW5kbyBkZSBhcm1lcm8gbyBjYWphIGZ1ZXJ0ZSBwYXJhIHN1IGN1c3RvZGlhPw=='),
(319, 5, 'TGEgdGVuZW5jaWEgZGUgdW5hIGVzY29wZXRhIGNvbiBsYSBMaWNlbmNpYSBjYWR1Y2FkYSBoYWNlIHRhbiBz82xvIDIwIGTtYXMgY29uc3RpdHV5ZSB1bmEgaW5mcmFjY2nzbg=='),
(320, 5, 'TGEgYWxlZ2FjafNuIGRlIHVuIGRvbWljaWxpbyBlbiBlbCBxdWUgbm8gcmVzaWRvIHBhcmEgbGEgZG9jdW1lbnRhciB1bmEgZXNjb3BldGEsIGVzIHVuYSBpbmZyYWNjafNu'),
(321, 5, 'TGEgbmVnYXRpdmEgYSBwcmVzZW50YXIgdW4gcmlmbGUgeSBzdXMgZG9jdW1lbnRvcyBhIHVuIFBvbGlj7WEgTmFjaW9uYWwgY3VhbmRvIG5vcyBsbyByZXF1aWVyZSAsIGVzIHVuYSBpbmZyYWNjafNu'),
(322, 5, 'v1F16SBzYW5jafNuIHBlY3VuaWFyaWEgcHVlZGUgaW1wb25lciBsYSBhdXRvcmlkYWQgY29tcGV0ZW50ZSBwb3IgdW5hIGluZnJhY2Np824gZ3JhdmUgYWwgUmVnbGFtZW50byBkZSBBcm1hcz8='),
(323, 5, 'U2kgbm8gY29uc3RpdHV5ZSBpbmZyYWNjafNuIHBlbmFsLCBsYSBhZHF1aXNpY2nzbiBkZSBiYWxsZXN0YXMgcG9yIHBhcnRpY3VsYXJlcywgc2luIHRlbmVyIGxhcyBhdXRvcml6YWNpb25lcyBvIGxpY2VuY2lhcyBwZXJ0aW5lbnRlcyC/ZGUgcXVlIGluZnJhY2Np824gYWRtaW5pc3RyYXRpdmEgc2UgdHJhdGE/'),
(324, 5, 'U2kgbm8gY29uc3RpdHV5ZSBpbmZyYWNjafNuIHBlbmFsLCBsYSB0ZW5lbmNpYSBkZSBiYWxsZXN0YXMgcG9yIHBhcnRpY3VsYXJlcywgc2luIHRlbmVyIGxhcyBhdXRvcml6YWNpb25lcyBvIGxpY2VuY2lhcyBwZXJ0aW5lbnRlcyC/ZGUgcXVlIGluZnJhY2Np824gYWRtaW5pc3RyYXRpdmEgc2UgdHJhdGE/');
INSERT INTO `tbquestions` (`id`, `lesson`, `question`) VALUES
(325, 5, 'U2kgbm8gY29uc3RpdHV5ZSBpbmZyYWNjafNuIHBlbmFsLCBsYSBjZXNp824gZGUgYmFsbGVzdGFzIHBvciBwYXJ0aWN1bGFyZXMsIHNpbiB0ZW5lciBsYXMgYXV0b3JpemFjaW9uZXMgbyBsaWNlbmNpYXMgcGVydGluZW50ZXMgv2RlIHF1ZSBpbmZyYWNjafNuIGFkbWluaXN0cmF0aXZhIHNlIHRyYXRhPw=='),
(326, 5, 'U2kgbm8gY29uc3RpdHV5ZSBpbmZyYWNjafNuIHBlbmFsLCBsYSBlbmFqZW5hY2nzbiBkZSBiYWxsZXN0YXMgcG9yIHBhcnRpY3VsYXJlcywgc2luIHRlbmVyIGxhcyBhdXRvcml6YWNpb25lcyBvIGxpY2VuY2lhcyBwZXJ0aW5lbnRlcyC/ZGUgcXVlIGluZnJhY2Np824gYWRtaW5pc3RyYXRpdmEgc2UgdHJhdGE/'),
(327, 5, 'U2kgbm8gY29uc3RpdHV5ZSBpbmZyYWNjafNuIHBlbmFsLCBlbCBpbmN1bXBsaW1pZW50byBkZSBkYXIgY3VlbnRhIGEgbGEgR3VhcmRpYSBDaXZpbCBkZSBsYSBkZXN0cnVjY2nzbiBkZSBsYSBkb2N1bWVudGFjafNuIGRlIHVuIGFybWEsIL9EZSBxdekgaW5mcmFjY2nzbiBhZG1pbmlzdHJhdGl2YSBzZSB0cmF0YT8='),
(328, 5, 'U2kgbm8gY29uc3RpdHV5ZSBpbmZyYWNjafNuIHBlbmFsLCBlbCBpbmN1bXBsaW1pZW50byBkZSBkYXIgY3VlbnRhIGEgbGEgR3VhcmRpYSBDaXZpbCBkZSBsYSBw6XJkaWRhIGRlIGxhIGRvY3VtZW50YWNp824gZGUgdW4gYXJtYSwgv0RlIHF16SBpbmZyYWNjafNuIGFkbWluaXN0cmF0aXZhIHNlIHRyYXRhPw=='),
(329, 5, 'U2kgbm8gY29uc3RpdHV5ZSBpbmZyYWNjafNuIHBlbmFsLCBlbCBpbmN1bXBsaW1pZW50byBkZSBkYXIgY3VlbnRhIGEgbGEgR3VhcmRpYSBDaXZpbCBkZSBsYSBzdXN0cmFjY2nzbiBkZSBsYSBkb2N1bWVudGFjafNuIGRlIHVuIGFybWEsIL9EZSBxdekgaW5mcmFjY2nzbiBhZG1pbmlzdHJhdGl2YSBzZSB0cmF0YT8='),
(330, 5, 'U2kgbm8gY29uc3RpdHV5ZSBpbmZyYWNjafNuIHBlbmFsLCBlbCBpbmN1bXBsaW1pZW50byBkZSByZWFsaXphciBsYXMgZGVjbGFyYWNpb25lcyBvYmxpZ2F0b3JpYXMsIL9EZSBxdekgaW5mcmFjY2nzbiBhZG1pbmlzdHJhdGl2YSBzZSB0cmF0YT8='),
(331, 5, 'TGEgb21pc2nzbiBkZSBsYSByZXZpc3RhcyBjb25zdGl0dXllIHVuYSBpbmZyYWNjafNu'),
(332, 5, 'v1F1ZSBzYW5jafNuIHBlY3VuaWFyaWEgcHVlZGUgaW1wb25lciBsYSBhdXRvcmlkYWQgY29tcGV0ZW50ZSBwb3IgdW5hIGluZnJhY2Np824gbGV2ZSBhbCBSZWdsYW1lbnRvIGRlIEFybWFzPw=='),
(333, 5, 'v1F1ZSBpbXBsaWNhIGxhIHJldGlyYWRhIGRlIGxhcyBhcm1hcz8='),
(334, 5, 'U2XxYWxlIGxhIG9wY2nzbiBjb3JyZWN0YSBkZSBsYXMgc2lndWllbnRlcyBwcm9wdWVzdGFzOg=='),
(335, 5, 'VGVuZ28gdW5hIGVzY29wZXRhIGRlIGNhemEgeSBsYSBkZWRpY28gc29sYW1lbnRlIHBhcmEgbGEgY2F6YSBkZWwgY29uZWpvLCBwb3IgbG8gcXVlIGRlY2lkbyByZWNvcnRhciBlbiBtaSBjYXNhIGxhIGxvbmdpdHVkIGRlIGxvcyBjYfFvbmVzIGVuIGRpZXogY2VudO1tZXRyb3MgcGFyYSBxdWUgc2UgYWJyYSBtZWpvciBlbCB0aXJvLCC/cHVlZG8gaGFjZXJsbz8='),
(336, 6, 'RXMgY2llcnRvIHF1ZSBlbCBSZWdsYW1lbnRvIGRlIEFybWFzIGNvbnRlbXBsYSBxdWUgbGEgcmVwYXJhY2nzbiBkZSBhcm1hcyBkZSBmdWVnbyBzZSBoYXLhIHNvbGFtZW50ZSBwb3IgaW5kdXN0cmlhcyBxdWUgbGFzIGh1Ymllc2VuIGZhYnJpY2FkbyBvIHBvciBhcm1lcm9zIGF1dG9yaXphZG9zIHBvciBsYSBJbnRlcnZlbmNp824gZGUgQXJtYXMgZGUgbGEgR3VhcmRpYSBDaXZpbCwgY29uIGVzdGFibGVjaW1pZW50b3MgYWJpZXJ0b3MgZSBpbnNjcml0b3MgZW4gdW4gcmVnaXN0cm8gZGUgbGEgY2l0YWRhIEludGVydmVuY2nzbj8='),
(337, 6, 'v1F1ZSBkb2N1bWVudG8gc2Vy4SBhcG9ydGFkbyBhbCBhcm1lcm8sIGN1YW5kbyBzZSBsZSBlbnRyZWd1ZSB1biBhcm1hIGRlIGZ1ZWdvIHBhcmEgcmVwYXJhY2nzbj8='),
(338, 6, 'v1F1ZSBkZXN0aW5vIHNlIGxlIGRhcuEgYSBsYSBHde1hIGRlIHBlcnRlbmVuY2lhIGRlIHVuIGFybWEgZGUgZnVlZ28gcXVlIGhhIHNpZG8gcmVwYXJhZGE/'),
(339, 6, 'v1B1ZWRlIGxsZXZhciB1biBhcm1hIGRlIGZ1ZWdvIHBlcnNvbmFsbWVudGUgZWwgdGl0dWxhciBkZSBsYSBtaXNtYSBwYXJhIHN1IHJlcGFyYWNp824/'),
(340, 6, 'Q3VhbmRvIGVsIGFybWEgYSByZXBhcmFyIHByb2NlZGEgZGUgdW5hIGxvY2FsaWRhZCBkaXN0aW50YSBhIGxhIGRlIHViaWNhY2nzbiBkZWwgZXN0YWJsZWNpbWllbnRvIGRlbCBhcm1lcm8geSBubyBsYSBsbGV2YSBwZXJzb25hbG1lbnRlIHN1IHByb3BpZXRhcmlvLiC/UXVlIGRvY3VtZW50byBkZWJlcuEgc3VzdGl0dWlyIGEgbGEgR3XtYSBkZSBQZXJ0ZW5lbmNpYT86'),
(341, 6, 'vyBRdWUgcmVxdWlzaXRvIHNlcuEgaW1wcmVzY2luZGlibGUgcGFyYSBwb2RlciByZXBhcmFyIGFybWFzIGRlIGZ1ZWdvPzo='),
(342, 6, 'v0VzIGltcHJlc2NpbmRpYmxlIG9idGVuZXIgbGEgY29uZGljafNuIGRlIGFybWVybyBwYXJhIGRlZGljYXJzZSBhIGxhIHJlcGFyYWNp824gZGUgYXJtYXMgZGUgZnVlZ28/'),
(343, 6, 'v0xhcyBpbmR1c3RyaWFzIHF1ZSBmYWJyaWNhbiBhcm1hcyBkZSBmdWVnbyBlc3ThbiBhdXRvcml6YWRhcyBhIHJlcGFyYXIgbGFzIG1pc21hcz8='),
(344, 6, 'v1NlIGFkbWl0aXLhIHVuIGFybWEgZGUgZnVlZ28gcGFyYSBzdSByZXBhcmFjafNuIHNpIG5vIGxsZXZhIGxhIEd17WEgZGUgcGVydGVuZW5jaWE/'),
(345, 6, 'v1B1ZWRlIGVsIHRpdHVsYXIgZGUgdW4gYXJtYSBkZSBmdWVnbyBsbGV2YXJsYSBwZXJzb25hbG1lbnRlIGEgdW4gZXN0YWJsZWNpbWllbnRvIGF1dG9yaXphZG8gcGFyYSBzdSByZXBhcmFjafNuPw=='),
(346, 6, 'TGEgcmVwYXJhY2nzbiBkZSBhcm1hcyBzZSBoYXLhIHNvbGFtZW50ZTo='),
(347, 6, 'Tm8gc2UgYWRtaXRpcuEgdW4gYXJtYSBhIHJlcGFyYXIgc2kgbm8gdmEgYWNvbXBh8WFkYSBkZTo='),
(348, 6, 'v0RvbmRlIHF1ZWRhcuEgbGEgR3XtYSBkZSBQZXJ0ZW5lbmNpYSBkZWwgYXJtYSBxdWUgc2UgZXN06SByZXBhcmFuZG8/Og=='),
(349, 6, 'v0N1YW5kbyBkZWJlcuEgc2VyIGVudHJlZ2FkYSBhIHN1IHRpdHVsYXIgbGEgZ3XtYSBkZSBwZXJ0ZW5lbmNpYSBkZSB1biBhcm1hIGxsZXZhZGEgYSByZXBhcmFyIGEgdW5hIGFybWVy7WE/'),
(350, 6, 'QWRlbeFzIGRlbCBhcm1hLCC/cXXpIGVudHJlZ2Fy4SBhbCBhcm1lcm8gZWwgdGl0dWxhciBxdWUgbGUgZGVqZSBzdSBhcm1hIHBhcmEgcmVwYXJhcj86'),
(351, 6, 'U2luIGNvbm9jaW1pZW50byBkZSBsYSBJbnRlcnZlbmNp824gZGUgQXJtYXMgeSBFeHBsb3Npdm9zIGRlIGxhIEd1YXJkaWEgQ2l2aWwgKWVuIHF16SBjYXNvcyBlc3ThIHBlcm1pdGlkYSBsYSByZXBhcmFjafNuIHF1ZSBzdXBvbmdhIG1vZGlmaWNhY2nzbiBkZSBsYXMgY2FyYWN0ZXLtc3RpY2FzLCBlc3RydWN0dXJhIG8gY2FsaWJyZSBkZSB1biBhcm1hIGRlIGNhemE/'),
(352, 6, 'v1B1ZWRlIGxsZXZhcnNlIGEgY2FibyB1bmEgcmVwYXJhY2nzbiBxdWUgc3Vwb25nYSBtb2RpZmljYWNp824gZGVsIGNhbGlicmUgZGUgdW4gYXJtYT86'),
(353, 6, 'v0VuIHF1ZSBjYXNvcyBzZSBwZXJtaXRpcuEgcXVlIGxhIHJlcGFyYWNp824gZGVsIGFybWEgc3Vwb25nYSBsYSBtb2RpZmljYWNp824gc3VzdGFuY2lhbCBkZSBzdXMgY2FyYWN0ZXLtc3RpY2FzPw=='),
(354, 6, 'v1BhcmEgbW9kaWZpY2FyIGVsIGNhbGlicmUgZGUgdW4gYXJtYSBlcyBwcmVjaXNvIGxhIGFwcm9iYWNp824gZW4gc3UgY2FzbyBkZWwgTWluaXN0ZXJpbyBkZSBEZWZlbnNhPw=='),
(355, 6, 'v1B1ZWRlIGNhbWJpYXJzZSBsYSBlc3RydWN0dXJhIGRlIHVuIGFybWE/'),
(356, 6, 'v1B1ZWRlIHJlcGFyYXJzZSB1biBhcm1hIGRlIGNhemEsIGRlIHRhbCBmb3JtYSBxdWUgc3Vwb25nYSB1bmEgbW9kaWZpY2FjafNuIHN1c3RhbmNpYWwgZGUgbGEgbWlzbWE/'),
(357, 6, 'TG9zIGZhYnJpY2FudGVzIHkgY29tZXJjaWFudGVzIGF1dG9yaXphZG9zIHkgc3VzIHJlcHJlc2VudGFudGVzLCC/YSBxdWllbmVzIHBvZHLhbiBkZWphciBhIHBydWViYSBsYXMgYXJtYXMgZGUgZnVlZ28/'),
(358, 6, 'v1F1aWVuZXMgcG9kcuFuIGRlamFyIGEgcHJ1ZWJhIGxhcyBhcm1hcyBkZSBmdWVnbz8='),
(359, 6, 'TG9zIGNvbWVyY2lhbnRlcyBhdXRvcml6YWRvcywgv2RlamFy4W4gYSBwcm9iYXIgdW4gYXJtYSBkZSBmdWVnbyB1bmEgcGVyc29uYSBzaW4gTGljZW5jaWEgZGUgQXJtYXM/'),
(360, 6, 'v1F1ZSBwbGF6byBkZSB2YWxpZGV6IHRlbmRy4SBlbCBkb2N1bWVudG8gZXhwZWRpZG8gcG9yIHVuIGNvbWVyY2lhbnRlIGF1dG9yaXphZG8gcGFyYSBwcm9iYXIgdW4gYXJtYSBkZSBmdWVnbyBlbiBsb2NhbGlkYWQgZGlzdGludGEgYSBsYSBkZWwgaW50ZXJlc2FkbyBlbiBjb21wcmFybGE/'),
(361, 6, 'v1F1ZSBwbGF6byBkZSB2YWxpZGV6IHRlbmRy4SBlbCBkb2N1bWVudG8gZXhwZWRpZG8gcG9yIHVuIGNvbWVyY2lhbnRlIGF1dG9yaXphZG8gcGFyYSBwcm9iYXIgdW4gYXJtYSBkZSBmdWVnbyBlbiBsYSBtaXNtYSBsb2NhbGlkYWQgZGUgcmVzaWRlbmNpYSBkZWwgaW50ZXJlc2FkbyBlbiBjb21wcmFybGE/'),
(362, 6, 'RW4gZWwgZG9jdW1lbnRvIHF1ZSBleHBpZGEgdW4gZmFicmljYW50ZSBhIGZhdm9yIGRlIGxhIHBlcnNvbmEgcXVlIGVzdOkgaW50ZXJlc2FkYSBlbiBhZHF1aXJpciB1biBhcm1hIGRlIGZ1ZWdvLCC/cG9kcuEgb21pdGlyIGVsIGx1Z2FyIGRvbmRlIHNlIHZhIGEgZWZlY3R1YXIgbGEgcHJ1ZWJhIGNvbiBkaWNoYSBhcm1hPw=='),
(363, 6, 'v0N1YWxxdWllciB0aXR1bGFyIGRlIGxhIGxpY2VuY2lhIGRlIGFybWFzIGNvcnJlc3BvbmRpZW50ZSB5IGVuIHZpZ29yLCBwb2Ry4SBwcm9iYXIgbGFzIGFybWFzIGRlIGZ1ZWdvIHF1ZSBkZXNlYSBhZHF1aXJpcj8='),
(364, 6, 'TGEgcGVyc29uYSBpbnRlcmVzYWRhIGVuIGNvbXByYXIgdW4gYXJtYSwgv3B1ZWRlIHByb2JhcmxhIGFudGVzIGRlIGFkcXVpcmlybGEgZW4gZ2FsZXLtYSBhdXRvcml6YWRhPw=='),
(365, 6, 'VW5hIHBlcnNvbmEgcXVlIHBvc2VlIGxpY2VuY2lhIGRlIGFybWFzIGNvcnJlc3BvbmRpZW50ZSwgv3B1ZWRlIHByb2JhciB1biBhcm1hIGRlIGNhemE/'),
(366, 6, 'v1F1ZSBzZXLhIGluZGlzcGVuc2FibGUsIHBhcmEgcXVlIHVuYSBwZXJzb25hIGludGVyZXNhZGEgZW4gYWRxdWlyaXIgdW4gYXJtYSBwdWVkYSBwcm9iYXJsYT86'),
(367, 6, 'v1F1ZSBkYXRvcyBkZWJlcuEgY29udGVuZXIgZWwgZG9jdW1lbnRvLCBkZSBjYXLhY3RlciBwZXJzb25hbCBlIGludHJhbnNmZXJpYmxlLCBxdWUgZW1pdGUgZWwgZmFicmljYW50ZSwgY29tZXJjaWFudGUgbyBzdXMgcmVwcmVzZW50YW50ZXMgYSBsYSBwZXJzb25hIHF1ZSB2YXlhIGEgcmVhbGl6YXIgbGEgcHJ1ZWJhIGRlIHVuIGFybWEgZGUgZnVlZ28gaW50ZXJlc2FkYSBlbiBhZHF1aXJpcmxhPzo='),
(368, 6, 'v1F1ZSBjYXLhY3RlciB0aWVuZSBlbCBkb2N1bWVudG8gcXVlIGVsIGZhYnJpY2FudGUgbyBjb21lcmNpYW50ZSBleHBpZGUgYSBmYXZvciBkZSBsYSBwZXJzb25hIGludGVyZXNhZGEgZW4gYWRxdWlyaXIgdW4gYXJtYSBkZSBmdWVnbyBxdWUgcXVpZXJlIHByb2Jhcj8='),
(369, 6, 'VW4gZmFicmljYW50ZSBhdXRvcml6YWRvIGhhIGRlamFkbyBlbiBwcnVlYmEgdW4gYXJtYSBhIHVuIHBhcnRpY3VsYXIgcXVlIGRlc2VhIGFkcXVpcmlybGEgeSBxdWUgcG9zZWUgbGEgbGljZW5jaWEgY29ycmVzcG9uZGllbnRlLCC/cXXpIGxlIGRlYmUgZXhwZWRpciBlbCBmYWJyaWNhbnRlPw=='),
(370, 6, 'v1BvciBxdWnpbiBzZXLhIHZpc2FkbyBlbCBkb2N1bWVudG8gZGUgYXV0b3JpemFjafNuIHBhcmEgbGEgcHJ1ZWJhIGRlIHVuIGFybWEgZGUgZnVlZ28gZXhwZWRpZG8gYSBmYXZvciBkZSB1biBwYXJ0aWN1bGFyIHBvciB1biBmYWJyaWNhbnRlIGF1dG9yaXphZG8/'),
(371, 6, 'RWwgZG9jdW1lbnRvIGRlIGF1dG9yaXphY2nzbiBwYXJhIGxhIHBydWViYSBkZSB1biBhcm1hIGRlIGZ1ZWdvLCBhIGZhdm9yIGRlIGxhIHBlcnNvbmEgaW50ZXJlc2FkYSBlbiBhZHF1aXJpcmxhLCC/ZW4gcXXpIG1vZGVsbyBkZSBkb2N1bWVudG8gc2UgZm9ybWFsaXphcuE/'),
(372, 6, 'v0RvbmRlIHNlIHBvZHLhbiBwcm9iYXIgbGFzIGFybWFzIGRlIGZ1ZWdvLCBhZGVt4XMgZGUgZW4gbG9zIGNhbXBvcyBkZSBsYXMgRmVkZXJhY2lvbmVzIGRlcG9ydGl2YXMgbyBlbiBsb3MgcG9s7Wdvbm9zLCBjYW1wb3MgbyBnYWxlcu1hcyBkZSB0aXJvPw=='),
(373, 6, 'v1NlIHBvZHLhbiBwcm9iYXIgbGFzIGFybWFzIGRlIGZ1ZWdvIGVuIEdhbGVy7WFzIGRlIFRpcm8/'),
(374, 6, 'v1NlIHBvZHLhIHByb2JhciB1biBhcm1hIGRlIGZ1ZWdvIGVuIGxhIHbtYSBw+mJsaWNhPw=='),
(375, 6, 'Q29uIG1vdGl2byBkZWwgZmFsbGVjaW1pZW50byBkZSB1bmEgcGVyc29uYSBxdWUgcG9zZWEgYXJtYXMgZGUgZnVlZ28sIGxvcyBoZXJlZGVyb3MgbyBhbGJhY2Vhcywgv2N1YW5kbyBkZWJlcuFuIGRlcG9zaXRhciBsYXMgYXJtYXMgZW4gbGEgSW50ZXJ2ZW5jafNuIGRlIEFybWFzPw=='),
(376, 6, 'RXMgY2llcnRvIHF1ZSBlbCBSZWdsYW1lbnRvIGRlIEFybWFzIGRpc3BvbmUgcXVlIGFsIGNlc2FyIGVuIGxhIGhhYmlsaXRhY2nzbiBwYXJhIGxhIHRlbmVuY2lhIGxlZ2FsIGRlIGxhcyBhcm1hcywgZWwgaW50ZXJlc2FkbywgZGViZXLhIGRlcG9zaXRhcmxhcyBpbm1lZGlhdGFtZW50ZT8='),
(377, 6, 'QWwgY2VzYXIgZW4gbGEgaGFiaWxpdGFjafNuIHBhcmEgbGEgdGVuZW5jaWEgbGVnYWwgZGUgbGFzIGFybWFzIL9FbiBxdWUgbW9tZW50byBlbCBpbnRlcmVzYWRvIGRlYmVy4SBkZXBvc2l0YXIgbGFzIGFybWFzIGNvbiBsYXMgY29ycmVzcG9uZGllbnRlcyBnde1hcyBkZSBwZXJ0ZW5lbmNpYT8='),
(378, 6, 'Tm8gcGFzYXIgZG9zIHJldmlzdGFzIGNvbnNlY3V0aXZhcyBkZSB1biBhcm1hIHNlcuEgbW90aXZvIGRlIHJldGlyYWRhIGRlIGxhIGd17WEgZGUgcGVydGVuZW5jaWEgv3F16SBkZWJlIGhhY2Vyc2UgY29uIGVsIGFybWE/'),
(379, 6, 'v1F1ZSB0aWVtcG8gcGVybWFuZWNlcuFuIGxhcyBhcm1hcyBxdWUgc2UgZGVwb3NpdGVuIGVuIGxhcyBJbnRlcnZlbmNpb25lcyBkZSBBcm1hcyBhIGRpc3Bvc2ljafNuIGRlIGxvcyBoZXJlZGVyb3MsIGNvbW8gY29uc2VjdWVuY2lhIGRlbCBmYWxsZWNpbWllbnRvIGRlIHN1cyB0aXR1bGFyZXM/'),
(380, 6, 'v1F1ZSBkb2N1bWVudG8gYWNvbXBh8WFy4SBhIGxhcyBhcm1hcyBxdWUgc2UgZGVwb3NpdGVuIGVuIGxhcyBJbnRlcnZlbmNpb25lcyBkZSBBcm1hcywgY29tbyBjb25zZWN1ZW5jaWEgZGVsIGZhbGxlY2ltaWVudG8gZGUgc3VzIHRpdHVsYXJlcz8='),
(381, 6, 'RW4gY2FzbyBkZSBjYWR1Y2lkYWQgZGUgbGEgbGljZW5jaWEgZGUgYXJtYXMsIL9xdekgdGllbXBvIHRlbmRy4SBwYXJhIGRlcG9zaXRhcmxhcz8='),
(382, 6, 'v1F1ZSBkb2N1bWVudG9zIGFjb21wYfFhcuFuIGEgbGFzIGFybWFzIGRlIGZ1ZWdvIHF1ZSB2YXlhbiBhIHNlciBkZXBvc2l0YWRhcz8='),
(383, 6, 'v1F1ZSBkZWJlcuEgZGVwb3NpdGFyIGVsIHRpdHVsYXIgZGUgYXJtYXMgZGUgZnVlZ28gcXVlIGV4dHJhdmlhc2UgbGEgbGljZW5jaWEgZGUgYXJtYXM/'),
(384, 6, 'v1F1ZSBkZWJlcuEgZGVwb3NpdGFyIGVsIHRpdHVsYXIgZGUgYXJtYXMgZGUgZnVlZ28gcXVlIGV4dHJhdmlhc2UgbGFzIEd17WFzIGRlIFBlcnRlbmVuY2lhPw=='),
(385, 6, 'v0VzIGNpZXJ0byBxdWUgZWwgdGl0dWxhciBkZSB1biBhcm1hIGRlIGZ1ZWdvIG5vIHB1ZWRlIGRlcG9zaXRhcmxhIGVuIGxhIEludGVydmVuY2nzbiBkZSBBcm1hcyB5IEV4cGxvc2l2b3MgcGFyYSBzZXIgc3ViYXN0YWRhPw=='),
(386, 6, 'v1B1ZWRlIGVsIHRpdHVsYXIgZGUgdW4gYXJtYSBkZSBmdWVnbyBkZXBvc2l0YXJsYSBlbiBsYSBJbnRlcnZlbmNp824gZGUgQXJtYXMgeSBFeHBsb3Npdm9zIHBhcmEgc2VyIHN1YmFzdGFkYT8='),
(387, 6, 'v1B1ZWRlIGVsIHRpdHVsYXIgZGUgdW4gYXJtYSBkZSBmdWVnbyBkZXBvc2l0YXJsYSBlbiBsYSBJbnRlcnZlbmNp824gZGUgQXJtYXMgeSBFeHBsb3Npdm9zIHBhcmEgc3UgcmVkdWNjafNuIGEgY2hhdGFycmE/'),
(388, 6, 'v0N1YW5kbyBwcm9jZWRlIGVsIGRlcPNzaXRvIGRlIGxhcyBhcm1hcyB5IGxhIHJldGlyYWRhIHkgYW51bGFjafNuIGRlIGxhIGd17WEgZGUgcGVydGVuZW5jaWE/'),
(389, 6, 'RW4gY2FzbyBkZSBmYWxsZWNpbWllbnRvIGRlbCB0aXR1bGFyIGRlIHVuIGFybWEsIL9xdekgZGViZXLhbiBoYWNlciBsb3MgZmFtaWxpYXJlcyBjb24gbGFzIGFybWFzIGRlbCBmYWxsZWNpZG8/'),
(390, 6, 'v1F16SBwbGF6byB0aWVuZW4gbG9zIGhlcmVkZXJvcyBkZSB1biBhcm1hLCBkZXBvc2l0YWRhIGVuIGxhIEludGVydmVuY2nzbiBkZSBBcm1hcyB5IEV4cGxvc2l2b3MgcG9yIGZhbGxlY2ltaWVudG8gZGVsIHRpdHVsYXIsIHBhcmEgZW5hamVuYXJsYT8='),
(391, 6, 'RW4gY2FzbyBkZSBhbnVsYWNp824gZGUgbGEgZ3XtYSBkZSBwZXJ0ZW5lbmNpYSBkZSB1biBhcm1hIClxdekgZGViZSBoYWNlcnNlIGNvbiBlbCBhcm1hPw=='),
(392, 6, 'U2XxYWxlIGVsIHBsYXpvIGRlIHF1ZSBkaXNwb25lbiBsb3MgaGVyZWRlcm9zIGRlbCB0aXR1bGFyIGRlIHVuYSBlc2NvcGV0YSBwYXJhIGRlcG9zaXRhcmxhIGVuIGxhIEludGVydmVuY2nzbiBkZSBBcm1hcyB5IEV4cGxvc2l2b3MgZW4gY2FzbyBkZSBmYWxsZWNpbWllbnRvIGRlbCB0aXR1bGFyOg=='),
(393, 6, 'U2XxYWxlIGVsIHBsYXpvIGRlIHF1ZSBkaXNwb25lbiBsb3MgaGVyZWRlcm9zIGRlbCB0aXR1bGFyIGRlIHVuYSBlc2NvcGV0YSBwYXJhIGRlcG9zaXRhcmxhIGVuIGxhIEludGVydmVuY2nzbiBkZSBBcm1hcyB5IEV4cGxvc2l2b3MgZW4gY2FzbyBkZSBmYWxsZWNpbWllbnRvIGRlbCB0aXR1bGFyOg=='),
(394, 6, 'VW5hIHZleiBoYXlhIHNpZG8gZW5hamVuYWRhIGVuIHD6YmxpY2Egc3ViYXN0YSB1biBhcm1hIGRlcG9zaXRhZGEsIGVsIGltcG9ydGUgb2J0ZW5pZG8gcG9yIGxhIG1pc21hLCC/QSBxdWnpbiBzZSBlbnRyZWdhcuE/'),
(395, 6, 'VW5hIGVzY29wZXRhIGRlcG9zaXRhZGEgcG9yIGluZnJhY2Np824gYSBsYSBMZXkgZGUgQ2F6YSwgv3BvZHLhIHNlciByZWN1cGVyYWRhIHBvciBzdSBkdWXxbz8='),
(396, 6, 'v1F1ZSBkZXN0aW5vIHNlIGxlIGRhcuEgYSBsYXMgYXJtYXMgZGVwb3NpdGFkYXMgcG9yIGluZnJhY2Np824gYSBsYSBMZXkgZGUgQ2F6YSwgY3VhbmRvIGxvcyB0aXR1bGFyZXMgZGUgbGFzIG1pc21hcyBubyBkZXNlZW4gcmVjdXBlcmFybGFzPw=='),
(397, 6, 'v1F1ZSBkZXN0aW5vIHJlY2liaXLhbiBsYXMgYXJtYXMgcXVlIHNlIGRlcG9zaXRlbiBlbiBsYXMgSW50ZXJ2ZW5jaW9uZXMgZGUgQXJtYXMgYSBkaXNwb3NpY2nzbiBkZSBsb3MgaGVyZWRlcm9zLCBjb21vIGNvbnNlY3VlbmNpYSBkZWwgZmFsbGVjaW1pZW50byBkZSBzdXMgdGl0dWxhcmVzIHkgaGF5YSB0cmFuc2N1cnJpZG8gZWwgcGxhem8gcmVnbGFtZW50YXJpbywgc2luIHF1ZSBsYXMgYXJtYXMgaGF5YW4gc2lkbyBlbmFqZW5hZGFzIG8gcmVjdXBlcmFkYXM/'),
(398, 6, 'v1F16SBmaW4gc2UgbGUgZGFy4SBhIHVuIGFybWEgZGVwb3NpdGFkYSBlbiBsYSBJbnRlcnZlbmNp824gZGUgQXJtYXMgeSBxdWUgdHJhbnNjdXJyaWRvcyBsb3MgcGxhem9zIHJlZ2xhbWVudGFyaW9zIG5vIGhhIHNpZG8gdHJhbnNmZXJpZGE/'),
(399, 6, 'RW4gbGFzIGltcG9ydGFjaW9uZXMsIGxhcyBhcm1hcyBsbGVnYWRhcyBhIHVuIGFlcm9wdWVydG8gcXVlIG5vIGZ1ZXNlbiByZXRpcmFkYXMgcG9yIHN1cyBkZXN0aW5hdGFyaW9zIGRlc3B16XMgZGUgZGVzcGFjaGFkYXMgcG9yIGxhcyBhZHVhbmFzLCC/Y3VhbnRvIHRpZW1wbyBlc3RhcuFuIGRlcG9zaXRhZGFzIGNvbW8gbeF4aW1vLCBhIGRpc3Bvc2ljafNuIGRlbCBpbnRlcmVzYWRvPw=='),
(400, 6, 'RW4gbGFzIGltcG9ydGFjaW9uZXMsIGxhcyBhcm1hcyBsbGVnYWRhcyBhIHVuIGFlcm9wdWVydG8gcXVlIG5vIGZ1ZXNlbiByZXRpcmFkYXMgcG9yIHN1cyBkZXN0aW5hdGFyaW9zIGRlc3B16XMgZGUgZGVzcGFjaGFkYXMgcG9yIGxhcyBhZHVhbmFzLCC/cXVlIGZpbiBsZSBzZXLhIGRhZG8gYSBkaWNoYXMgYXJtYXM/');

--
-- Indexes for dumped tables
--

--
-- Indexes for table `feed`
--
ALTER TABLE `feed`
  ADD PRIMARY KEY (`id`),
  ADD UNIQUE KEY `id` (`id`);

--
-- Indexes for table `imasi_payments`
--
ALTER TABLE `imasi_payments`
  ADD PRIMARY KEY (`id`);

--
-- Indexes for table `imasi_projects`
--
ALTER TABLE `imasi_projects`
  ADD PRIMARY KEY (`id`);

--
-- Indexes for table `tasks`
--
ALTER TABLE `tasks`
  ADD PRIMARY KEY (`id`);

--
-- Indexes for table `tbanswers`
--
ALTER TABLE `tbanswers`
  ADD PRIMARY KEY (`id`);

--
-- Indexes for table `tbquestions`
--
ALTER TABLE `tbquestions`
  ADD PRIMARY KEY (`id`);

--
-- AUTO_INCREMENT for dumped tables
--

--
-- AUTO_INCREMENT for table `feed`
--
ALTER TABLE `feed`
  MODIFY `id` bigint(20) NOT NULL AUTO_INCREMENT COMMENT 'ID de noticia', AUTO_INCREMENT=53;
--
-- AUTO_INCREMENT for table `imasi_payments`
--
ALTER TABLE `imasi_payments`
  MODIFY `id` bigint(20) NOT NULL AUTO_INCREMENT, AUTO_INCREMENT=19;
--
-- AUTO_INCREMENT for table `imasi_projects`
--
ALTER TABLE `imasi_projects`
  MODIFY `id` bigint(20) NOT NULL AUTO_INCREMENT, AUTO_INCREMENT=5;
--
-- AUTO_INCREMENT for table `tasks`
--
ALTER TABLE `tasks`
  MODIFY `id` int(11) NOT NULL AUTO_INCREMENT, AUTO_INCREMENT=7;
--
-- AUTO_INCREMENT for table `tbanswers`
--
ALTER TABLE `tbanswers`
  MODIFY `id` int(11) NOT NULL AUTO_INCREMENT, AUTO_INCREMENT=1201;
--
-- AUTO_INCREMENT for table `tbquestions`
--
ALTER TABLE `tbquestions`
  MODIFY `id` int(11) NOT NULL AUTO_INCREMENT, AUTO_INCREMENT=401;
/*!40101 SET CHARACTER_SET_CLIENT=@OLD_CHARACTER_SET_CLIENT */;
/*!40101 SET CHARACTER_SET_RESULTS=@OLD_CHARACTER_SET_RESULTS */;
/*!40101 SET COLLATION_CONNECTION=@OLD_COLLATION_CONNECTION */;
